087
CXUS54 KFWD 022025
CF6LUD
PRELIMINARY LOCAL CLIMATOLOGICAL DATA (WS FORM: F-6)

                                          STATION:   DECATUR
                                          MONTH:     NOVEMBER
                                          YEAR:      2014
                                          LATITUDE:   33 15 N
                                          LONGITUDE:  97 30 W

  TEMPERATURE IN F:       :PCPN:    SNOW:  WIND      :SUNSHINE: SKY     :PK WND
================================================================================
1   2   3   4   5  6A  6B    7    8   9   10  11  12  13   14  15   16   17  18
                                     12Z  AVG MX 2MIN
DY MAX MIN AVG DEP HDD CDD  WTR  SNW DPTH SPD SPD DIR MIN PSBL S-S WX    SPD DR
================================================================================

 1  60  34  47 -12  18   0 0.00  0.0    0  8.8 15 120   M    M   0        21 120
 2  66  47  57  -2   8   0 0.00  0.0    0 12.9 21 170   M    M   1        28 160
 3  73  56  65   7   0   0 0.00  0.0    0 13.0 17 170   M    M   7        25 160
 4  69  50  60   2   5   0 1.84  0.0    0  8.9 14  50   M    M  10        22 160
 5  57  49  53  -5  12   0 0.05  0.0    0  3.1  7 330   M    M   4         M  M
 6  70  44  57   0   8   0 0.00  0.0    0  6.3 12  40   M    M   0        17  40
 7  68  46  57   0   8   0 0.00  0.0    0  7.0 12 160   M    M   0        18 190
 8  68  51  60   4   5   0 0.00  0.0    0  8.2 16 360   M    M   0        24 360
 9  75  46  61   5   4   0 0.00  0.0    0  8.7 16 210   M    M   0        21 210
10  80  52  66  10   0   1 0.00  0.0    0 15.8 22 190   M    M   0        31 210
11  66  34  50  -5  15   0 0.00  0.0    0 11.9 17 350   M    M   3        31 340
12  38  27  33 -22  32   0 0.00  0.0    0 10.2 15  10   M    M   4        25 350
13  37  27  32 -22  33   0 0.00  0.0    0  8.3 14 360   M    M   5        22 340
14  40  24  32 -22  33   0 0.00  0.0    0  4.5  8 130   M    M   7         M  M
15  45  32  39 -15  26   0 0.00  0.0    0 11.1 17 160   M    M   6 1      23 150
16  40  24  32 -21  33   0    M    M    0 10.7 14  30   M    M   9 1      23  30
17  41  21  31 -22  34   0 0.00  0.0    M  6.6 13 320   M    M   0        23 330
18  56  29  43  -9  22   0 0.00  0.0    0  9.2 15 190   M    M   0        22 220
19  62  38  50  -2  15   0 0.00  0.0    0  8.1 14 240   M    M   0        20 190
20  70  40  55   3  10   0 0.00  0.0    0  7.4 12 180   M    M   0        17 160
21  70  59  65  14   0   0 0.00  0.0    0 11.3 14 150   M    M   9 1      21 150
22  63  55  59   8   6   0 0.56  0.0    0 10.5 16 120   M    M   8 1      21 140
23  73  45  59   9   6   0 0.00  0.0    0 13.0 21 310   M    M   1        39 300
24  60  36  48  -2  17   0 0.00  0.0    0  6.8 13 290   M    M   0        16 290
25  58  39  49   0  16   0 0.00  0.0    0  6.0 12 190   M    M   0        16 280
26  61  42  52   3  13   0 0.00  0.0    0  9.4 14 360   M    M   0        18 360
27  56  34  45  -4  20   0 0.00  0.0    0  5.6 10  40   M    M   0         M  M
28  69  44  57   9   8   0 0.00  0.0    0 13.7 17 200   M    M   0        25 200
29  76  54  65  17   0   0 0.00  0.0    0 15.3 21 200   M    M   0        29 220
30  78  47  63  16   2   0 0.00  0.0    0 12.3 17 210   M    M   1        30 220
================================================================================
SM 1845 1226       409   1  2.45     0.0 284.6          M       75
================================================================================
AV 61.5 40.9                               9.5 FASTST   M    M   3    MAX(MPH)
                                 MISC ---->    22   M                 39    M
================================================================================
NOTES:
# LAST OF SEVERAL OCCURRENCES

COLUMN 17 PEAK WIND IN M.P.H.

PRELIMINARY LOCAL CLIMATOLOGICAL DATA (WS FORM: F-6) , PAGE 2

                                          STATION:  DECATUR
                                          MONTH:    NOVEMBER
                                          YEAR:     2014
                                          LATITUDE:   33 15 N
                                          LONGITUDE:  97 30 W

[TEMPERATURE DATA]      [PRECIPITATION DATA]       SYMBOLS USED IN COLUMN 16

AVERAGE MONTHLY: 51.2   TOTAL FOR MONTH:   2.45    1 = FOG OR MIST
DPTR FM NORMAL:  -2.2   DPTR FM NORMAL:   -0.41    2 = FOG REDUCING VISIBILITY
HIGHEST:    80 ON 10    GRTST 24HR  1.84 ON  4- 4      TO 1/4 MILE OR LESS
LOWEST:     21 ON 17                               3 = THUNDER
                        SNOW, ICE PELLETS, HAIL    4 = ICE PELLETS
                        TOTAL MONTH:   0.0 INCH    5 = HAIL
                        GRTST 24HR     0.0         6 = FREEZING RAIN OR DRIZZLE
                        GRTST DEPTH:   0           7 = DUSTSTORM OR SANDSTORM:
                                                       VSBY 1/2 MILE OR LESS
                                                   8 = SMOKE OR HAZE
[NO. OF DAYS WITH]      [WEATHER - DAYS WITH]      9 = BLOWING SNOW
                                                   X = TORNADO
MAX 32 OR BELOW:   0    0.01 INCH OR MORE:   3
MAX 90 OR ABOVE:   0    0.10 INCH OR MORE:   2
MIN 32 OR BELOW:   7    0.50 INCH OR MORE:   2
MIN  0 OR BELOW:   0    1.00 INCH OR MORE:   1

[HDD (BASE 65) ]
TOTAL THIS MO.   409    CLEAR  (SCALE 0-3)  20
DPTR FM NORMAL    52    PTCLDY (SCALE 4-7)   7
TOTAL FM JUL 1   453    CLOUDY (SCALE 8-10)  3
DPTR FM NORMAL   -25

[CDD (BASE 65) ]
TOTAL THIS MO.     1
DPTR FM NORMAL    -6    [PRESSURE DATA]
TOTAL FM JAN 1  2415    HIGHEST SLP M ON M
DPTR FM NORMAL   322    LOWEST  SLP M ON M

[REMARKS]
#FINAL-11-14#




U.S. Dept. of Commerce
NOAA National Weather Service
1325 East West Highway
Silver Spring, MD 20910
E-mail: w-nws.webmaster@noaa.gov
Page last modified: May 16, 2007
NATIONAL WEATHER SERVICE: for Safety, for Work, for Fun - FOR LIFE