088
CXUS54 KFWD 240730
CF6LUD
PRELIMINARY LOCAL CLIMATOLOGICAL DATA (WS FORM: F-6)

                                          STATION:   DECATUR
                                          MONTH:     APRIL
                                          YEAR:      2014
                                          LATITUDE:   33 15 N
                                          LONGITUDE:  97 30 W

  TEMPERATURE IN F:       :PCPN:    SNOW:  WIND      :SUNSHINE: SKY     :PK WND
================================================================================
1   2   3   4   5  6A  6B    7    8   9   10  11  12  13   14  15   16   17  18
                                     12Z  AVG MX 2MIN
DY MAX MIN AVG DEP HDD CDD  WTR  SNW DPTH SPD SPD DIR MIN PSBL S-S WX    SPD DR
================================================================================

 1  82  62  72  14   0   7 0.00  0.0    0 13.6 23 150   M    M   3        29 150
 2  81  67  74  16   0   9 0.00  0.0    0 15.6 20 180   M    M   3        28 160
 3  86  54  70  12   0   5 0.38  0.0    0 11.3 23 320   M    M   5        35 320
 4  65  40  53  -5  12   0 0.00  0.0    0  8.9 17 330   M    M   0        27 330
 5  58  45  52  -7  13   0 0.00  0.0    0  8.6 13  80   M    M   2        21 100
 6  51  45  48 -11  17   0 0.48  0.0    0  8.2 16  70   M    M  10 1      25  70
 7  68  48  58  -1   7   0 0.09  0.0    0  5.4 18 350   M    M   6 1      33 350
 8  69  46  58  -2   7   0 0.00  0.0    0 11.4 22 310   M    M   0        31 320
 9  82  51  67   7   0   2 0.00  0.0    0 10.9 18 170   M    M   0        27 170
10  86  59  73  13   0   8 0.00  0.0    0 16.0 20 160   M    M   0        33 160
11  81  59  70  10   0   5 0.00  0.0    0 11.7 17 160   M    M   0        21 160
12  83  62  73  12   0   8 0.00  0.0    0 16.8 23 160   M    M   1        30 150
13  77  53  65   4   0   0 0.03  0.0    0 17.7 25 170   M    M   3        36 170
14  53  40  47 -14  18   0 0.00  0.0    0 14.4 23 330   M    M   6        36 340
15  62  32  47 -15  18   0 0.00  0.0    0  5.6 12 160   M    M   0        16 160
16  66  43  55  -7  10   0 0.00  0.0    0 14.9 25 170   M    M   0        33 170
17  60  47  54  -8  11   0 0.07  0.0    0  7.3 10  90   M    M   7 1       M  M
18  73  53  63   1   2   0 0.00  0.0    0  3.8  8  70   M    M   5 1       M  M
19  76  52  64   1   1   0 0.00  0.0    0  7.7 13 140   M    M   1        18 150
20  75  59  67   4   0   2 1.35  0.0    0  8.4 14 110   M    M   5 1      18 110
21  81  60  71   8   0   6 0.01  0.0    0  7.0 13 140   M    M   6 1       M  M
22  80  60  70   6   0   5 0.00  0.0    0  5.4 13  60   M    M   0        18  60
23  84  61  73   9   0   8 0.00  0.0    0 11.7 18 140   M    M   0        24 120
================================================================================
SM 1679 1198       116  65  2.41     0.0 242.3          M       63
================================================================================
AV 73.0 52.1                              10.5 FASTST   M    M   3    MAX(MPH)
                                 MISC ---->    25   M                 36    M
================================================================================
NOTES:
# LAST OF SEVERAL OCCURRENCES

COLUMN 17 PEAK WIND IN M.P.H.

PRELIMINARY LOCAL CLIMATOLOGICAL DATA (WS FORM: F-6) , PAGE 2

                                          STATION:  DECATUR
                                          MONTH:    APRIL
                                          YEAR:     2014
                                          LATITUDE:   33 15 N
                                          LONGITUDE:  97 30 W

[TEMPERATURE DATA]      [PRECIPITATION DATA]       SYMBOLS USED IN COLUMN 16

AVERAGE MONTHLY: 62.5   TOTAL FOR MONTH:   2.41    1 = FOG OR MIST
DPTR FM NORMAL:   1.8   DPTR FM NORMAL:    0.12    2 = FOG REDUCING VISIBILITY
HIGHEST:    86 ON 10, 3 GRTST 24HR  1.35 ON 20-20      TO 1/4 MILE OR LESS
LOWEST:     32 ON 15                               3 = THUNDER
                        SNOW, ICE PELLETS, HAIL    4 = ICE PELLETS
                        TOTAL MONTH:   0.0 INCH    5 = HAIL
                        GRTST 24HR     0.0         6 = FREEZING RAIN OR DRIZZLE
                        GRTST DEPTH:   0           7 = DUSTSTORM OR SANDSTORM:
                                                       VSBY 1/2 MILE OR LESS
                                                   8 = SMOKE OR HAZE
[NO. OF DAYS WITH]      [WEATHER - DAYS WITH]      9 = BLOWING SNOW
                                                   X = TORNADO
MAX 32 OR BELOW:   0    0.01 INCH OR MORE:   7
MAX 90 OR ABOVE:   0    0.10 INCH OR MORE:   3
MIN 32 OR BELOW:   1    0.50 INCH OR MORE:   1
MIN  0 OR BELOW:   0    1.00 INCH OR MORE:   1

[HDD (BASE 65) ]
TOTAL THIS MO.   116    CLEAR  (SCALE 0-3)  14
DPTR FM NORMAL   -16    PTCLDY (SCALE 4-7)   8
TOTAL FM JUL 1  2818    CLOUDY (SCALE 8-10)  1
DPTR FM NORMAL   -86

[CDD (BASE 65) ]
TOTAL THIS MO.    65
DPTR FM NORMAL    29    [PRESSURE DATA]
TOTAL FM JAN 1    80    HIGHEST SLP M ON M
DPTR FM NORMAL    32    LOWEST  SLP M ON M

[REMARKS]




U.S. Dept. of Commerce
NOAA National Weather Service
1325 East West Highway
Silver Spring, MD 20910
E-mail: w-nws.webmaster@noaa.gov
Page last modified: May 16, 2007
NATIONAL WEATHER SERVICE: for Safety, for Work, for Fun - FOR LIFE