421
CXUS53 KARX 300930
CF6LSE
PRELIMINARY LOCAL CLIMATOLOGICAL DATA (WS FORM: F-6)

                                          STATION:   LA CROSSE WI
                                          MONTH:     JULY
                                          YEAR:      2014
                                          LATITUDE:   43 52 N
                                          LONGITUDE:  91 15 W

  TEMPERATURE IN F:       :PCPN:    SNOW:  WIND      :SUNSHINE: SKY     :PK WND
================================================================================
1   2   3   4   5  6A  6B    7    8   9   10  11  12  13   14  15   16   17  18
                                     12Z  AVG MX 2MIN
DY MAX MIN AVG DEP HDD CDD  WTR  SNW DPTH SPD SPD DIR MIN PSBL S-S WX    SPD DR
================================================================================

 1  80  62  71  -2   0   6 0.10  0.0    0 12.9 30 270   M    M   6        39 280
 2  74  53  64  -9   1   0    T  0.0    0  8.1 20 340   M    M   8 1      23 320
 3  78  51  65  -9   0   0 0.00  0.0    0  3.4 10 280   M    M   2 1      13 280
 4  81  56  69  -5   0   4 0.00  0.0    0  7.0 15 210   M    M   0        24 240
 5  79  67  73  -1   0   8 0.00  0.0    0 12.9 23 180   M    M   5        28 170
 6  87  68  78   4   0  13 0.08  0.0    0  6.9 23 160   M    M   6 138    28 180
 7  88  64  76   2   0  11 0.38  0.0    0  5.9 25  10   M    M   3 123    37  30
 8  80  61  71  -3   0   6 0.00  0.0    0 12.5 23 310   M    M   3        30 320
 9  79  59  69  -5   0   4 0.00  0.0    0  6.8 13 320   M    M   0        17 320
10  84  59  72  -2   0   7 0.00  0.0    0  9.0 16 180   M    M   1 8      20 200
11  81  67  74   0   0   9 0.06  0.0    0 10.1 21 180   M    M   5 8      28 180
12  77  63  70  -4   0   5 2.99  0.0    0  4.5 16 320   M    M   7 128    20 320
13  80  62  71  -3   0   6 0.00  0.0    0  8.3 18 290   M    M   2 12     23 280
14  74  54  64 -10   1   0 0.11  0.0    0 11.0 26 310   M    M   5 18     33 320
15  72  55  64 -10   1   0    T  0.0    0 10.2 20 320   M    M   7        23 320
16  76  54  65  -9   0   0 0.00  0.0    0  4.4 12  20   M    M   3        18  40
17  79  52  66  -8   0   1 0.00  0.0    0  5.6 13 160   M    M   2        16 210
18  82  61  72  -2   0   7 0.00  0.0    0  8.9 18 180   M    M   5        23 190
19  82  69  76   2   0  11 0.00  0.0    0 11.2 17 180   M    M   6        22 160
20  85  68  77   3   0  12 0.00  0.0    0 11.5 21 190   M    M   3        25 210
21  90  73  82   8   0  17 0.00  0.0    0 12.0 21 150   M    M   5 8      26 150
22  91  70  81   7   0  16    T  0.0    0 10.7 20 330   M    M   2        25 340
23  84  61  73  -1   0   8 0.00  0.0    0  5.5 12 310   M    M   2        16  30
24  83  60  72  -2   0   7 0.00  0.0    0  5.4 15 150   M    M   0        22 210
25  79  64  72  -2   0   7 0.54  0.0    0  9.9 16 180   M    M   7 13     33 180
26  83  68  76   3   0  11 0.17  0.0    0  6.3 24 270   M    M   5 13     32 280
27  79  59  69  -4   0   4 0.01  0.0    0 12.3 28 310   M    M   4 3      35 300
28  78  55  67  -6   0   2 0.00  0.0    0  7.2 16 320   M    M   3        19 320
29  82  55  69  -4   0   4 0.56  0.0    0  6.2 23  20   M    M   3 13     31 350
================================================================================
SM 2347 1770         3 186  5.00     0.0 246.6          M      110
================================================================================
AV 80.9 61.0                               8.5 FASTST   M    M   4    MAX(MPH)
                                 MISC ---->  # 30 270               # 39  280
================================================================================
NOTES:
# LAST OF SEVERAL OCCURRENCES

COLUMN 17 PEAK WIND IN M.P.H.

PRELIMINARY LOCAL CLIMATOLOGICAL DATA (WS FORM: F-6) , PAGE 2

                                          STATION:  LA CROSSE WI
                                          MONTH:    JULY
                                          YEAR:     2014
                                          LATITUDE:   43 52 N
                                          LONGITUDE:  91 15 W

[TEMPERATURE DATA]      [PRECIPITATION DATA]       SYMBOLS USED IN COLUMN 16

AVERAGE MONTHLY: 71.0   TOTAL FOR MONTH:   5.00    1 = FOG OR MIST
DPTR FM NORMAL:  -2.8   DPTR FM NORMAL:    1.02    2 = FOG REDUCING VISIBILITY
HIGHEST:    91 ON 22    GRTST 24HR  2.99 ON 12-12      TO 1/4 MILE OR LESS
LOWEST:     51 ON  3                               3 = THUNDER
                        SNOW, ICE PELLETS, HAIL    4 = ICE PELLETS
                        TOTAL MONTH:   0.0 INCH    5 = HAIL
                        GRTST 24HR     0.0         6 = FREEZING RAIN OR DRIZZLE
                        GRTST DEPTH:   0           7 = DUSTSTORM OR SANDSTORM:
                                                       VSBY 1/2 MILE OR LESS
                                                   8 = SMOKE OR HAZE
[NO. OF DAYS WITH]      [WEATHER - DAYS WITH]      9 = BLOWING SNOW
                                                   X = TORNADO
MAX 32 OR BELOW:   0    0.01 INCH OR MORE:  10
MAX 90 OR ABOVE:   2    0.10 INCH OR MORE:   7
MIN 32 OR BELOW:   0    0.50 INCH OR MORE:   3
MIN  0 OR BELOW:   0    1.00 INCH OR MORE:   1

[HDD (BASE 65) ]
TOTAL THIS MO.     3    CLEAR  (SCALE 0-3)  15
DPTR FM NORMAL     3    PTCLDY (SCALE 4-7)  14
TOTAL FM JUL 1     3    CLOUDY (SCALE 8-10)  0
DPTR FM NORMAL     3

[CDD (BASE 65) ]
TOTAL THIS MO.   186
DPTR FM NORMAL   -71    [PRESSURE DATA]
TOTAL FM JAN 1   467    HIGHEST SLP M ON M
DPTR FM NORMAL    -4    LOWEST  SLP 29.56 ON  1

[REMARKS]




U.S. Dept. of Commerce
NOAA National Weather Service
1325 East West Highway
Silver Spring, MD 20910
E-mail: w-nws.webmaster@noaa.gov
Page last modified: May 16, 2007
NATIONAL WEATHER SERVICE: for Safety, for Work, for Fun - FOR LIFE