345
CXUS54 KEPZ 231200
CF6LRU
PRELIMINARY LOCAL CLIMATOLOGICAL DATA (WS FORM: F-6)

                                          STATION:   LAS CRUCES
                                          MONTH:     APRIL
                                          YEAR:      2014
                                          LATITUDE:   32 17 N
                                          LONGITUDE: 106 46 W

  TEMPERATURE IN F:       :PCPN:    SNOW:  WIND      :SUNSHINE: SKY     :PK WND
================================================================================
1   2   3   4   5  6A  6B    7    8   9   10  11  12  13   14  15   16   17  18
                                     12Z  AVG MX 2MIN
DY MAX MIN AVG DEP HDD CDD  WTR  SNW DPTH SPD SPD DIR MIN PSBL S-S WX    SPD DR
================================================================================

 1  77  43  60   M   5   0 0.00  0.0    0 11.6 24 260   M    M   0        41 250
 2  77  47  62   M   3   0 0.00  0.0    0 16.5 35 220   M    M   1 8      45 240
 3  65  41  53   M  12   0 0.00  0.0    0 11.9 25 270   M    M   0        31 280
 4  70  33  52   M  13   0 0.00  0.0    0  8.8 17 120   M    M   0        23 120
 5  68  46  57   M   8   0 0.00  0.0    0 11.5 24 250   M    M   3        38 230
 6  69  42  56   M   9   0 0.00  0.0    0  9.2 23 320   M    M   4        31 320
 7  73  42  58   M   7   0 0.00  0.0    0 10.1 20 330   M    M   0        30 330
 8  78  41  60   M   5   0 0.00  0.0    0  5.8  9 240   M    M   0        16 250
 9  85  44  65   M   0   0 0.03    M    0  5.8 13 270   M    M   0        30 240
10  88  48  68   M   0   3 0.00  0.0    0 10.7 27 260   M    M   0        35 250
11  82  46  64   M   1   0 0.00  0.0    0  6.9 21 240   M    M   0        30 270
12  82  59  71   M   0   6 0.00  0.0    0 14.6 31 220   M    M   1        40 220
13  77  50  64   M   1   0 0.00  0.0    0 19.3 37 260   M    M   0        44 260
14  67  44  56   M   9   0 0.00  0.0    0 12.0 22  10   M    M   1        27  10
15  70  36  53   M  12   0 0.00  0.0    0  7.6 14 140   M    M   0        18 170
16  81  37  59   M   6   0 0.00  0.0    0  9.8 24 260   M    M   0        33 270
17  79  46  63   M   2   0 0.00  0.0    0  8.4 18 340   M    M   0        22 340
18  80  55  68   M   0   3 0.00  0.0    0 10.4 20 130   M    M   2        24 130
19  71  48  60   M   5   0    M    M    0  8.1 16  20   M    M   6 3      24 320
20  77  42  60   M   5   0 0.00  0.0    0  5.7 14 260   M    M   1 3      21 260
21  85  48  67   M   0   2 0.00  0.0    0  4.6  8 140   M    M   1         M  M
22  87  61  74   M   0   9 0.00  0.0    0 11.0 18 130   M    M   1        52 150
================================================================================
SM 1688  999       103  23  0.03     0.0 220.3          M       21
================================================================================
AV 76.7 45.4                              10.0 FASTST   M    M   1    MAX(MPH)
                                 MISC ---->    37   M                 52    M
================================================================================
NOTES:
# LAST OF SEVERAL OCCURRENCES

COLUMN 17 PEAK WIND IN M.P.H.

PRELIMINARY LOCAL CLIMATOLOGICAL DATA (WS FORM: F-6) , PAGE 2

                                          STATION:  LAS CRUCES
                                          MONTH:    APRIL
                                          YEAR:     2014
                                          LATITUDE:   32 17 N
                                          LONGITUDE: 106 46 W

[TEMPERATURE DATA]      [PRECIPITATION DATA]       SYMBOLS USED IN COLUMN 16

AVERAGE MONTHLY: 61.1   TOTAL FOR MONTH:   0.03    1 = FOG OR MIST
DPTR FM NORMAL:     M   DPTR FM NORMAL:       M    2 = FOG REDUCING VISIBILITY
HIGHEST:    88 ON 10    GRTST 24HR  0.03 ON  9- 9      TO 1/4 MILE OR LESS
LOWEST:     33 ON  4                               3 = THUNDER
                        SNOW, ICE PELLETS, HAIL    4 = ICE PELLETS
                        TOTAL MONTH:   0.0 INCH    5 = HAIL
                        GRTST 24HR     0.0         6 = FREEZING RAIN OR DRIZZLE
                        GRTST DEPTH:   0           7 = DUSTSTORM OR SANDSTORM:
                                                       VSBY 1/2 MILE OR LESS
                                                   8 = SMOKE OR HAZE
[NO. OF DAYS WITH]      [WEATHER - DAYS WITH]      9 = BLOWING SNOW
                                                   X = TORNADO
MAX 32 OR BELOW:   0    0.01 INCH OR MORE:   1
MAX 90 OR ABOVE:   0    0.10 INCH OR MORE:   0
MIN 32 OR BELOW:   0    0.50 INCH OR MORE:   0
MIN  0 OR BELOW:   0    1.00 INCH OR MORE:   0

[HDD (BASE 65) ]
TOTAL THIS MO.   103    CLEAR  (SCALE 0-3)  20
DPTR FM NORMAL     M    PTCLDY (SCALE 4-7)   2
TOTAL FM JUL 1  2702    CLOUDY (SCALE 8-10)  0
DPTR FM NORMAL     M

[CDD (BASE 65) ]
TOTAL THIS MO.    23
DPTR FM NORMAL     M    [PRESSURE DATA]
TOTAL FM JAN 1    23    HIGHEST SLP M ON M
DPTR FM NORMAL     M    LOWEST  SLP M ON M

[REMARKS]




U.S. Dept. of Commerce
NOAA National Weather Service
1325 East West Highway
Silver Spring, MD 20910
E-mail: w-nws.webmaster@noaa.gov
Page last modified: May 16, 2007
NATIONAL WEATHER SERVICE: for Safety, for Work, for Fun - FOR LIFE