493
CXUS54 KEPZ 311200
CF6LRU
PRELIMINARY LOCAL CLIMATOLOGICAL DATA (WS FORM: F-6)

                                          STATION:   LAS CRUCES
                                          MONTH:     JULY
                                          YEAR:      2014
                                          LATITUDE:   32 17 N
                                          LONGITUDE: 106 46 W

  TEMPERATURE IN F:       :PCPN:    SNOW:  WIND      :SUNSHINE: SKY     :PK WND
================================================================================
1   2   3   4   5  6A  6B    7    8   9   10  11  12  13   14  15   16   17  18
                                     12Z  AVG MX 2MIN
DY MAX MIN AVG DEP HDD CDD  WTR  SNW DPTH SPD SPD DIR MIN PSBL S-S WX    SPD DR
================================================================================

 1 100  65  83   M   0  18 0.11  0.0    0 10.8 28  40   M    M   1 3      37  40
 2  90  65  78   M   0  13 0.00  0.0    0  7.7 16 120   M    M   1        23 120
 3  92  70  81   M   0  16 0.00  0.0    0  7.3 15 120   M    M   1        23 140
 4  91  66  79   M   0  14 0.05  0.0    0  6.3 14 330   M    M   3        18 330
 5  96  70  83   M   0  18 0.00  0.0    0  6.0 15 350   M    M   3        21 350
 6  91  69  80   M   0  15 0.01  0.0    0  9.1 20 310   M    M   5        25 310
 7  93  62  78   M   0  13 0.00  0.0    0  4.9 12 200   M    M   1        18 100
 8  96  68  82   M   0  17 0.00  0.0    0  6.2 17 100   M    M   3        23 100
 9  96  71  84   M   0  19 0.00  0.0    0  7.0 15 350   M    M   2        20 350
10  97  71  84   M   0  19 0.00  0.0    0  6.6 12  90   M    M   1 3       M  M
11  96  73  85   M   0  20 0.05  0.0    0  6.6 14 290   M    M   3         M  M
12  93  68  81   M   0  16 0.01  0.0    0  5.4 16 150   M    M   3        22 150
13  93  67  80   M   0  15 0.00  0.0    0  5.0 10 120   M    M   2 3      18 120
14  93  71  82   M   0  17 0.00  0.0    0  7.6 16 300   M    M   3 3      22 300
15  91  67  79   M   0  14 0.00  0.0    0  4.3 16 280   M    M   2 3      25 280
16  93  68  81   M   0  16 0.01  0.0    0  8.2 27 300   M    M   3 38     33 300
17  96  65  81   M   0  16 0.00  0.0    0  4.5 17 300   M    M   1        25 300
18  99  67  83   M   0  18 0.00  0.0    0  8.5 20 140   M    M   0        24 140
19 101  70  86   M   0  21 0.00  0.0    0  9.1 14 270   M    M   0        20 280
20 101  74  88   M   0  23 0.00  0.0    0 10.5 23 270   M    M   2 3      28 270
21  97  71  84   M   0  19 0.00  0.0    0  7.1 15  30   M    M   2 3      25  30
22 101  72  87   M   0  22 0.00  0.0    0  5.7 24  90   M    M   2        37  90
23  96  70  83   M   0  18 0.00  0.0    0  9.1 16 120   M    M   1        30 130
24  96  70  83   M   0  18 0.00  0.0    0  6.5 13 160   M    M   1        20 120
25  99  68  84   M   0  19 0.00  0.0    0  5.6 14  90   M    M   0         M  M
26 102  68  85   M   0  20 0.00  0.0    0  6.2 12 130   M    M   0        31 130
27 101  72  87   M   0  22 0.01  0.0    0  8.2 16 270   M    M   1 3      22  90
28  91  69  80   M   0  15 0.06  0.0    0  6.8 16 270   M    M   6 3      23 270
29  92  68  80   M   0  15 0.00  0.0    0  5.2 21  60   M    M   3 3      30  60
30  97  68  83   M   0  18 0.00  0.0    0  4.9 16 240   M    M   2 3      24 270
================================================================================
SM 2870 2063         0 524  0.31     0.0 206.9          M       58
================================================================================
AV 95.7 68.8                               6.9 FASTST   M    M   2    MAX(MPH)
                                 MISC ---->    28   M                 37    M
================================================================================
NOTES:
# LAST OF SEVERAL OCCURRENCES

COLUMN 17 PEAK WIND IN M.P.H.

PRELIMINARY LOCAL CLIMATOLOGICAL DATA (WS FORM: F-6) , PAGE 2

                                          STATION:  LAS CRUCES
                                          MONTH:    JULY
                                          YEAR:     2014
                                          LATITUDE:   32 17 N
                                          LONGITUDE: 106 46 W

[TEMPERATURE DATA]      [PRECIPITATION DATA]       SYMBOLS USED IN COLUMN 16

AVERAGE MONTHLY: 82.2   TOTAL FOR MONTH:   0.31    1 = FOG OR MIST
DPTR FM NORMAL:     M   DPTR FM NORMAL:       M    2 = FOG REDUCING VISIBILITY
HIGHEST:   102 ON 26    GRTST 24HR  0.11 ON  1- 1      TO 1/4 MILE OR LESS
LOWEST:     62 ON  7                               3 = THUNDER
                        SNOW, ICE PELLETS, HAIL    4 = ICE PELLETS
                        TOTAL MONTH:   0.0 INCH    5 = HAIL
                        GRTST 24HR     0.0         6 = FREEZING RAIN OR DRIZZLE
                        GRTST DEPTH:   0           7 = DUSTSTORM OR SANDSTORM:
                                                       VSBY 1/2 MILE OR LESS
                                                   8 = SMOKE OR HAZE
[NO. OF DAYS WITH]      [WEATHER - DAYS WITH]      9 = BLOWING SNOW
                                                   X = TORNADO
MAX 32 OR BELOW:   0    0.01 INCH OR MORE:   8
MAX 90 OR ABOVE:  30    0.10 INCH OR MORE:   1
MIN 32 OR BELOW:   0    0.50 INCH OR MORE:   0
MIN  0 OR BELOW:   0    1.00 INCH OR MORE:   0

[HDD (BASE 65) ]
TOTAL THIS MO.     0    CLEAR  (SCALE 0-3)  25
DPTR FM NORMAL     M    PTCLDY (SCALE 4-7)   5
TOTAL FM JUL 1     0    CLOUDY (SCALE 8-10)  0
DPTR FM NORMAL     M

[CDD (BASE 65) ]
TOTAL THIS MO.   524
DPTR FM NORMAL     M    [PRESSURE DATA]
TOTAL FM JAN 1  1282    HIGHEST SLP M ON M
DPTR FM NORMAL     M    LOWEST  SLP M ON M

[REMARKS]




U.S. Dept. of Commerce
NOAA National Weather Service
1325 East West Highway
Silver Spring, MD 20910
E-mail: w-nws.webmaster@noaa.gov
Page last modified: May 16, 2007
NATIONAL WEATHER SERVICE: for Safety, for Work, for Fun - FOR LIFE