494
CXUS54 KEPZ 011203
CF6LRU
PRELIMINARY LOCAL CLIMATOLOGICAL DATA (WS FORM: F-6)

                                          STATION:   LAS CRUCES
                                          MONTH:     NOVEMBER
                                          YEAR:      2014
                                          LATITUDE:   32 17 N
                                          LONGITUDE: 106 46 W

  TEMPERATURE IN F:       :PCPN:    SNOW:  WIND      :SUNSHINE: SKY     :PK WND
================================================================================
1   2   3   4   5  6A  6B    7    8   9   10  11  12  13   14  15   16   17  18
                                     12Z  AVG MX 2MIN
DY MAX MIN AVG DEP HDD CDD  WTR  SNW DPTH SPD SPD DIR MIN PSBL S-S WX    SPD DR
================================================================================

 1  78  55  67   M   0   2 0.00  0.0    0 10.4 15 170   M    M   0        22 170
 2  78  55  67   M   0   2 0.05  0.0    0 13.4 29 200   M    M   4 3      40 200
 3  60  51  56   M   9   0 0.15  0.0    0  2.3  6 260   M    M   6         M  M
 4  62  46  54   M  11   0 0.00  0.0    0  7.0 15 340   M    M   4        21 340
 5  61  39  50   M  15   0 0.00  0.0    0  4.1  7 190   M    M   4         M  M
 6  62  46  54   M  11   0 0.00  0.0    0  5.6 14 130   M    M   8         M  M
 7  65  39  52   M  13   0 0.00  0.0    0  3.7  9 250   M    M   1         M  M
 8  67  41  54   M  11   0 0.00  0.0    0  4.5 12 340   M    M   0         M  M
 9  68  37  53   M  12   0 0.00  0.0    0  3.1  8 210   M    M   0         M  M
10  73  43  58   M   7   0 0.00  0.0    0 13.5 35 270   M    M   0        44 270
11  72  49  61   M   4   0 0.00  0.0    0  7.9 15 260   M    M   0        24 260
12  55  34  45   M  20   0 0.00  0.0    0 12.6 17 140   M    M   2        25 140
13  46  28  37   M  28   0 0.00  0.0    0 10.9 16 150   M    M   3        20 150
14  67  33  50   M  15   0 0.00  0.0    0  5.7 14 260   M    M   0        23 250
15  66  44  55   M  10   0 0.00  0.0    0 12.7 23 260   M    M   1        33 260
16  60  37  49   M  16   0 0.01  0.0    0 10.7 28 280   M    M   2        37 280
17  46  21  34   M  31   0 0.00  0.0    0  3.0  9  90   M    M   0         M  M
18  55  21  38   M  27   0 0.00  0.0    0  3.7  7 330   M    M   0         M  M
19  60  22  41   M  24   0 0.00  0.0    0  2.4  8 310   M    M   0         M  M
20  67  27  47   M  18   0 0.00  0.0    0  6.6 15 250   M    M   0        21 240
21  65  32  49   M  16   0 0.00  0.0    0  3.9  8 310   M    M   1         M  M
22  65  40  53   M  12   0 0.00  0.0    0  9.4 22 260   M    M   2        32 260
23  63  42  53   M  12   0 0.00  0.0    0 20.3 39 270   M    M   0        48 270
24  54  25  40   M  25   0 0.00  0.0    0  9.1 18 350   M    M   0        29 360
25  53  30  42   M  23   0 0.00  0.0    0  8.3 17 350   M    M   0        27 350
26  65  29  47   M  18   0 0.00  0.0    0  4.3  8 320   M    M   0         M  M
27  67  33  50   M  15   0 0.00  0.0    0  3.1  8 330   M    M   0         M  M
28  67  31  49   M  16   0 0.00  0.0    0  2.6  7 270   M    M   0         M  M
29  72  30  51   M  14   0 0.00  0.0    0  7.7 18 260   M    M   0        25 240
30  70  40  55   M  10   0 0.00  0.0    0  8.0 17 250   M    M   0        25 250
================================================================================
SM 1909 1100       443   4  0.21     0.0 220.5          M       38
================================================================================
AV 63.6 36.7                               7.3 FASTST   M    M   1    MAX(MPH)
                                 MISC ---->    39   M                 48    M
================================================================================
NOTES:
# LAST OF SEVERAL OCCURRENCES

COLUMN 17 PEAK WIND IN M.P.H.

PRELIMINARY LOCAL CLIMATOLOGICAL DATA (WS FORM: F-6) , PAGE 2

                                          STATION:  LAS CRUCES
                                          MONTH:    NOVEMBER
                                          YEAR:     2014
                                          LATITUDE:   32 17 N
                                          LONGITUDE: 106 46 W

[TEMPERATURE DATA]      [PRECIPITATION DATA]       SYMBOLS USED IN COLUMN 16

AVERAGE MONTHLY: 50.2   TOTAL FOR MONTH:   0.21    1 = FOG OR MIST
DPTR FM NORMAL:     M   DPTR FM NORMAL:       M    2 = FOG REDUCING VISIBILITY
HIGHEST:    78 ON  2, 1 GRTST 24HR  0.15 ON  3- 3      TO 1/4 MILE OR LESS
LOWEST:     21 ON 18,17                            3 = THUNDER
                        SNOW, ICE PELLETS, HAIL    4 = ICE PELLETS
                        TOTAL MONTH:   0.0 INCH    5 = HAIL
                        GRTST 24HR     0.0         6 = FREEZING RAIN OR DRIZZLE
                        GRTST DEPTH:   0           7 = DUSTSTORM OR SANDSTORM:
                                                       VSBY 1/2 MILE OR LESS
                                                   8 = SMOKE OR HAZE
[NO. OF DAYS WITH]      [WEATHER - DAYS WITH]      9 = BLOWING SNOW
                                                   X = TORNADO
MAX 32 OR BELOW:   0    0.01 INCH OR MORE:   3
MAX 90 OR ABOVE:   0    0.10 INCH OR MORE:   1
MIN 32 OR BELOW:  11    0.50 INCH OR MORE:   0
MIN  0 OR BELOW:   0    1.00 INCH OR MORE:   0

[HDD (BASE 65) ]
TOTAL THIS MO.   443    CLEAR  (SCALE 0-3)  24
DPTR FM NORMAL     M    PTCLDY (SCALE 4-7)   6
TOTAL FM JUL 1   482    CLOUDY (SCALE 8-10)  0
DPTR FM NORMAL     M

[CDD (BASE 65) ]
TOTAL THIS MO.     4
DPTR FM NORMAL     M    [PRESSURE DATA]
TOTAL FM JAN 1  1969    HIGHEST SLP M ON M
DPTR FM NORMAL     M    LOWEST  SLP M ON M

[REMARKS]
#FINAL-11-14#




U.S. Dept. of Commerce
NOAA National Weather Service
1325 East West Highway
Silver Spring, MD 20910
E-mail: w-nws.webmaster@noaa.gov
Page last modified: May 16, 2007
NATIONAL WEATHER SERVICE: for Safety, for Work, for Fun - FOR LIFE