560
CXUS54 KLZK 041931
CF6LRF
PRELIMINARY LOCAL CLIMATOLOGICAL DATA (WS FORM: F-6)

                                          STATION:   Jacksonville/Little Rock AFB
                                          MONTH:     NOVEMBER
                                          YEAR:      2014
                                          LATITUDE:   34 55 N
                                          LONGITUDE:  92  9 W

  TEMPERATURE IN F:       :PCPN:    SNOW:  WIND      :SUNSHINE: SKY     :PK WND
================================================================================
1   2   3   4   5  6A  6B    7    8   9   10  11  12  13   14  15   16   17  18
                                     12Z  AVG MX 2MIN
DY MAX MIN AVG DEP HDD CDD  WTR  SNW DPTH SPD SPD DIR MIN PSBL S-S WX    SPD DR
================================================================================

 1  56  28  42 -16  23   0 0.00  0.0    0  2.8  9 350   M    M   0         M  M
 2  60  29  45 -12  20   0 0.00  0.0    0  3.1 10 140   M    M   3         M  M
 3  71  34  53  -4  12   0 0.00  0.0    0  4.0  9 150   M    M   2         M  M
 4  64  54  59   3   6   0 0.74  0.0    0  4.4 12 170   M    M   7 1      17 170
 5  57  52  55  -1  10   0 0.48  0.0    0  3.6  9  20   M    M  10 1       M  M
 6  69  45  57   1   8   0 0.00  0.0    0  7.2 14 330   M    M   1 1      25 340
 7  59  32  46  -9  19   0 0.00  0.0    0  3.2  7 180   M    M   0 18      M  M
 8  67  37  52  -3  13   0 0.00  0.0    0  3.4 12 340   M    M   1 1       M  M
 9  65  33  49  -5  16   0 0.00  0.0    0  3.6  9 220   M    M   0         M  M
10  73  38  56   2   9   0 0.00  0.0    0  8.1 22 190   M    M   0        28 190
11  62  35  49  -5  16   0 0.01    M    0  6.8 14 300   M    M   7 18     23 300
12  46  30  38 -15  27   0    T    M    0  8.0 14  30   M    M   2        20  30
13  40  24  32 -21  33   0    T  0.1    T  6.9 13 350   M    M   5        18 350
14  40  19  30 -23  35   0 0.00  0.0    0  2.6  8  40   M    M   2         M  M
15  44  20  32 -20  33   0    T  0.0    0  3.0 12 150   M    M   5 1       M  M
16  39  32  36 -16  29   0 0.04    T    0  5.4  9 360   M    M  10 1       M  M
17  38  24  31 -20  34   0    T    T    0  9.6 16 270   M    M   2        30 310
18  45  14  30 -21  35   0 0.00  0.0    0  4.7  9 240   M    M   0         M  M
19  59  31  45  -6  20   0 0.00  0.0    0  9.1 20 230   M    M   0        31 270
20  56  27  42  -8  23   0 0.00  0.0    0  3.9  9  80   M    M   2 8       M  M
21  47  40  44  -6  21   0 0.12  0.0    0  5.8  8  60   M    M  10 1       M  M
22  66  44  55   5  10   0 0.00  0.0    0  4.7  9 140   M    M   6 1       M  M
23  62  57  60  11   5   0 0.69  0.0    0  7.4 14 210   M    M   7 1      20 140
24  59  40  50   1  15   0 0.00  0.0    0 12.3 21 270   M    M   2        36 260
25  55  25  40  -9  25   0 0.00  0.0    0  3.0 10 320   M    M   0         M  M
26  57  26  42  -6  23   0 0.00  0.0    0  5.5 18 250   M    M   2        21 280
27  49  28  39  -9  26   0 0.00  0.0    0  4.1 10 330   M    M   0 18     17 320
28  58  25  42  -6  23   0 0.00  0.0    0  4.3 12 170   M    M   0 1      16  99
29  74  48  61  14   4   0 0.00  0.0    0 12.3 20 210   M    M   5        32 210
30  74  55  65  18   0   0 0.00  0.0    0 11.4 21 210   M    M   7        30 210
================================================================================
SM 1711 1026       573   0  2.08     0.1 174.2          M       98
================================================================================
AV 57.0 34.2                               5.8 FASTST   M    M   3    MAX(MPH)
                                 MISC ---->    22   M                 36    M
================================================================================
NOTES:
# LAST OF SEVERAL OCCURRENCES

COLUMN 17 PEAK WIND IN M.P.H.

PRELIMINARY LOCAL CLIMATOLOGICAL DATA (WS FORM: F-6) , PAGE 2

                                          STATION:  Jacksonville/Little Rock AFB
                                          MONTH:    NOVEMBER
                                          YEAR:     2014
                                          LATITUDE:   34 55 N
                                          LONGITUDE:  92  9 W

[TEMPERATURE DATA]      [PRECIPITATION DATA]       SYMBOLS USED IN COLUMN 16

AVERAGE MONTHLY: 45.6   TOTAL FOR MONTH:   2.08    1 = FOG OR MIST
DPTR FM NORMAL:  -6.5   DPTR FM NORMAL:       M    2 = FOG REDUCING VISIBILITY
HIGHEST:    74 ON 30,29 GRTST 24HR  0.74 ON  4- 4      TO 1/4 MILE OR LESS
LOWEST:     14 ON 18                               3 = THUNDER
                        SNOW, ICE PELLETS, HAIL    4 = ICE PELLETS
                        TOTAL MONTH:   0.1 INCH    5 = HAIL
                        GRTST 24HR   0.1 ON   M    6 = FREEZING RAIN OR DRIZZLE
                        GRTST DEPTH:   T           7 = DUSTSTORM OR SANDSTORM:
                                                       VSBY 1/2 MILE OR LESS
                                                   8 = SMOKE OR HAZE
[NO. OF DAYS WITH]      [WEATHER - DAYS WITH]      9 = BLOWING SNOW
                                                   X = TORNADO
MAX 32 OR BELOW:   0    0.01 INCH OR MORE:   6
MAX 90 OR ABOVE:   0    0.10 INCH OR MORE:   4
MIN 32 OR BELOW:  16    0.50 INCH OR MORE:   2
MIN  0 OR BELOW:   0    1.00 INCH OR MORE:   0

[HDD (BASE 65) ]
TOTAL THIS MO.   573    CLEAR  (SCALE 0-3)  18
DPTR FM NORMAL   166    PTCLDY (SCALE 4-7)   9
TOTAL FM JUL 1   679    CLOUDY (SCALE 8-10)  3
DPTR FM NORMAL   114

[CDD (BASE 65) ]
TOTAL THIS MO.     0
DPTR FM NORMAL    -9    [PRESSURE DATA]
TOTAL FM JAN 1  1801    HIGHEST SLP M ON M
DPTR FM NORMAL  -234    LOWEST  SLP M ON M

[REMARKS]
#FINAL-11-14#




U.S. Dept. of Commerce
NOAA National Weather Service
1325 East West Highway
Silver Spring, MD 20910
E-mail: w-nws.webmaster@noaa.gov
Page last modified: May 16, 2007
NATIONAL WEATHER SERVICE: for Safety, for Work, for Fun - FOR LIFE