008
CXUS54 KLZK 011330
CF6LRF
PRELIMINARY LOCAL CLIMATOLOGICAL DATA (WS FORM: F-6)

                                          STATION:   Jacksonville/Little Rock AFB
                                          MONTH:     AUGUST
                                          YEAR:      2014
                                          LATITUDE:   34 55 N
                                          LONGITUDE:  92  9 W

  TEMPERATURE IN F:       :PCPN:    SNOW:  WIND      :SUNSHINE: SKY     :PK WND
================================================================================
1   2   3   4   5  6A  6B    7    8   9   10  11  12  13   14  15   16   17  18
                                     12Z  AVG MX 2MIN
DY MAX MIN AVG DEP HDD CDD  WTR  SNW DPTH SPD SPD DIR MIN PSBL S-S WX    SPD DR
================================================================================

 1  80  68  74  -9   0   9 0.00  0.0    0  4.6  9  50   M    M   7         M  M
 2  87  66  77  -6   0  12    T  0.0    0  5.1 10  40   M    M   1         M  M
 3  89  65  77  -5   0  12 0.00  0.0    0  4.6 10  60   M    M   0         M  M
 4  90  62  76  -6   0  11    T  0.0    0  3.6  8  50   M    M   0         M  M
 5  92  65  79  -3   0  14    T  0.0    0  2.7  7 260   M    M   0         M  M
 6  95  67  81  -1   0  16 0.00  0.0    0  3.3  8 260   M    M   0         M  M
 7  89  72  81  -1   0  16 0.16  0.0    0  4.2 14 230   M    M   1 138    30 260
 8  91  73  82   0   0  17 0.93  0.0    0  4.8 15 250   M    M   3 123     M  M
 9  87  71  79  -3   0  14 1.19  0.0    0  6.2 12 220   M    M   4 13      M  M
10  90  70  80  -2   0  15 0.04  0.0    0  3.8 10 260   M    M   2 1       M  M
11  89  74  82   0   0  17 0.00  0.0    0  5.3 10 340   M    M   2        16 340
12  86  65  76  -6   0  11 0.00  0.0    0  4.7  9 320   M    M   1        17 330
13  86  61  74  -8   0   9 0.00  0.0    0  3.4  8 100   M    M   1         M  M
14  87  62  75  -7   0  10 0.00  0.0    0  2.1  6 100   M    M   1         M  M
15  89  64  77  -4   0  12 0.00  0.0    0  2.8  8 210   M    M   2         M  M
16  94  64  79  -2   0  14 0.00  0.0    0  5.5 12 190   M    M   1        17 220
17  94  73  84   3   0  19 0.82  0.0    0  5.6 10 240   M    M   3 3       M  M
18  89  69  79  -2   0  14 1.31  0.0    0  5.8 12 190   M    M   3 13      M  M
19  95  67  81   0   0  16    T  0.0    0  5.8 10 220   M    M   0         M  M
20  94  74  84   3   0  19 0.00  0.0    0  5.8 10 220   M    M   0         M  M
21  93  74  84   4   0  19 0.00  0.0    0  7.0 14 220   M    M   0        16 180
22  95  75  85   5   0  20    T  0.0    0  5.1  9 220   M    M   0         M  M
23  97  73  85   5   0  20 0.00  0.0    0  3.1  8 170   M    M   0         M  M
24  98  72  85   5   0  20 0.00  0.0    0  1.6  6 230   M    M   0         M  M
25  97  73  85   5   0  20 0.00  0.0    0  1.7  6  60   M    M   1 3       M  M
26  95  74  85   6   0  20 0.00  0.0    0  2.3  7 130   M    M   1         M  M
27  93  72  83   4   0  18    T  0.0    0  2.2  7 110   M    M   1 1       M  M
28  94  67  81   2   0  16 0.00  0.0    0  2.7  8  90   M    M   1 18      M  M
29  92  68  80   1   0  15 0.16  0.0    0  4.3 13 200   M    M   3         M  M
30  85  73  79   0   0  14 0.01  0.0    0  4.7 10 150   M    M   5         M  M
31  88  74  81   3   0  16 0.00  0.0    0  6.5  9 190   M    M   7         M  M
================================================================================
SM 2820 2147         0 475  4.62     0.0 130.9          M       51
================================================================================
AV 91.0 69.3                               4.2 FASTST   M    M   2    MAX(MPH)
                                 MISC ---->  # 15 250                 30    M
================================================================================
NOTES:
# LAST OF SEVERAL OCCURRENCES

COLUMN 17 PEAK WIND IN M.P.H.

PRELIMINARY LOCAL CLIMATOLOGICAL DATA (WS FORM: F-6) , PAGE 2

                                          STATION:  Jacksonville/Little Rock AFB
                                          MONTH:    AUGUST
                                          YEAR:     2014
                                          LATITUDE:   34 55 N
                                          LONGITUDE:  92  9 W

[TEMPERATURE DATA]      [PRECIPITATION DATA]       SYMBOLS USED IN COLUMN 16

AVERAGE MONTHLY: 80.1   TOTAL FOR MONTH:   4.62    1 = FOG OR MIST
DPTR FM NORMAL:  -0.8   DPTR FM NORMAL:       M    2 = FOG REDUCING VISIBILITY
HIGHEST:    98 ON 24    GRTST 24HR  1.31 ON 18-18      TO 1/4 MILE OR LESS
LOWEST:     61 ON 13                               3 = THUNDER
                        SNOW, ICE PELLETS, HAIL    4 = ICE PELLETS
                        TOTAL MONTH:   0.0 INCH    5 = HAIL
                        GRTST 24HR     0.0         6 = FREEZING RAIN OR DRIZZLE
                        GRTST DEPTH:   0           7 = DUSTSTORM OR SANDSTORM:
                                                       VSBY 1/2 MILE OR LESS
                                                   8 = SMOKE OR HAZE
[NO. OF DAYS WITH]      [WEATHER - DAYS WITH]      9 = BLOWING SNOW
                                                   X = TORNADO
MAX 32 OR BELOW:   0    0.01 INCH OR MORE:   8
MAX 90 OR ABOVE:  18    0.10 INCH OR MORE:   6
MIN 32 OR BELOW:   0    0.50 INCH OR MORE:   4
MIN  0 OR BELOW:   0    1.00 INCH OR MORE:   2

[HDD (BASE 65) ]
TOTAL THIS MO.     0    CLEAR  (SCALE 0-3)  27
DPTR FM NORMAL    -5    PTCLDY (SCALE 4-7)   4
TOTAL FM JUL 1     0    CLOUDY (SCALE 8-10)  0
DPTR FM NORMAL   -11

[CDD (BASE 65) ]
TOTAL THIS MO.   475
DPTR FM NORMAL   -18    [PRESSURE DATA]
TOTAL FM JAN 1  1439    HIGHEST SLP M ON M
DPTR FM NORMAL  -232    LOWEST  SLP M ON M

[REMARKS]
#FINAL-08-14#




U.S. Dept. of Commerce
NOAA National Weather Service
1325 East West Highway
Silver Spring, MD 20910
E-mail: w-nws.webmaster@noaa.gov
Page last modified: May 16, 2007
NATIONAL WEATHER SERVICE: for Safety, for Work, for Fun - FOR LIFE