457
CXUS54 KCRP 281300
CF6LRD
PRELIMINARY LOCAL CLIMATOLOGICAL DATA (WS FORM: F-6)

                                          STATION:   LAREDO
                                          MONTH:     JULY
                                          YEAR:      2014
                                          LATITUDE:   27 31 N
                                          LONGITUDE:  99 28 W

  TEMPERATURE IN F:       :PCPN:    SNOW:  WIND      :SUNSHINE: SKY     :PK WND
================================================================================
1   2   3   4   5  6A  6B    7    8   9   10  11  12  13   14  15   16   17  18
                                     12Z  AVG MX 2MIN
DY MAX MIN AVG DEP HDD CDD  WTR  SNW DPTH SPD SPD DIR MIN PSBL S-S WX    SPD DR
================================================================================

 1 103  75  89   1   0  24 0.00  0.0    M 17.5 29 150   M    M   0        35 120
 2 100  76  88   0   0  23 0.40  0.0    0 12.3 24  40   M    M   2 8      32  40
 3 100  74  87  -1   0  22    T  0.0    0 12.5 29  80   M    M   1        31  70
 4 100  75  88   0   0  23 0.00  0.0    0 10.7 27 160   M    M   1        32 160
 5  98  75  87  -1   0  22 0.00  0.0    0 10.2 22 160   M    M   2        24 190
 6 102  76  89   1   0  24 0.00  0.0    0 14.3 25 140   M    M   0        29 140
 7  99  76  88   0   0  23 0.00  0.0    0 14.2 23 110   M    M   1        28 110
 8  98  77  88   0   0  23 0.00  0.0    0 15.5 23 160   M    M   1        30 140
 9  96  80  88   0   0  23 0.00  0.0    0 14.0 24 150   M    M   2        28 140
10  88  73  81  -7   0  16 0.21  0.0    0 10.6 32 140   M    M   6 1      41 130
11  98  75  87  -1   0  22 0.05  0.0    0 15.6 26 140   M    M   3 1      33 130
12 101  76  89   1   0  24 0.00  0.0    0 13.3 25 130   M    M   3        28 130
13 102  76  89   1   0  24 0.00  0.0    0 10.0 21 130   M    M   0 8      24 120
14 105  78  92   4   0  27 0.00  0.0    0 10.4 20 110   M    M   0        25 120
15 104  77  91   3   0  26 0.00  0.0    0  9.6 22  90   M    M   1 8      28  80
16 105  79  92   4   0  27 0.00  0.0    0 11.0 25 130   M    M   1        31 130
17 106  80  93   5   0  28 0.00  0.0    0 14.2 24 150   M    M   0        29 150
18  87  74  81  -7   0  16 0.27  0.0    0  8.1 24  40   M    M   4 13     31  40
19  96  75  86  -2   0  21 0.00  0.0    0  7.9 16  90   M    M   3 18     20  80
20 104  80  92   4   0  27 0.00  0.0    0 11.5 25 100   M    M   1 18     31 100
21 107  80  94   6   0  29 0.00  0.0    0 11.3 22 130   M    M   0 8      28 120
22 104  79  92   4   0  27 0.00  0.0    0 10.8 21 100   M    M   2        24 110
23 103  80  92   4   0  27 0.00  0.0    0  7.7 17 110   M    M   1 8      21 120
24 102  80  91   3   0  26 0.00  0.0    0  9.2 23  80   M    M   0        20  80
25 103  79  91   3   0  26 0.41  0.0    0  8.4 38 190   M    M   1        58 200
26 106  78  92   4   0  27 0.00  0.0    0 14.6 26 130   M    M   0        30 140
27 106  78  92   4   0  27 0.00  0.0    0 14.8 24 130   M    M   0        29 140
================================================================================
SM 2723 2081         0 654  1.34     0.0 320.2          M       36
================================================================================
AV100.9 77.1                              11.9 FASTST   M    M   1    MAX(MPH)
                                 MISC ---->  # 38 190               # 58  200
================================================================================
NOTES:
# LAST OF SEVERAL OCCURRENCES

COLUMN 17 PEAK WIND IN M.P.H.

PRELIMINARY LOCAL CLIMATOLOGICAL DATA (WS FORM: F-6) , PAGE 2

                                          STATION:  LAREDO
                                          MONTH:    JULY
                                          YEAR:     2014
                                          LATITUDE:   27 31 N
                                          LONGITUDE:  99 28 W

[TEMPERATURE DATA]      [PRECIPITATION DATA]       SYMBOLS USED IN COLUMN 16

AVERAGE MONTHLY: 89.0   TOTAL FOR MONTH:   1.34    1 = FOG OR MIST
DPTR FM NORMAL:   1.0   DPTR FM NORMAL:   -0.50    2 = FOG REDUCING VISIBILITY
HIGHEST:   107 ON 21    GRTST 24HR  0.41 ON 25-25      TO 1/4 MILE OR LESS
LOWEST:     73 ON 10                               3 = THUNDER
                        SNOW, ICE PELLETS, HAIL    4 = ICE PELLETS
                        TOTAL MONTH:   0.0 INCH    5 = HAIL
                        GRTST 24HR     0.0         6 = FREEZING RAIN OR DRIZZLE
                        GRTST DEPTH:   0           7 = DUSTSTORM OR SANDSTORM:
                                                       VSBY 1/2 MILE OR LESS
                                                   8 = SMOKE OR HAZE
[NO. OF DAYS WITH]      [WEATHER - DAYS WITH]      9 = BLOWING SNOW
                                                   X = TORNADO
MAX 32 OR BELOW:   0    0.01 INCH OR MORE:   5
MAX 90 OR ABOVE:  25    0.10 INCH OR MORE:   4
MIN 32 OR BELOW:   0    0.50 INCH OR MORE:   0
MIN  0 OR BELOW:   0    1.00 INCH OR MORE:   0

[HDD (BASE 65) ]
TOTAL THIS MO.     0    CLEAR  (SCALE 0-3)  24
DPTR FM NORMAL     0    PTCLDY (SCALE 4-7)   3
TOTAL FM JUL 1     0    CLOUDY (SCALE 8-10)  0
DPTR FM NORMAL     0

[CDD (BASE 65) ]
TOTAL THIS MO.   654
DPTR FM NORMAL    33    [PRESSURE DATA]
TOTAL FM JAN 1  2515    HIGHEST SLP M ON M
DPTR FM NORMAL    91    LOWEST  SLP M ON M

[REMARKS]




U.S. Dept. of Commerce
NOAA National Weather Service
1325 East West Highway
Silver Spring, MD 20910
E-mail: w-nws.webmaster@noaa.gov
Page last modified: May 16, 2007
NATIONAL WEATHER SERVICE: for Safety, for Work, for Fun - FOR LIFE