210
CXUS54 KCRP 301300
CF6LRD
PRELIMINARY LOCAL CLIMATOLOGICAL DATA (WS FORM: F-6)

                                          STATION:   LAREDO
                                          MONTH:     SEPTEMBER
                                          YEAR:      2014
                                          LATITUDE:   27 31 N
                                          LONGITUDE:  99 28 W

  TEMPERATURE IN F:       :PCPN:    SNOW:  WIND      :SUNSHINE: SKY     :PK WND
================================================================================
1   2   3   4   5  6A  6B    7    8   9   10  11  12  13   14  15   16   17  18
                                     12Z  AVG MX 2MIN
DY MAX MIN AVG DEP HDD CDD  WTR  SNW DPTH SPD SPD DIR MIN PSBL S-S WX    SPD DR
================================================================================

 1 103  78  91   4   0  26 0.00  0.0    0 14.0 24 120   M    M   1        29 120
 2 101  80  91   5   0  26 0.02  0.0    0 12.8 25  90   M    M   2 3      29 100
 3  87  76  82  -4   0  17 0.33  0.0    0 10.0 24 130   M    M   3 13     30 130
 4  92  75  84  -2   0  19 0.08  0.0    0  6.9 31 130   M    M   3        36 130
 5  91  75  83  -3   0  18 0.03  0.0    0  9.2 25 160   M    M   0 8      30 170
 6  98  77  88   2   0  23 0.00  0.0    0 10.7 22 150   M    M   3 1      30 110
 7  99  76  88   3   0  23 0.00  0.0    0  8.1 21 120   M    M   1        25 130
 8  99  77  88   3   0  23 0.00  0.0    0  9.9 16 140   M    M   1        22 110
 9 100  77  89   4   0  24 0.00  0.0    0 11.6 20 130   M    M   0        24 130
10 102  78  90   5   0  25 0.00  0.0    0 13.0 22 150   M    M   0        29 130
11 101  79  90   6   0  25 0.00  0.0    0 13.3 23 110   M    M   1        29 110
12  96  74  85   1   0  20 0.71  0.0    0  8.1 30 150   M    M   4 1      37 150
13  77  67  72 -12   0   7 0.55  0.0    0 14.6 23  50   M    M   9 1      31  40
14  77  66  72 -11   0   7 0.01  0.0    0  7.2 15  60   M    M   8 1      18  40
15  89  71  80  -3   0  15 0.00  0.0    0  2.6  9  20   M    M   6 1      10  30
16  91  75  83   0   0  18 0.06  0.0    0  4.3 23  10   M    M   5 13     24  10
17  94  76  85   2   0  20 0.00  0.0    0  8.5 13 140   M    M   3        16 120
18  95  78  87   5   0  22 0.00  0.0    0 11.0 20 150   M    M   3        23 150
19  96  78  87   5   0  22 0.00  0.0    0  8.1 18 110   M    M   5 1      24 100
20  93  77  85   3   0  20 0.23  0.0    0  6.1 23 110   M    M   4 1      27 140
21  89  76  83   1   0  18 0.28  0.0    0  7.2 23  50   M    M   4 1      25  50
22  93  72  83   2   0  18 0.00  0.0    0  7.2 16  90   M    M   1        20  90
23  91  71  81   0   0  16 0.03  0.0    0  4.6 20  50   M    M   2        29  50
24  91  68  80  -1   0  15 0.00  0.0    0  7.2 12 110   M    M   0        14 120
25  92  71  82   1   0  17 0.00  0.0    0  5.9 17 100   M    M   1        21  90
26  78  72  75  -5   0  10 1.42  0.0    0  6.9 17 120   M    M   6 13     21 110
27  75  69  72  -8   0   7 1.99  0.0    0  9.6 18  60   M    M   9 13     22  60
28  85  68  77  -3   0  12 0.00  0.0    0  6.0 13 360   M    M   3        16  10
29  88  73  81   1   0  16 0.00  0.0    0  5.2 15  70   M    M   6        18  70
================================================================================
SM 2663 2150         0 529  5.74     0.0 249.8          M       94
================================================================================
AV 91.8 74.1                               8.6 FASTST   M    M   3    MAX(MPH)
                                 MISC ---->    31   M               # 37  150
================================================================================
NOTES:
# LAST OF SEVERAL OCCURRENCES

COLUMN 17 PEAK WIND IN M.P.H.

PRELIMINARY LOCAL CLIMATOLOGICAL DATA (WS FORM: F-6) , PAGE 2

                                          STATION:  LAREDO
                                          MONTH:    SEPTEMBER
                                          YEAR:     2014
                                          LATITUDE:   27 31 N
                                          LONGITUDE:  99 28 W

[TEMPERATURE DATA]      [PRECIPITATION DATA]       SYMBOLS USED IN COLUMN 16

AVERAGE MONTHLY: 83.0   TOTAL FOR MONTH:   5.74    1 = FOG OR MIST
DPTR FM NORMAL:  -0.2   DPTR FM NORMAL:    2.90    2 = FOG REDUCING VISIBILITY
HIGHEST:   103 ON  1    GRTST 24HR  1.99 ON 27-27      TO 1/4 MILE OR LESS
LOWEST:     66 ON 14                               3 = THUNDER
                        SNOW, ICE PELLETS, HAIL    4 = ICE PELLETS
                        TOTAL MONTH:   0.0 INCH    5 = HAIL
                        GRTST 24HR     0.0         6 = FREEZING RAIN OR DRIZZLE
                        GRTST DEPTH:   0           7 = DUSTSTORM OR SANDSTORM:
                                                       VSBY 1/2 MILE OR LESS
                                                   8 = SMOKE OR HAZE
[NO. OF DAYS WITH]      [WEATHER - DAYS WITH]      9 = BLOWING SNOW
                                                   X = TORNADO
MAX 32 OR BELOW:   0    0.01 INCH OR MORE:  13
MAX 90 OR ABOVE:  20    0.10 INCH OR MORE:   7
MIN 32 OR BELOW:   0    0.50 INCH OR MORE:   4
MIN  0 OR BELOW:   0    1.00 INCH OR MORE:   2

[HDD (BASE 65) ]
TOTAL THIS MO.     0    CLEAR  (SCALE 0-3)  17
DPTR FM NORMAL     0    PTCLDY (SCALE 4-7)   9
TOTAL FM JUL 1     0    CLOUDY (SCALE 8-10)  3
DPTR FM NORMAL     0

[CDD (BASE 65) ]
TOTAL THIS MO.   529
DPTR FM NORMAL     3    [PRESSURE DATA]
TOTAL FM JAN 1  3962    HIGHEST SLP M ON M
DPTR FM NORMAL   193    LOWEST  SLP M ON M

[REMARKS]




U.S. Dept. of Commerce
NOAA National Weather Service
1325 East West Highway
Silver Spring, MD 20910
E-mail: w-nws.webmaster@noaa.gov
Page last modified: May 16, 2007
NATIONAL WEATHER SERVICE: for Safety, for Work, for Fun - FOR LIFE