369
CXUS54 KCRP 231300
CF6LRD
PRELIMINARY LOCAL CLIMATOLOGICAL DATA (WS FORM: F-6)

                                          STATION:   LAREDO
                                          MONTH:     AUGUST
                                          YEAR:      2014
                                          LATITUDE:   27 31 N
                                          LONGITUDE:  99 28 W

  TEMPERATURE IN F:       :PCPN:    SNOW:  WIND      :SUNSHINE: SKY     :PK WND
================================================================================
1   2   3   4   5  6A  6B    7    8   9   10  11  12  13   14  15   16   17  18
                                     12Z  AVG MX 2MIN
DY MAX MIN AVG DEP HDD CDD  WTR  SNW DPTH SPD SPD DIR MIN PSBL S-S WX    SPD DR
================================================================================

 1 102  77  90   1   0  25 0.48  0.0    0  8.3 27  50   M    M   3 1      33  40
 2  93  77  85  -4   0  20    T  0.0    0  6.9 16  60   M    M   4        18  70
 3  97  76  87  -2   0  22 0.00  0.0    0  5.3 15  10   M    M   4        18  10
 4 101  78  90   1   0  25 0.00  0.0    0  6.7 16 130   M    M   2        20 130
 5 102  77  90   1   0  25 0.00  0.0    0  8.1 22 130   M    M   0        27 130
 6 104  80  92   3   0  27 0.00  0.0    0 10.4 22 140   M    M   1        25  90
 7 107  81  94   5   0  29 0.00  0.0    0 14.7 25 130   M    M   0        30 140
 8 104  80  92   3   0  27 0.00  0.0    0 14.4 39 140   M    M   0        44 140
 9 101  79  90   1   0  25 0.00  0.0    0 12.7 23 120   M    M   3        30 130
10 103  81  92   3   0  27 0.00  0.0    0 13.8 23 130   M    M   1        28 130
11 104  79  92   3   0  27 0.00  0.0    0  9.2 20 140   M    M   1        23 130
12 103  78  91   2   0  26 0.01  0.0    0  8.4 30  60   M    M   1        39  60
13 101  74  88  -1   0  23 0.00  0.0    0  5.9 17 120   M    M   1        20 120
14 104  77  91   2   0  26 0.00  0.0    0  8.1 27 140   M    M   0        31 110
15 103  78  91   2   0  26 0.00  0.0    0  8.7 18 140   M    M   1        22 150
16 106  81  94   5   0  29 0.00  0.0    0 13.3 24 140   M    M   0        29 130
17 105  82  94   5   0  29 0.00  0.0    0 14.7 27 140   M    M   0        32 140
18 104  82  93   4   0  28 0.00  0.0    0 15.1 24 140   M    M   0        28 140
19 104  80  92   3   0  27 0.00  0.0    0 16.6 28 130   M    M   0        32 130
20 103  79  91   2   0  26    T  0.0    0 16.0 28 150   M    M   1        31 140
21 107  80  94   6   0  29 0.00  0.0    0 19.6 29 170   M    M   0        35 180
22 106  79  93   5   0  28 0.00  0.0    0 16.0 25 130   M    M   0        30 130
================================================================================
SM 2264 1735         0 576  0.49     0.0 252.9          M       23
================================================================================
AV102.9 78.9                              11.5 FASTST   M    M   1    MAX(MPH)
                                 MISC ---->  # 39 140               # 44  140
================================================================================
NOTES:
# LAST OF SEVERAL OCCURRENCES

COLUMN 17 PEAK WIND IN M.P.H.

PRELIMINARY LOCAL CLIMATOLOGICAL DATA (WS FORM: F-6) , PAGE 2

                                          STATION:  LAREDO
                                          MONTH:    AUGUST
                                          YEAR:     2014
                                          LATITUDE:   27 31 N
                                          LONGITUDE:  99 28 W

[TEMPERATURE DATA]      [PRECIPITATION DATA]       SYMBOLS USED IN COLUMN 16

AVERAGE MONTHLY: 90.9   TOTAL FOR MONTH:   0.49    1 = FOG OR MIST
DPTR FM NORMAL:   2.0   DPTR FM NORMAL:   -0.58    2 = FOG REDUCING VISIBILITY
HIGHEST:   107 ON 21, 7 GRTST 24HR  0.48 ON  1- 1      TO 1/4 MILE OR LESS
LOWEST:     74 ON 13                               3 = THUNDER
                        SNOW, ICE PELLETS, HAIL    4 = ICE PELLETS
                        TOTAL MONTH:   0.0 INCH    5 = HAIL
                        GRTST 24HR     0.0         6 = FREEZING RAIN OR DRIZZLE
                        GRTST DEPTH:   0           7 = DUSTSTORM OR SANDSTORM:
                                                       VSBY 1/2 MILE OR LESS
                                                   8 = SMOKE OR HAZE
[NO. OF DAYS WITH]      [WEATHER - DAYS WITH]      9 = BLOWING SNOW
                                                   X = TORNADO
MAX 32 OR BELOW:   0    0.01 INCH OR MORE:   2
MAX 90 OR ABOVE:  22    0.10 INCH OR MORE:   1
MIN 32 OR BELOW:   0    0.50 INCH OR MORE:   0
MIN  0 OR BELOW:   0    1.00 INCH OR MORE:   0

[HDD (BASE 65) ]
TOTAL THIS MO.     0    CLEAR  (SCALE 0-3)  20
DPTR FM NORMAL     0    PTCLDY (SCALE 4-7)   2
TOTAL FM JUL 1     0    CLOUDY (SCALE 8-10)  0
DPTR FM NORMAL     0

[CDD (BASE 65) ]
TOTAL THIS MO.   576
DPTR FM NORMAL    50    [PRESSURE DATA]
TOTAL FM JAN 1  3200    HIGHEST SLP M ON M
DPTR FM NORMAL   158    LOWEST  SLP M ON M

[REMARKS]




U.S. Dept. of Commerce
NOAA National Weather Service
1325 East West Highway
Silver Spring, MD 20910
E-mail: w-nws.webmaster@noaa.gov
Page last modified: May 16, 2007
NATIONAL WEATHER SERVICE: for Safety, for Work, for Fun - FOR LIFE