253
CXUS54 KCRP 271300
CF6LRD
PRELIMINARY LOCAL CLIMATOLOGICAL DATA (WS FORM: F-6)

                                          STATION:   LAREDO
                                          MONTH:     JANUARY
                                          YEAR:      2015
                                          LATITUDE:   27 31 N
                                          LONGITUDE:  99 28 W

  TEMPERATURE IN F:       :PCPN:    SNOW:  WIND      :SUNSHINE: SKY     :PK WND
================================================================================
1   2   3   4   5  6A  6B    7    8   9   10  11  12  13   14  15   16   17  18
                                     12Z  AVG MX 2MIN
DY MAX MIN AVG DEP HDD CDD  WTR  SNW DPTH SPD SPD DIR MIN PSBL S-S WX    SPD DR
================================================================================

 1  42  38  40 -16  25   0 0.04  0.0    0  6.7  9 330   M    M  10 1      12 330
 2  45  41  43 -13  22   0 0.02  0.0    0  6.4 12 320   M    M  10 1      14 330
 3  63  41  52  -4  13   0 0.01  0.0    0  6.1 16 330   M    M   2        18 330
 4  61  37  49  -7  16   0 0.00  0.0    0  7.2 15  50   M    M   0        17  60
 5  54  36  45 -11  20   0 0.00  0.0    0  6.0 16  60   M    M   0        20  60
 6  65  40  53  -3  12   0 0.00  0.0    0  3.2 12 170   M    M   0        13 190
 7  62  45  54  -2  11   0    T  0.0    0 10.0 24  30   M    M   7        30  20
 8  47  37  42 -14  23   0 0.00  0.0    0  7.7 17 360   M    M   9        21  10
 9  44  36  40 -16  25   0 0.08  0.0    0  9.5 16  20   M    M  10 1      20  10
10  37  33  35 -21  30   0 0.28  0.0    0  8.5 16  10   M    M  10 1      18  10
11  54  37  46 -10  19   0 0.02  0.0    0  4.4 10 300   M    M   5 1      12 300
12  66  37  52  -4  13   0 0.00  0.0    0  7.2 22  40   M    M   1 1      27  40
13  46  43  45 -11  20   0 0.00  0.0    0  7.6 16  30   M    M  10        21  30
14  44  40  42 -14  23   0 0.00  0.0    0  6.4 10  10   M    M  10 1      14  20
15  58  42  50  -6  15   0    T  0.0    0   M  17 330   M    M   3 1      20 330
16  64  44  54  -2  11   0 0.00  0.0    0  2.8  9 100   M    M   0        10 100
17  66  47  57   1   8   0 0.00  0.0    0  5.3 10 150   M    M   0 18     13 160
18  72  47  60   3   5   0 0.00  0.0    0  6.2 14  10   M    M   0 1      17  20
19  77  47  62   5   3   0 0.00  0.0    0  5.9 14 160   M    M   0 1      15 180
20  86  46  66   9   0   1 0.00  0.0    0  3.8 12  90   M    M   0        14  80
21  73  52  63   6   2   0 0.02  0.0    0  7.7 15 350   M    M   8 1      18 360
22  58  46  52  -5  13   0 0.11  0.0    0 13.3 24 360   M    M  10 1      30 360
23  53  38  46 -11  19   0    T  0.0    M 12.8 24 330   M    M   6        29 330
24  67  35  51  -6  14   0 0.00  0.0    M  7.4 13 260   M    M   0        17 260
25  73  40  57   0   8   0 0.00  0.0    M   M   M   M   M    M   0         M  M
26  75  42  59   1   6   0 0.00  0.0    M   M   M   M   M    M   0         M  M
================================================================================
SM 1552 1067       376   1  0.58     0.0 162.1          M      111
================================================================================
AV 59.7 41.0                               7.0 FASTST   M    M   4    MAX(MPH)
                                 MISC ---->    24   M               # 30   20
================================================================================
NOTES:
# LAST OF SEVERAL OCCURRENCES

COLUMN 17 PEAK WIND IN M.P.H.

PRELIMINARY LOCAL CLIMATOLOGICAL DATA (WS FORM: F-6) , PAGE 2

                                          STATION:  LAREDO
                                          MONTH:    JANUARY
                                          YEAR:     2015
                                          LATITUDE:   27 31 N
                                          LONGITUDE:  99 28 W

[TEMPERATURE DATA]      [PRECIPITATION DATA]       SYMBOLS USED IN COLUMN 16

AVERAGE MONTHLY: 50.4   TOTAL FOR MONTH:   0.58    1 = FOG OR MIST
DPTR FM NORMAL:  -6.0   DPTR FM NORMAL:   -0.18    2 = FOG REDUCING VISIBILITY
HIGHEST:    86 ON 20    GRTST 24HR  0.28 ON 10-10      TO 1/4 MILE OR LESS
LOWEST:     33 ON 10                               3 = THUNDER
                        SNOW, ICE PELLETS, HAIL    4 = ICE PELLETS
                        TOTAL MONTH:   0.0 INCH    5 = HAIL
                        GRTST 24HR     0.0         6 = FREEZING RAIN OR DRIZZLE
                        GRTST DEPTH:   0           7 = DUSTSTORM OR SANDSTORM:
                                                       VSBY 1/2 MILE OR LESS
                                                   8 = SMOKE OR HAZE
[NO. OF DAYS WITH]      [WEATHER - DAYS WITH]      9 = BLOWING SNOW
                                                   X = TORNADO
MAX 32 OR BELOW:   0    0.01 INCH OR MORE:   8
MAX 90 OR ABOVE:   0    0.10 INCH OR MORE:   2
MIN 32 OR BELOW:   0    0.50 INCH OR MORE:   0
MIN  0 OR BELOW:   0    1.00 INCH OR MORE:   0

[HDD (BASE 65) ]
TOTAL THIS MO.   376    CLEAR  (SCALE 0-3)  14
DPTR FM NORMAL   126    PTCLDY (SCALE 4-7)   4
TOTAL FM JUL 1   714    CLOUDY (SCALE 8-10)  8
DPTR FM NORMAL    74

[CDD (BASE 65) ]
TOTAL THIS MO.     1
DPTR FM NORMAL   -25    [PRESSURE DATA]
TOTAL FM JAN 1     1    HIGHEST SLP M ON M
DPTR FM NORMAL   -25    LOWEST  SLP M ON M

[REMARKS]




U.S. Dept. of Commerce
NOAA National Weather Service
1325 East West Highway
Silver Spring, MD 20910
E-mail: w-nws.webmaster@noaa.gov
Page last modified: May 16, 2007
NATIONAL WEATHER SERVICE: for Safety, for Work, for Fun - FOR LIFE