089
CXUS55 KJKL 010800
CF6LOZ
PRELIMINARY LOCAL CLIMATOLOGICAL DATA (WS FORM: F-6)

                                          STATION:   LONDON KY
                                          MONTH:     JULY
                                          YEAR:      2014
                                          LATITUDE:   37  4 N
                                          LONGITUDE:  84  5 W

  TEMPERATURE IN F:       :PCPN:    SNOW:  WIND      :SUNSHINE: SKY     :PK WND
================================================================================
1   2   3   4   5  6A  6B    7    8   9   10  11  12  13   14  15   16   17  18
                                     12Z  AVG MX 2MIN
DY MAX MIN AVG DEP HDD CDD  WTR  SNW DPTH SPD SPD DIR MIN PSBL S-S WX    SPD DR
================================================================================

 1  90  73  82   6   0  17 0.00    M    M  6.3 13 250   M    M   5 3      20 250
 2  87  69  78   2   0  13    T    M    M  5.1 14 270   M    M   2 3      20 300
 3  79  68  74  -2   0   9 0.00    M    M  6.5 17 260   M    M   6        24 270
 4  80  59  70  -6   0   5 0.00    M    M  5.5 14  30   M    M   1        19  20
 5  84  54  69  -7   0   4 0.00    M    M  2.6 12 100   M    M   0 18     15 120
 6  88  61  75  -1   0  10 0.00    M    M  4.9 16 240   M    M   3 18     23 180
 7  91  65  78   2   0  13 0.00    M    M  8.3 21 250   M    M   1        28 240
 8  89  71  80   4   0  15 0.08    M    M 10.1 24 250   M    M   0        33 250
 9  87  66  77   1   0  12 0.25    M    M  5.9 15 280   M    M   5 13     23 280
10  89  63  76   0   0  11    T    M    M  2.4 15 360   M    M   4 128    23 330
11  90  63  77   1   0  12 0.00    M    M  1.4 10 340   M    M   1 18     14 330
12  92  62  77   1   0  12 0.00    M    M  2.1 12 260   M    M   1 18     17 270
13  93  68  81   5   0  16    T    M    M  7.1 16 190   M    M   2        21 230
14  84  70  77   1   0  12 3.88    M    M  6.4 30 280   M    M   5 138    48 290
15  80  61  71  -5   0   6 0.36    M    M  8.0 16 270   M    M   5 138    21 270
16  77  56  67  -9   0   2 0.00    M    M  3.1 14  10   M    M   3        20 290
17  80  54  67  -9   0   2 0.00    M    M  2.8 10  70   M    M   2 1      15  90
18  70  63  67  -9   0   2 0.42    M    M  2.7  9 270   M    M   7 1      10 270
19  76  63  70  -6   0   5 0.60    M    M  3.3 14 190   M    M  10 1      16 200
20  85  69  77   1   0  12 0.33    M    M  2.6 12 180   M    M   9 1      14 180
21  89  67  78   2   0  13 0.01    M    M  1.7  9 100   M    M   2 1      11  90
22  91  69  80   4   0  15 0.01    M    M  2.1 15 280   M    M   4        19 290
23  89  71  80   4   0  15 0.45    M    M  4.1 24 250   M    M   2 13     29 260
24  75  60  68  -8   0   3 0.21    M    M  3.9 14 350   M    M   7 128    18 350
25  79  59  69  -7   0   4 0.00    M    M  2.7  9 260   M    M   6 12     12 260
26  86  62  74  -2   0   9 0.00    M    M  4.6 14 270   M    M   1 13     19 260
27  86  70  78   2   0  13 0.40    M    M  6.2 18 290   M    M   6 13     25 270
28  78  62  70  -6   0   5 0.00    M    M  6.7 15 360   M    M   5        21 320
29  73  57  65 -11   0   0 0.00    M    M  4.8 14 280   M    M   4        17 290
30  79  54  67  -9   0   2 0.00    M    M  2.1 10 260   M    M   2 1      13 260
31  83  58  71  -5   0   6 0.00    M    M  1.6  7  30   M    M   1 1      11  80
================================================================================
SM 2599 1967         0 275  7.00    M    137.6          M      112
================================================================================
AV 83.8 63.5                               4.4 FASTST   M    M   4    MAX(MPH)
                                 MISC ---->  # 30 280               # 48  290
================================================================================
NOTES:
# LAST OF SEVERAL OCCURRENCES

COLUMN 17 PEAK WIND IN M.P.H.

PRELIMINARY LOCAL CLIMATOLOGICAL DATA (WS FORM: F-6) , PAGE 2

                                          STATION:  LONDON KY
                                          MONTH:    JULY
                                          YEAR:     2014
                                          LATITUDE:   37  4 N
                                          LONGITUDE:  84  5 W

[TEMPERATURE DATA]      [PRECIPITATION DATA]       SYMBOLS USED IN COLUMN 16

AVERAGE MONTHLY: 73.6   TOTAL FOR MONTH:   7.00    1 = FOG OR MIST
DPTR FM NORMAL:  -2.7   DPTR FM NORMAL:    2.96    2 = FOG REDUCING VISIBILITY
HIGHEST:    93 ON 13    GRTST 24HR  4.23 ON 14-15      TO 1/4 MILE OR LESS
LOWEST:     54 ON 30,17                            3 = THUNDER
                        SNOW, ICE PELLETS, HAIL    4 = ICE PELLETS
                        TOTAL MONTH:    M          5 = HAIL
                        GRTST 24HR    M  ON   M    6 = FREEZING RAIN OR DRIZZLE
                        GRTST DEPTH:  M  ON   M    7 = DUSTSTORM OR SANDSTORM:
                                                       VSBY 1/2 MILE OR LESS
                                                   8 = SMOKE OR HAZE
[NO. OF DAYS WITH]      [WEATHER - DAYS WITH]      9 = BLOWING SNOW
                                                   X = TORNADO
MAX 32 OR BELOW:   0    0.01 INCH OR MORE:  12
MAX 90 OR ABOVE:   6    0.10 INCH OR MORE:   9
MIN 32 OR BELOW:   0    0.50 INCH OR MORE:   2
MIN  0 OR BELOW:   0    1.00 INCH OR MORE:   1

[HDD (BASE 65) ]
TOTAL THIS MO.     0    CLEAR  (SCALE 0-3)  15
DPTR FM NORMAL     0    PTCLDY (SCALE 4-7)  14
TOTAL FM JUL 1     0    CLOUDY (SCALE 8-10)  2
DPTR FM NORMAL     0

[CDD (BASE 65) ]
TOTAL THIS MO.   275
DPTR FM NORMAL   -75    [PRESSURE DATA]
TOTAL FM JAN 1   723    HIGHEST SLP 30.30 ON  5
DPTR FM NORMAL    16    LOWEST  SLP 29.77 ON 27

[REMARKS]
#FINAL-07-14#




U.S. Dept. of Commerce
NOAA National Weather Service
1325 East West Highway
Silver Spring, MD 20910
E-mail: w-nws.webmaster@noaa.gov
Page last modified: May 16, 2007
NATIONAL WEATHER SERVICE: for Safety, for Work, for Fun - FOR LIFE