791
CXUS53 KLMK 240800
CF6LOU
PRELIMINARY LOCAL CLIMATOLOGICAL DATA (WS FORM: F-6)

                                          STATION:   LOUISVILLE BOWMAN KY
                                          MONTH:     NOVEMBER
                                          YEAR:      2014
                                          LATITUDE:   38 13 N
                                          LONGITUDE:  85 40 W

  TEMPERATURE IN F:       :PCPN:    SNOW:  WIND      :SUNSHINE: SKY     :PK WND
================================================================================
1   2   3   4   5  6A  6B    7    8   9   10  11  12  13   14  15   16   17  18
                                     12Z  AVG MX 2MIN
DY MAX MIN AVG DEP HDD CDD  WTR  SNW DPTH SPD SPD DIR MIN PSBL S-S WX    SPD DR
================================================================================

 1  45  29  37 -16  28   0    T    M    M 10.1 21 340   M    M   6        30 340
 2  51  25  38 -15  27   0 0.00    M    M  1.6  8 220   M    M   0        10 210
 3  67  39  53   0  12   0 0.00    M    M  4.5 13 180   M    M   3        19 240
 4  65  50  58   6   7   0 0.02    M    M  7.3 18 280   M    M   5 1      25 180
 5  57  52  55   3  10   0 0.10    M    M  2.3  9 360   M    M   9 1      13 350
 6  55  43  49  -3  16   0 0.04    M    M 12.8 23 290   M    M   9 1      29 270
 7  50  37  44  -7  21   0 0.00    M    M  4.8 16 310   M    M   5        21 310
 8  57  35  46  -5  19   0 0.00    M    M  8.6 18 310   M    M   3        22 300
 9  55  32  44  -6  21   0 0.00    M    M  3.0 12 250   M    M   1        15 270
10  65  36  51   1  14   0 0.00    M    M  6.5 17 180   M    M   0        23 190
11  64  37  51   2  14   0 0.09    M    M 10.7 24 310   M    M   7 18     30 300
12  40  33  37 -12  28   0 0.00    M    M  6.8 18 310   M    M  10        23 310
13  33  26  30 -19  35   0 0.00    M    M 10.4 17 290   M    M   9        23 300
14  36  22  29 -19  36   0 0.00    M    M  4.5 12 290   M    M   2        15 290
15  40  19  30 -18  35   0 0.00    M    M  2.7  9 180   M    M   2        14  90
16  41  33  37 -10  28   0 0.28    M    M  3.3 10 240   M    M  10 18     13 240
17  33  19  26 -21  39   0 0.20    M    M 11.3 21 260   M    M   9 18     29 260
18  24  15  20 -26  45   0 0.00    M    M  9.7 21 260   M    M   1        26 260
19  47  16  32 -14  33   0 0.00    M    M 10.5 22 240   M    M   4        32 210
20  36  23  30 -16  35   0 0.00    M    M  7.6 18 260   M    M   2        22 260
21  41  17  29 -16  36   0 0.00    M    M  3.0  9 120   M    M   0 18     12  80
22  64  35  50   5  15   0    T    M    M  6.2 20 220   M    M   6        26 220
23  60  47  54  10  11   0 0.76    M    M  8.1 17 180   M    M   9 1      24 190
================================================================================
SM 1126  720       565   0  1.49    M    156.3          M      112
================================================================================
AV 49.0 31.3                               6.8 FASTST   M    M   5    MAX(MPH)
                                 MISC ---->  # 24 310               # 32  210
================================================================================
NOTES:
# LAST OF SEVERAL OCCURRENCES

COLUMN 17 PEAK WIND IN M.P.H.

PRELIMINARY LOCAL CLIMATOLOGICAL DATA (WS FORM: F-6) , PAGE 2

                                          STATION:  LOUISVILLE BOWMAN KY
                                          MONTH:    NOVEMBER
                                          YEAR:     2014
                                          LATITUDE:   38 13 N
                                          LONGITUDE:  85 40 W

[TEMPERATURE DATA]      [PRECIPITATION DATA]       SYMBOLS USED IN COLUMN 16

AVERAGE MONTHLY: 40.1   TOTAL FOR MONTH:   1.49    1 = FOG OR MIST
DPTR FM NORMAL:  -8.8   DPTR FM NORMAL:   -1.24    2 = FOG REDUCING VISIBILITY
HIGHEST:    67 ON  3    GRTST 24HR  0.76 ON 23-23      TO 1/4 MILE OR LESS
LOWEST:     15 ON 18                               3 = THUNDER
                        SNOW, ICE PELLETS, HAIL    4 = ICE PELLETS
                        TOTAL MONTH:    M          5 = HAIL
                        GRTST 24HR    M  ON   M    6 = FREEZING RAIN OR DRIZZLE
                        GRTST DEPTH:  M  ON   M    7 = DUSTSTORM OR SANDSTORM:
                                                       VSBY 1/2 MILE OR LESS
                                                   8 = SMOKE OR HAZE
[NO. OF DAYS WITH]      [WEATHER - DAYS WITH]      9 = BLOWING SNOW
                                                   X = TORNADO
MAX 32 OR BELOW:   1    0.01 INCH OR MORE:   7
MAX 90 OR ABOVE:   0    0.10 INCH OR MORE:   4
MIN 32 OR BELOW:  11    0.50 INCH OR MORE:   1
MIN  0 OR BELOW:   0    1.00 INCH OR MORE:   0

[HDD (BASE 65) ]
TOTAL THIS MO.   565    CLEAR  (SCALE 0-3)   9
DPTR FM NORMAL   194    PTCLDY (SCALE 4-7)   7
TOTAL FM JUL 1   826    CLOUDY (SCALE 8-10)  7
DPTR FM NORMAL   179

[CDD (BASE 65) ]
TOTAL THIS MO.     0
DPTR FM NORMAL     0    [PRESSURE DATA]
TOTAL FM JAN 1  1536    HIGHEST SLP M ON M
DPTR FM NORMAL    94    LOWEST  SLP 29.33 ON 23

[REMARKS]




U.S. Dept. of Commerce
NOAA National Weather Service
1325 East West Highway
Silver Spring, MD 20910
E-mail: w-nws.webmaster@noaa.gov
Page last modified: May 16, 2007
NATIONAL WEATHER SERVICE: for Safety, for Work, for Fun - FOR LIFE