750
CXUS53 KLMK 250800
CF6LOU
PRELIMINARY LOCAL CLIMATOLOGICAL DATA (WS FORM: F-6)

                                          STATION:   LOUISVILLE BOWMAN KY
                                          MONTH:     APRIL
                                          YEAR:      2014
                                          LATITUDE:   38 13 N
                                          LONGITUDE:  85 40 W

  TEMPERATURE IN F:       :PCPN:    SNOW:  WIND      :SUNSHINE: SKY     :PK WND
================================================================================
1   2   3   4   5  6A  6B    7    8   9   10  11  12  13   14  15   16   17  18
                                     12Z  AVG MX 2MIN
DY MAX MIN AVG DEP HDD CDD  WTR  SNW DPTH SPD SPD DIR MIN PSBL S-S WX    SPD DR
================================================================================

 1  80  57  69  17   0   4 0.13    M    M  7.9 21 270   M    M   4 3      28 290
 2  67  58  63  10   2   0    T    M    M  5.0 15 340   M    M   8 3      31 350
 3  70  54  62   9   3   0 1.56    M    M  5.9 17 240   M    M   6 138    24 250
 4  66  47  57   4   8   0 1.15    M    M 11.9 36 320   M    M   9 13     46 310
 5  56  40  48  -6  17   0 0.00    M    M  5.4 23 300   M    M   4        27 310
 6  64  40  52  -2  13   0 0.00    M    M  5.0 13  80   M    M   0        17  80
 7  62  48  55   1  10   0 0.95    M    M  7.8 23 250   M    M  10 138    33 230
 8  63  45  54  -1  11   0 0.02    M    M  5.6 20 340   M    M   7 18     29 350
 9  67  41  54  -1  11   0 0.00    M    M  5.5 16 250   M    M   1 18     21 310
10  79  46  63   8   2   0 0.00    M    M 10.1 22 210   M    M   0        32 200
11  76  55  66  10   0   1 0.00    M    M  8.1 20 240   M    M   4        27 250
12  82  54  68  12   0   3 0.00    M    M  8.1 21 170   M    M   2        32 190
13  85  71  78  22   0  13 0.00    M    M 13.1 22 190   M    M   2        33 200
14  77  42  60   3   5   0 0.75    M    M 11.9 23 300   M    M   9 13     35 210
15  48  36  42 -15  23   0 0.18    M    M  9.1 21 310   M    M   8 1      26 310
16  56  32  44 -13  21   0 0.00    M    M  5.9 15  90   M    M   0        20  80
17  70  42  56  -2   9   0 0.00    M    M  4.3 16 200   M    M   0        22 210
18  74  45  60   2   5   0 0.00    M    M  1.1 10  60   M    M   1        15  80
19  76  50  63   5   2   0 0.00    M    M  7.2 17  80   M    M   0        22  50
20  81  48  65   6   0   0 0.00    M    M  2.9  9 150   M    M   0        13 130
21  81  52  67   8   0   2    T    M    M  4.1 15 280   M    M   2 8      21 270
22  76  53  65   6   0   0 0.01    M    M  8.6 21 310   M    M   4 8      26 290
23  66  45  56  -4   9   0 0.00    M    M  5.2 13 330   M    M   0        20  30
24  76  53  65   5   0   0    T    M    M  7.2 13 120   M    M   1        18 100
================================================================================
SM 1698 1154       151  23  4.75    M    166.9          M       82
================================================================================
AV 70.8 48.1                               7.0 FASTST   M    M   3    MAX(MPH)
                                 MISC ---->  # 36 320               # 46  310
================================================================================
NOTES:
# LAST OF SEVERAL OCCURRENCES

COLUMN 17 PEAK WIND IN M.P.H.

PRELIMINARY LOCAL CLIMATOLOGICAL DATA (WS FORM: F-6) , PAGE 2

                                          STATION:  LOUISVILLE BOWMAN KY
                                          MONTH:    APRIL
                                          YEAR:     2014
                                          LATITUDE:   38 13 N
                                          LONGITUDE:  85 40 W

[TEMPERATURE DATA]      [PRECIPITATION DATA]       SYMBOLS USED IN COLUMN 16

AVERAGE MONTHLY: 59.4   TOTAL FOR MONTH:   4.75    1 = FOG OR MIST
DPTR FM NORMAL:   3.2   DPTR FM NORMAL:    1.67    2 = FOG REDUCING VISIBILITY
HIGHEST:    85 ON 13    GRTST 24HR  2.49 ON  3- 4      TO 1/4 MILE OR LESS
LOWEST:     32 ON 16                               3 = THUNDER
                        SNOW, ICE PELLETS, HAIL    4 = ICE PELLETS
                        TOTAL MONTH:    M          5 = HAIL
                        GRTST 24HR    M  ON   M    6 = FREEZING RAIN OR DRIZZLE
                        GRTST DEPTH:  M  ON   M    7 = DUSTSTORM OR SANDSTORM:
                                                       VSBY 1/2 MILE OR LESS
                                                   8 = SMOKE OR HAZE
[NO. OF DAYS WITH]      [WEATHER - DAYS WITH]      9 = BLOWING SNOW
                                                   X = TORNADO
MAX 32 OR BELOW:   0    0.01 INCH OR MORE:   8
MAX 90 OR ABOVE:   0    0.10 INCH OR MORE:   6
MIN 32 OR BELOW:   1    0.50 INCH OR MORE:   4
MIN  0 OR BELOW:   0    1.00 INCH OR MORE:   2

[HDD (BASE 65) ]
TOTAL THIS MO.   151    CLEAR  (SCALE 0-3)  13
DPTR FM NORMAL   -85    PTCLDY (SCALE 4-7)   8
TOTAL FM JUL 1  4637    CLOUDY (SCALE 8-10)  3
DPTR FM NORMAL   478

[CDD (BASE 65) ]
TOTAL THIS MO.    23
DPTR FM NORMAL    -1    [PRESSURE DATA]
TOTAL FM JAN 1    23    HIGHEST SLP M ON M
DPTR FM NORMAL    -5    LOWEST  SLP 29.36 ON  7

[REMARKS]




U.S. Dept. of Commerce
NOAA National Weather Service
1325 East West Highway
Silver Spring, MD 20910
E-mail: w-nws.webmaster@noaa.gov
Page last modified: May 16, 2007
NATIONAL WEATHER SERVICE: for Safety, for Work, for Fun - FOR LIFE