781
CXUS53 KMKX 280705
CF6LNR
PRELIMINARY LOCAL CLIMATOLOGICAL DATA (WS FORM: F-6)

                                          STATION:   LONE ROCK WI
                                          MONTH:     JULY
                                          YEAR:      2014
                                          LATITUDE:   43 12 N
                                          LONGITUDE:  90 11 W

  TEMPERATURE IN F:       :PCPN:    SNOW:  WIND      :SUNSHINE: SKY     :PK WND
================================================================================
1   2   3   4   5  6A  6B    7    8   9   10  11  12  13   14  15   16   17  18
                                     12Z  AVG MX 2MIN
DY MAX MIN AVG DEP HDD CDD  WTR  SNW DPTH SPD SPD DIR MIN PSBL S-S WX    SPD DR
================================================================================

 1  81  66  74   3   0   9    T  0.0    0 10.6 25 290   M    M   5        32 280
 2  72  57  65  -6   0   0 0.01  0.0    0  7.1 16 310   M    M   8 18     20 320
 3  79  52  66  -5   0   1 0.00  0.0    0  4.1 14 300   M    M   2 12     18 310
 4  83  53  68  -3   0   3 0.00    M    M  3.5 10 160   M    M   1 128    16 120
 5  78  56  67  -4   0   2 0.00    M    M  7.4 18 200   M    M   5        25 200
 6  85  67  76   5   0  11    T    M    M  6.4 17 300   M    M   9 38     23 300
 7  87  64  76   4   0  11 0.62  0.0    0  6.4 28 220   M    M   2 1238   37 220
 8  80  62  71  -1   0   6    T  0.0    0  9.0 23 290   M    M   4        30 280
 9  79  58  69  -3   0   4 0.00  0.0    0  5.2 16 320   M    M   1 1      21 320
10  83  55  69  -3   0   4 0.00  0.0    0  4.0 13 180   M    M   3        17 150
11  80  64  72   0   0   7 0.01  0.0    0  4.9 13 180   M    M   3        17 200
12  81  69  75   3   0  10 1.03  0.0    0  3.3 18 350   M    M   7 18     25 350
13  85  60  73   1   0   8 0.00  0.0    0  8.1 21 280   M    M   5 18     28 290
14  78  56  67  -5   0   2    T    M    M  8.8 21 290   M    M   6 128    27 280
15  74  54  64  -8   1   0    T    M    M  7.2 18 310   M    M   8 128    26 300
16  78  51  65  -7   0   0 0.00    M    M  2.9 12  20   M    M   6 128    14  40
17  81  49  65  -7   0   0 0.00  0.0    0  1.4  8 210   M    M   2 128    12 230
18  84  56  70  -2   0   5 0.00  0.0    0  4.0 14 220   M    M   4 8      19 160
19  84  58  71   0   0   6 0.00  0.0    M  3.5 13 180   M    M   1        17 180
20  86  61  74   3   0   9 0.00  0.0    0  5.7 16 190   M    M   3        24 210
21  91  66  79   8   0  14 0.00    M    M  6.4 16 170   M    M   4 8      20 160
22  96  74  85  14   0  20 0.00    M    M  6.7 17 340   M    M   3        24 330
23  84  64  74   3   0   9 0.00  0.0    0  5.2 13  10   M    M   3        18  10
24  83  58  71   0   0   6 0.00  0.0    0  2.2  9 200   M    M   3        13 250
25  75  61  68  -3   0   3 0.02  0.0    0  5.6 14 190   M    M   7        20 200
26  83  68  76   5   0  11 0.01  0.0    0  2.6 13 270   M    M   5 128    16 260
27  80  65  73   2   0   8    T    M    M 11.0 23 300   M    M   5 128    32 300
================================================================================
SM 2210 1624         1 169  1.70     0.0 153.2          M      115
================================================================================
AV 81.9 60.1                               5.7 FASTST   M    M   4    MAX(MPH)
                                 MISC ---->  # 28 220               # 37  220
================================================================================
NOTES:
# LAST OF SEVERAL OCCURRENCES

COLUMN 17 PEAK WIND IN M.P.H.

PRELIMINARY LOCAL CLIMATOLOGICAL DATA (WS FORM: F-6) , PAGE 2

                                          STATION:  LONE ROCK WI
                                          MONTH:    JULY
                                          YEAR:     2014
                                          LATITUDE:   43 12 N
                                          LONGITUDE:  90 11 W

[TEMPERATURE DATA]      [PRECIPITATION DATA]       SYMBOLS USED IN COLUMN 16

AVERAGE MONTHLY: 71.0   TOTAL FOR MONTH:   1.70    1 = FOG OR MIST
DPTR FM NORMAL:  -0.4   DPTR FM NORMAL:   -2.56    2 = FOG REDUCING VISIBILITY
HIGHEST:    96 ON 22    GRTST 24HR  1.03 ON 12-12      TO 1/4 MILE OR LESS
LOWEST:     49 ON 17                               3 = THUNDER
                        SNOW, ICE PELLETS, HAIL    4 = ICE PELLETS
                        TOTAL MONTH:   0.0 INCH    5 = HAIL
                        GRTST 24HR     0.0         6 = FREEZING RAIN OR DRIZZLE
                        GRTST DEPTH:   0           7 = DUSTSTORM OR SANDSTORM:
                                                       VSBY 1/2 MILE OR LESS
                                                   8 = SMOKE OR HAZE
[NO. OF DAYS WITH]      [WEATHER - DAYS WITH]      9 = BLOWING SNOW
                                                   X = TORNADO
MAX 32 OR BELOW:   0    0.01 INCH OR MORE:   6
MAX 90 OR ABOVE:   2    0.10 INCH OR MORE:   2
MIN 32 OR BELOW:   0    0.50 INCH OR MORE:   2
MIN  0 OR BELOW:   0    1.00 INCH OR MORE:   1

[HDD (BASE 65) ]
TOTAL THIS MO.     1    CLEAR  (SCALE 0-3)  12
DPTR FM NORMAL     1    PTCLDY (SCALE 4-7)  13
TOTAL FM JUL 1     1    CLOUDY (SCALE 8-10)  2
DPTR FM NORMAL     1

[CDD (BASE 65) ]
TOTAL THIS MO.   169
DPTR FM NORMAL   -15    [PRESSURE DATA]
TOTAL FM JAN 1   462    HIGHEST SLP M ON M
DPTR FM NORMAL   121    LOWEST  SLP 29.58 ON  7

[REMARKS]




U.S. Dept. of Commerce
NOAA National Weather Service
1325 East West Highway
Silver Spring, MD 20910
E-mail: w-nws.webmaster@noaa.gov
Page last modified: May 16, 2007
NATIONAL WEATHER SERVICE: for Safety, for Work, for Fun - FOR LIFE