737
CXUS53 KMKX 280655
CF6LNR
PRELIMINARY LOCAL CLIMATOLOGICAL DATA (WS FORM: F-6)

                                          STATION:   LONE ROCK WI
                                          MONTH:     NOVEMBER
                                          YEAR:      2014
                                          LATITUDE:   43 12 N
                                          LONGITUDE:  90 11 W

  TEMPERATURE IN F:       :PCPN:    SNOW:  WIND      :SUNSHINE: SKY     :PK WND
================================================================================
1   2   3   4   5  6A  6B    7    8   9   10  11  12  13   14  15   16   17  18
                                     12Z  AVG MX 2MIN
DY MAX MIN AVG DEP HDD CDD  WTR  SNW DPTH SPD SPD DIR MIN PSBL S-S WX    SPD DR
================================================================================

 1  49  21  35  -8  30   0 0.00  0.0    0  2.4  7 170   M    M   0        10 130
 2  57  25  41  -2  24   0 0.00  0.0    0  8.0 18 180   M    M   4        24 190
 3  64  41  53  11  12   0 0.13    M    0  7.4 20 190   M    M   4        24 180
 4  64  44  54  12  11   0 0.01    M    0 13.1 23 290   M    M   4 8      29 250
 5  55  33  44   3  21   0 0.01    M    0  5.1 15 110   M    M   6        18 100
 6  49  38  44   3  21   0    T  0.0    0 12.5 24 330   M    M  10        30 330
 7  46  27  37  -3  28   0    T  0.0    0  5.5 15 170   M    M   5        19 160
 8  50  38  44   4  21   0    T  0.0    0 11.0 25 340   M    M   6 8      36 310
 9  54  39  47   8  18   0 0.02  0.0    0  6.1 18 280   M    M   8        23 220
10  61  40  51  12  14   0    T    M    0 10.9 21  90   M    M   8 8      25  80
11  42  27  35  -3  30   0 0.02    M    0 12.7 23 300   M    M  10 8      32 300
12  29  23  26 -12  39   0    T    M    0 11.0 18 280   M    M   8        25 290
13  32  26  29  -8  36   0    T    M    M 10.5 20 300   M    M  10 8      24 300
14  31  13  22 -15  43   0 0.00    M    M  5.2 12 260   M    M   6        15 250
15  28   9  19 -17  46   0 0.07    M    M  1.5  8 290   M    M   6 8      10 270
16  30   9  20 -16  45   0    T    M    0  4.2 15 230   M    M   7 8      21 240
17  18   0   9 -26  56   0    T    M    0 11.6 25 280   M    M   5        32 280
18  20  10  15 -20  50   0 0.00  0.0    0 11.1 22 270   M    M   7        28 270
19  30  20  25  -9  40   0    T    M    0 10.9 28 280   M    M   9        35 280
20  27   7  17 -17  48   0 0.00  0.0    0 11.1 25 300   M    M   0        31 280
21  37   0  19 -14  46   0 0.00  0.0    0  5.1 15 200   M    M   2        20 220
22  56  35  46  14  19   0 0.00  0.0    0  4.7 15 200   M    M  10 18     21 210
23  56  48  52  20  13   0 0.59    M    0  6.9 17 180   M    M  10 18     24 170
24  50  24  37   6  28   0 0.17    M    0 14.8 24 270   M    M  10 18     33 280
25  28   6  17 -14  48   0 0.00  0.0    0  6.2 14 280   M    M   5 8      17 280
26  26   6  16 -14  49   0    T    M    0  3.4 10  20   M    M   6 8      11  20
27  27   4  16 -14  49   0    T    M    M  6.9 17 300   M    M   4 8      21 320
================================================================================
SM 1116  613       885   0  1.02     0.0 219.8          M      170
================================================================================
AV 41.3 22.7                               8.1 FASTST   M    M   6    MAX(MPH)
                                 MISC ---->  # 28 280               # 36  310
================================================================================
NOTES:
# LAST OF SEVERAL OCCURRENCES

COLUMN 17 PEAK WIND IN M.P.H.

PRELIMINARY LOCAL CLIMATOLOGICAL DATA (WS FORM: F-6) , PAGE 2

                                          STATION:  LONE ROCK WI
                                          MONTH:    NOVEMBER
                                          YEAR:     2014
                                          LATITUDE:   43 12 N
                                          LONGITUDE:  90 11 W

[TEMPERATURE DATA]      [PRECIPITATION DATA]       SYMBOLS USED IN COLUMN 16

AVERAGE MONTHLY: 32.0   TOTAL FOR MONTH:   1.02    1 = FOG OR MIST
DPTR FM NORMAL:  -4.6   DPTR FM NORMAL:   -0.81    2 = FOG REDUCING VISIBILITY
HIGHEST:    64 ON  4, 3 GRTST 24HR  0.70 ON 23-24      TO 1/4 MILE OR LESS
LOWEST:      0 ON 21,17                            3 = THUNDER
                        SNOW, ICE PELLETS, HAIL    4 = ICE PELLETS
                        TOTAL MONTH:   0.0 INCH    5 = HAIL
                        GRTST 24HR     0.0         6 = FREEZING RAIN OR DRIZZLE
                        GRTST DEPTH:   0           7 = DUSTSTORM OR SANDSTORM:
                                                       VSBY 1/2 MILE OR LESS
                                                   8 = SMOKE OR HAZE
[NO. OF DAYS WITH]      [WEATHER - DAYS WITH]      9 = BLOWING SNOW
                                                   X = TORNADO
MAX 32 OR BELOW:  12    0.01 INCH OR MORE:   8
MAX 90 OR ABOVE:   0    0.10 INCH OR MORE:   3
MIN 32 OR BELOW:  18    0.50 INCH OR MORE:   1
MIN  0 OR BELOW:   2    1.00 INCH OR MORE:   0

[HDD (BASE 65) ]
TOTAL THIS MO.   885    CLEAR  (SCALE 0-3)   3
DPTR FM NORMAL   119    PTCLDY (SCALE 4-7)  15
TOTAL FM JUL 1  1404    CLOUDY (SCALE 8-10)  9
DPTR FM NORMAL   -51

[CDD (BASE 65) ]
TOTAL THIS MO.     0
DPTR FM NORMAL     0    [PRESSURE DATA]
TOTAL FM JAN 1   866    HIGHEST SLP M ON M
DPTR FM NORMAL   295    LOWEST  SLP 29.08 ON 24

[REMARKS]




U.S. Dept. of Commerce
NOAA National Weather Service
1325 East West Highway
Silver Spring, MD 20910
E-mail: w-nws.webmaster@noaa.gov
Page last modified: May 16, 2007
NATIONAL WEATHER SERVICE: for Safety, for Work, for Fun - FOR LIFE