819
CXUS53 KMKX 290701
CF6LNR
PRELIMINARY LOCAL CLIMATOLOGICAL DATA (WS FORM: F-6)

                                          STATION:   LONE ROCK WI
                                          MONTH:     JANUARY
                                          YEAR:      2015
                                          LATITUDE:   43 12 N
                                          LONGITUDE:  90 11 W

  TEMPERATURE IN F:       :PCPN:    SNOW:  WIND      :SUNSHINE: SKY     :PK WND
================================================================================
1   2   3   4   5  6A  6B    7    8   9   10  11  12  13   14  15   16   17  18
                                     12Z  AVG MX 2MIN
DY MAX MIN AVG DEP HDD CDD  WTR  SNW DPTH SPD SPD DIR MIN PSBL S-S WX    SPD DR
================================================================================

 1  35  15  25   7  40   0 0.00  0.0    0  7.0 20 280   M    M   5        26 280
 2  35  17  26   8  39   0 0.00  0.0    0  1.7  7 100   M    M   3        10  40
 3  37  30  34  16  31   0 0.01    M    M  4.8 12 100   M    M  10 8      14 100
 4  35   0  18   0  47   0 0.01    M    M 13.8 23 300   M    M   6 8      32 320
 5   7  -4   2 -16  63   0 0.09    M    0  5.7 14 280   M    M   4        18 270
 6  15 -13   1 -17  64   0    T    M    0  9.0 24 340   M    M   2 8      35 320
 7   8  -6   1 -17  64   0 0.00  0.0    0 12.2 23 330   M    M   2        30 320
 8  18  -9   5 -13  60   0 0.01    M    M 11.2 31 300   M    M   6 8      42 300
 9  13   1   7 -11  58   0    T    M    M 13.9 25 290   M    M   4 8      33 280
10  26 -13   7 -11  58   0 0.00    M    M  3.4 15 200   M    M   5        19 210
11  30   5  18   0  47   0 0.00    M    M  1.5 12 360   M    M   2        16 330
12  24  -2  11  -6  54   0 0.00  0.0    0  7.5 18 350   M    M   2        24 350
13  21 -12   5 -12  60   0 0.00  0.0    0  1.7  7 270   M    M   2         8 290
14  22  -4   9  -8  56   0 0.00  0.0    0  2.5  7 210   M    M   9        10 260
15  38  20  29  12  36   0 0.00  0.0    0  7.8 17 280   M    M   5 18     21 270
16  34  23  29  12  36   0 0.00  0.0    0  8.5 17 110   M    M   7 18     23 120
17  42  26  34  17  31   0    T    M    0 10.6 23 290   M    M   5 18     30 280
18  43  25  34  17  31   0 0.00  0.0    0  7.5 17 290   M    M   5        25 280
19  35  19  27  10  38   0    T    M    M  3.6 10  90   M    M   6 1      11  90
20  34  30  32  15  33   0 0.04    M    M  6.3 13 100   M    M  10 1      15  90
21  31  27  29  12  36   0    T    M    M  4.8 13  90   M    M   8 1      15  90
22  32  27  30  13  35   0 0.00  0.0    0  7.4 15 220   M    M   9 18     19 220
23  36  27  32  14  33   0 0.00  0.0    0  9.4 17 210   M    M   7        24 230
24  39  28  34  16  31   0 0.00  0.0    0  4.4 13 280   M    M   7 1      16 270
25  34  15  25   7  40   0    T    M    0  9.7 24  70   M    M   9 18     31  70
26  26  11  19   1  46   0 0.06    M    M  3.3  8 100   M    M   8 128    10 190
27  30  25  28  10  37   0 0.00    M    M  3.6 12 360   M    M  10 18     18  20
28  35  22  29  11  36   0 0.00    M    M  9.3 18 120   M    M   7 18     24 140
================================================================================
SM  815  330      1240   0  0.22     0.0 192.1          M      165
================================================================================
AV 29.1 11.8                               6.9 FASTST   M    M   6    MAX(MPH)
                                 MISC ---->  # 31 300               # 42  300
================================================================================
NOTES:
# LAST OF SEVERAL OCCURRENCES

COLUMN 17 PEAK WIND IN M.P.H.

PRELIMINARY LOCAL CLIMATOLOGICAL DATA (WS FORM: F-6) , PAGE 2

                                          STATION:  LONE ROCK WI
                                          MONTH:    JANUARY
                                          YEAR:     2015
                                          LATITUDE:   43 12 N
                                          LONGITUDE:  90 11 W

[TEMPERATURE DATA]      [PRECIPITATION DATA]       SYMBOLS USED IN COLUMN 16

AVERAGE MONTHLY: 20.4   TOTAL FOR MONTH:   0.22    1 = FOG OR MIST
DPTR FM NORMAL:   2.8   DPTR FM NORMAL:   -0.77    2 = FOG REDUCING VISIBILITY
HIGHEST:    43 ON 18    GRTST 24HR  0.09 ON  5- 5      TO 1/4 MILE OR LESS
LOWEST:    -13 ON 10, 6                            3 = THUNDER
                        SNOW, ICE PELLETS, HAIL    4 = ICE PELLETS
                        TOTAL MONTH:   0.0 INCH    5 = HAIL
                        GRTST 24HR     0.0         6 = FREEZING RAIN OR DRIZZLE
                        GRTST DEPTH:   0           7 = DUSTSTORM OR SANDSTORM:
                                                       VSBY 1/2 MILE OR LESS
                                                   8 = SMOKE OR HAZE
[NO. OF DAYS WITH]      [WEATHER - DAYS WITH]      9 = BLOWING SNOW
                                                   X = TORNADO
MAX 32 OR BELOW:  14    0.01 INCH OR MORE:   6
MAX 90 OR ABOVE:   0    0.10 INCH OR MORE:   0
MIN 32 OR BELOW:  28    0.50 INCH OR MORE:   0
MIN  0 OR BELOW:   9    1.00 INCH OR MORE:   0

[HDD (BASE 65) ]
TOTAL THIS MO.  1240    CLEAR  (SCALE 0-3)   6
DPTR FM NORMAL   -89    PTCLDY (SCALE 4-7)  14
TOTAL FM JUL 1  3790    CLOUDY (SCALE 8-10)  8
DPTR FM NORMAL  -424

[CDD (BASE 65) ]
TOTAL THIS MO.     0
DPTR FM NORMAL     0    [PRESSURE DATA]
TOTAL FM JAN 1     0    HIGHEST SLP M ON M
DPTR FM NORMAL     0    LOWEST  SLP 29.52 ON 17

[REMARKS]




U.S. Dept. of Commerce
NOAA National Weather Service
1325 East West Highway
Silver Spring, MD 20910
E-mail: w-nws.webmaster@noaa.gov
Page last modified: May 16, 2007
NATIONAL WEATHER SERVICE: for Safety, for Work, for Fun - FOR LIFE