460
CXUS53 KOAX 261000
CF6LNK
PRELIMINARY LOCAL CLIMATOLOGICAL DATA (WS FORM: F-6)

                                          STATION:   LINCOLN, NEBRASKA
                                          MONTH:     JANUARY
                                          YEAR:      2015
                                          LATITUDE:   40 50 N
                                          LONGITUDE:  96 45 W

  TEMPERATURE IN F:       :PCPN:    SNOW:  WIND      :SUNSHINE: SKY     :PK WND
================================================================================
1   2   3   4   5  6A  6B    7    8   9   10  11  12  13   14  15   16   17  18
                                     12Z  AVG MX 2MIN
DY MAX MIN AVG DEP HDD CDD  WTR  SNW DPTH SPD SPD DIR MIN PSBL S-S WX    SPD DR
================================================================================

 1  35   8  22  -3  43   0 0.00  0.0    1  4.2 13 230   M    M   0        14 230
 2  33  11  22  -2  43   0 0.00  0.0    T  3.3 13 180   M    M   2 1      16 180
 3  38   9  24   0  41   0 0.05  0.7    0 11.7 36 340   M    M   3 189    43 350
 4  11   0   6 -18  59   0 0.01  0.2    1 12.0 35 350   M    M   3 19     40 350
 5  26   6  16  -8  49   0 0.00  0.0    1 12.0 31 340   M    M   8        39 340
 6  21   7  14 -10  51   0    T    T    1 14.0 36 350   M    M   5 89     41 340
 7  11  -3   4 -20  61   0 0.00  0.0    1 16.6 33 360   M    M   1 89     40 350
 8  35   3  19  -5  46   0 0.00  0.0    1 20.5 40 200   M    M   3        48 200
 9  19   4  12 -12  53   0    T    T    T  9.5 23 330   M    M   1        29 340
10  42   2  22  -2  43   0 0.00  0.0    T 11.8 29 210   M    M   0        35 200
11  37   9  23  -1  42   0 0.00  0.0    T  8.5 23 360   M    M   1        27  10
12  20  -2   9 -15  56   0 0.00  0.0    T 12.1 22  10   M    M   1        25  10
13  25  -4  11 -13  54   0 0.00  0.0    T  5.8 12 180   M    M   3        15 170
14  40  16  28   4  37   0 0.00  0.0    T  3.6 10 310   M    M   3        13 320
15  49  16  33   9  32   0 0.00  0.0    0  5.6 17 320   M    M   0        24 310
16  59  20  40  16  25   0 0.00  0.0    0  8.8 20 230   M    M   0        24 240
17  53  37  45  21  20   0    T  0.0    0 15.3 39 310   M    M   1        49 320
18  58  22  40  16  25   0 0.00  0.0    0  3.5 13 270   M    M   0        21 270
19  60  22  41  17  24   0 0.00  0.0    0  5.8 20 330   M    M   0        24 330
20  52  27  40  16  25   0 0.00  0.0    0  9.7 26 310   M    M   1        33 310
21  47  23  35  11  30   0 0.00  0.0    0 10.5 21 310   M    M   4        27 330
22  39  21  30   5  35   0 0.00  0.0    0  5.2 13 200   M    M   6        16 180
23  49  18  34   9  31   0 0.00  0.0    0  7.3 15 250   M    M   1        19 200
24  57  27  42  17  23   0 0.03  0.0    0 10.0 21 250   M    M   3        26 310
25  46  30  38  13  27   0    T  0.0    0 16.5 38 330   M    M   8        46 320
================================================================================
SM  962  329       975   0  0.09     0.9 243.8          M       58
================================================================================
AV 38.5 13.2                               9.8 FASTST   M    M   2    MAX(MPH)
                                 MISC ---->  # 40 200               # 49  320
================================================================================
NOTES:
# LAST OF SEVERAL OCCURRENCES

COLUMN 17 PEAK WIND IN M.P.H.

PRELIMINARY LOCAL CLIMATOLOGICAL DATA (WS FORM: F-6) , PAGE 2

                                          STATION:  LINCOLN, NEBRASKA
                                          MONTH:    JANUARY
                                          YEAR:     2015
                                          LATITUDE:   40 50 N
                                          LONGITUDE:  96 45 W

[TEMPERATURE DATA]      [PRECIPITATION DATA]       SYMBOLS USED IN COLUMN 16

AVERAGE MONTHLY: 25.8   TOTAL FOR MONTH:   0.09    1 = FOG OR MIST
DPTR FM NORMAL:   1.6   DPTR FM NORMAL:   -0.41    2 = FOG REDUCING VISIBILITY
HIGHEST:    60 ON 19    GRTST 24HR  0.05 ON  3- 3      TO 1/4 MILE OR LESS
LOWEST:     -4 ON 13                               3 = THUNDER
                        SNOW, ICE PELLETS, HAIL    4 = ICE PELLETS
                        TOTAL MONTH:   0.9 INCH    5 = HAIL
                        GRTST 24HR   0.7 ON   M    6 = FREEZING RAIN OR DRIZZLE
                        GRTST DEPTH:   1 ON  8, 7  7 = DUSTSTORM OR SANDSTORM:
                                                       VSBY 1/2 MILE OR LESS
                                                   8 = SMOKE OR HAZE
[NO. OF DAYS WITH]      [WEATHER - DAYS WITH]      9 = BLOWING SNOW
                                                   X = TORNADO
MAX 32 OR BELOW:   7    0.01 INCH OR MORE:   3
MAX 90 OR ABOVE:   0    0.10 INCH OR MORE:   0
MIN 32 OR BELOW:  24    0.50 INCH OR MORE:   0
MIN  0 OR BELOW:   4    1.00 INCH OR MORE:   0

[HDD (BASE 65) ]
TOTAL THIS MO.   975    CLEAR  (SCALE 0-3)  18
DPTR FM NORMAL   -41    PTCLDY (SCALE 4-7)   7
TOTAL FM JUL 1  3316    CLOUDY (SCALE 8-10)  0
DPTR FM NORMAL  -145

[CDD (BASE 65) ]
TOTAL THIS MO.     0
DPTR FM NORMAL     0    [PRESSURE DATA]
TOTAL FM JAN 1     0    HIGHEST SLP M ON M
DPTR FM NORMAL     0    LOWEST  SLP 29.66 ON 24

[REMARKS]




U.S. Dept. of Commerce
NOAA National Weather Service
1325 East West Highway
Silver Spring, MD 20910
E-mail: w-nws.webmaster@noaa.gov
Page last modified: May 16, 2007
NATIONAL WEATHER SERVICE: for Safety, for Work, for Fun - FOR LIFE