454
CXUS53 KOAX 311000
CF6LNK
PRELIMINARY LOCAL CLIMATOLOGICAL DATA (WS FORM: F-6)

                                          STATION:   LINCOLN, NEBRASKA
                                          MONTH:     JULY
                                          YEAR:      2014
                                          LATITUDE:   40 50 N
                                          LONGITUDE:  96 45 W

  TEMPERATURE IN F:       :PCPN:    SNOW:  WIND      :SUNSHINE: SKY     :PK WND
================================================================================
1   2   3   4   5  6A  6B    7    8   9   10  11  12  13   14  15   16   17  18
                                     12Z  AVG MX 2MIN
DY MAX MIN AVG DEP HDD CDD  WTR  SNW DPTH SPD SPD DIR MIN PSBL S-S WX    SPD DR
================================================================================

 1  85  62  74  -3   0   9 0.00  0.0    0 13.3 30 320   M    M   1        42 310
 2  75  54  65 -12   0   0 0.00  0.0    0  9.5 23 330   M    M   4        29 330
 3  81  50  66 -11   0   1 0.00  0.0    0  5.9 14 150   M    M   0        18 160
 4  86  58  72  -5   0   7 0.00  0.0    0 14.3 28 170   M    M   1        34 150
 5  90  69  80   3   0  15 0.01  0.0    0 10.3 23  30   M    M   3 138    32  30
 6  99  69  84   7   0  19 0.00  0.0    0  6.2 20 360   M    M   0 1      24  10
 7  94  67  81   4   0  16 0.14  0.0    0  6.7 16  10   M    M   3 3       M  M
 8  85  63  74  -4   0   9 0.00  0.0    0 10.2 24 320   M    M   1        32 310
 9  86  59  73  -5   0   8 0.14  0.0    0  4.2 17 190   M    M   2 3      22 190
10  88  65  77  -1   0  12 0.00  0.0    0 13.0 25 170   M    M   1 8      30 160
11  94  71  83   5   0  18 0.00  0.0    0  8.6 17  50   M    M   0        19  50
12  92  72  82   4   0  17 0.03  0.0    0  8.1 20  10   M    M   1 8      23  20
13  92  65  79   1   0  14 0.06  0.0    0  5.5 29 310   M    M   1 1      35 310
14  81  59  70  -8   0   5 0.07  0.0    0 11.3 26 350   M    M   3        33 330
15  76  52  64 -14   1   0 0.00  0.0    0  9.1 21  10   M    M   2        26 350
16  79  48  64 -14   1   0 0.00  0.0    0  3.1 10  20   M    M   2        12 210
17  82  52  67 -11   0   2 0.00  0.0    0  5.9 14 160   M    M   3        18 140
18  81  58  70  -8   0   5 0.00  0.0    0 11.5 23 190   M    M   4        28 180
19  85  58  72  -6   0   7 0.00  0.0    0 11.6 23 180   M    M   3        27 170
20  94  66  80   2   0  15 0.00  0.0    0 15.5 25 160   M    M   0        31 160
21 102  76  89  11   0  24 0.00  0.0    0 14.4 21 200   M    M   0        27 200
22  96  73  85   7   0  20 0.00  0.0    0  9.7 22  10   M    M   0        27  30
23  89  64  77  -1   0  12 0.00  0.0    0  7.5 15  30   M    M   0        20  60
24  89  68  79   1   0  14    T  0.0    0 15.8 28 170   M    M   0        32 170
25  99  72  86   8   0  21 0.04  0.0    0  9.4 23 340   M    M   0 3      26 350
26  94  75  85   7   0  20 0.02  0.0    0  7.0 21  40   M    M   2 13     24  40
27  87  66  77  -1   0  12 0.00  0.0    0 11.6 26 340   M    M   0        35 360
28  81  57  69  -9   0   4 0.00  0.0    0  9.5 18 340   M    M   2        24 360
29  84  54  69  -8   0   4 0.00  0.0    0  5.4 14 360   M    M   2        23  50
30  84  56  70  -7   0   5 0.00  0.0    0  5.3 14  30   M    M   2        18  10
================================================================================
SM 2630 1878         2 315  0.51     0.0 279.4          M       43
================================================================================
AV 87.7 62.6                               9.3 FASTST   M    M   1    MAX(MPH)
                                 MISC ---->  # 30 320               # 42  310
================================================================================
NOTES:
# LAST OF SEVERAL OCCURRENCES

COLUMN 17 PEAK WIND IN M.P.H.

PRELIMINARY LOCAL CLIMATOLOGICAL DATA (WS FORM: F-6) , PAGE 2

                                          STATION:  LINCOLN, NEBRASKA
                                          MONTH:    JULY
                                          YEAR:     2014
                                          LATITUDE:   40 50 N
                                          LONGITUDE:  96 45 W

[TEMPERATURE DATA]      [PRECIPITATION DATA]       SYMBOLS USED IN COLUMN 16

AVERAGE MONTHLY: 75.1   TOTAL FOR MONTH:   0.51    1 = FOG OR MIST
DPTR FM NORMAL:  -2.6   DPTR FM NORMAL:   -2.78    2 = FOG REDUCING VISIBILITY
HIGHEST:   102 ON 21    GRTST 24HR  0.14 ON  9- 9      TO 1/4 MILE OR LESS
LOWEST:     48 ON 16                               3 = THUNDER
                        SNOW, ICE PELLETS, HAIL    4 = ICE PELLETS
                        TOTAL MONTH:   0.0 INCH    5 = HAIL
                        GRTST 24HR     0.0         6 = FREEZING RAIN OR DRIZZLE
                        GRTST DEPTH:   0           7 = DUSTSTORM OR SANDSTORM:
                                                       VSBY 1/2 MILE OR LESS
                                                   8 = SMOKE OR HAZE
[NO. OF DAYS WITH]      [WEATHER - DAYS WITH]      9 = BLOWING SNOW
                                                   X = TORNADO
MAX 32 OR BELOW:   0    0.01 INCH OR MORE:   8
MAX 90 OR ABOVE:  11    0.10 INCH OR MORE:   2
MIN 32 OR BELOW:   0    0.50 INCH OR MORE:   0
MIN  0 OR BELOW:   0    1.00 INCH OR MORE:   0

[HDD (BASE 65) ]
TOTAL THIS MO.     2    CLEAR  (SCALE 0-3)  26
DPTR FM NORMAL     2    PTCLDY (SCALE 4-7)   4
TOTAL FM JUL 1     2    CLOUDY (SCALE 8-10)  0
DPTR FM NORMAL     2

[CDD (BASE 65) ]
TOTAL THIS MO.   315
DPTR FM NORMAL   -66    [PRESSURE DATA]
TOTAL FM JAN 1   753    HIGHEST SLP M ON M
DPTR FM NORMAL    51    LOWEST  SLP 29.68 ON 25

[REMARKS]




U.S. Dept. of Commerce
NOAA National Weather Service
1325 East West Highway
Silver Spring, MD 20910
E-mail: w-nws.webmaster@noaa.gov
Page last modified: May 16, 2007
NATIONAL WEATHER SERVICE: for Safety, for Work, for Fun - FOR LIFE