178
CXUS53 KOAX 231000
CF6LNK
PRELIMINARY LOCAL CLIMATOLOGICAL DATA (WS FORM: F-6)

                                          STATION:   LINCOLN, NEBRASKA
                                          MONTH:     APRIL
                                          YEAR:      2014
                                          LATITUDE:   40 50 N
                                          LONGITUDE:  96 45 W

  TEMPERATURE IN F:       :PCPN:    SNOW:  WIND      :SUNSHINE: SKY     :PK WND
================================================================================
1   2   3   4   5  6A  6B    7    8   9   10  11  12  13   14  15   16   17  18
                                     12Z  AVG MX 2MIN
DY MAX MIN AVG DEP HDD CDD  WTR  SNW DPTH SPD SPD DIR MIN PSBL S-S WX    SPD DR
================================================================================

 1  46  25  36 -10  29   0 0.00  0.0    0  8.7 25 320   M    M   5        36 320
 2  45  34  40  -7  25   0 0.01  0.0    0 12.6 22  70   M    M   8 18     27  70
 3  42  34  38  -9  27   0 0.32    T    0 16.4 28 350   M    M   8 138    33 310
 4  49  29  39  -8  26   0    T    T    0 13.6 26 320   M    M   7 1      37 330
 5  67  21  44  -4  21   0 0.00  0.0    0 12.9 24 180   M    M   0 8      31 180
 6  64  42  53   5  12   0    T  0.0    0  9.8 25 180   M    M   7 8      32 180
 7  68  41  55   7  10   0 0.01  0.0    0 11.4 29 350   M    M   6 8      36 350
 8  62  35  49   0  16   0 0.00  0.0    0 10.4 25 350   M    M   1        31 350
 9  84  33  59  10   6   0 0.00  0.0    0 10.5 28 210   M    M   0        35 210
10  70  41  56   6   9   0 0.00  0.0    0 10.3 30 350   M    M   0        40  10
11  79  39  59   9   6   0 0.00  0.0    0  9.3 20 160   M    M   3 8      26 160
12  85  55  70  20   0   5 0.00  0.0    0 11.8 21 190   M    M   1 8      27 200
13  61  34  48  -3  17   0 1.14  0.5    0 27.5 44  10   M    M   9 138    54  40
14  45  25  35 -16  30   0 0.00  0.0    T 16.1 38 360   M    M   4        46 340
15  60  19  40 -11  25   0 0.00  0.0    0 10.6 24 170   M    M   0 18     30 180
16  70  37  54   2  11   0 0.00  0.0    0 23.6 33 190   M    M   2        42 190
17  58  33  46  -6  19   0 0.00  0.0    0  7.8 22 350   M    M   4        26 360
18  72  31  52   0  13   0 0.00  0.0    0 13.2 28 160   M    M   1 8      35 180
19  82  53  68  15   0   3 0.00  0.0    0 17.1 29 200   M    M   3        35 170
20  83  57  70  17   0   5 0.59  0.0    0 11.9 28 230   M    M   3 3      32 220
21  77  49  63   9   2   0 0.06  0.0    0 15.0 32  10   M    M   3 1      44 360
22  73  38  56   2   9   0 0.00  0.0    0  9.1 18 150   M    M   2        23 140
================================================================================
SM 1442  805       313  13  2.13     0.5 289.6          M       77
================================================================================
AV 65.5 36.6                              13.2 FASTST   M    M   4    MAX(MPH)
                                 MISC ---->  # 44  10               # 54   40
================================================================================
NOTES:
# LAST OF SEVERAL OCCURRENCES

COLUMN 17 PEAK WIND IN M.P.H.

PRELIMINARY LOCAL CLIMATOLOGICAL DATA (WS FORM: F-6) , PAGE 2

                                          STATION:  LINCOLN, NEBRASKA
                                          MONTH:    APRIL
                                          YEAR:     2014
                                          LATITUDE:   40 50 N
                                          LONGITUDE:  96 45 W

[TEMPERATURE DATA]      [PRECIPITATION DATA]       SYMBOLS USED IN COLUMN 16

AVERAGE MONTHLY: 51.1   TOTAL FOR MONTH:   2.13    1 = FOG OR MIST
DPTR FM NORMAL:   1.0   DPTR FM NORMAL:    0.32    2 = FOG REDUCING VISIBILITY
HIGHEST:    85 ON 12    GRTST 24HR  1.14 ON 13-13      TO 1/4 MILE OR LESS
LOWEST:     19 ON 15                               3 = THUNDER
                        SNOW, ICE PELLETS, HAIL    4 = ICE PELLETS
                        TOTAL MONTH:   0.5 INCH    5 = HAIL
                        GRTST 24HR   0.5 ON 13-13  6 = FREEZING RAIN OR DRIZZLE
                        GRTST DEPTH:   T           7 = DUSTSTORM OR SANDSTORM:
                                                       VSBY 1/2 MILE OR LESS
                                                   8 = SMOKE OR HAZE
[NO. OF DAYS WITH]      [WEATHER - DAYS WITH]      9 = BLOWING SNOW
                                                   X = TORNADO
MAX 32 OR BELOW:   0    0.01 INCH OR MORE:   6
MAX 90 OR ABOVE:   0    0.10 INCH OR MORE:   3
MIN 32 OR BELOW:   6    0.50 INCH OR MORE:   2
MIN  0 OR BELOW:   0    1.00 INCH OR MORE:   1

[HDD (BASE 65) ]
TOTAL THIS MO.   313    CLEAR  (SCALE 0-3)  12
DPTR FM NORMAL   -22    PTCLDY (SCALE 4-7)   7
TOTAL FM JUL 1  6287    CLOUDY (SCALE 8-10)  3
DPTR FM NORMAL   476

[CDD (BASE 65) ]
TOTAL THIS MO.    13
DPTR FM NORMAL     8    [PRESSURE DATA]
TOTAL FM JAN 1    13    HIGHEST SLP  0.00 ON 20
DPTR FM NORMAL     7    LOWEST  SLP  0.00 ON 20

[REMARKS]




U.S. Dept. of Commerce
NOAA National Weather Service
1325 East West Highway
Silver Spring, MD 20910
E-mail: w-nws.webmaster@noaa.gov
Page last modified: May 16, 2007
NATIONAL WEATHER SERVICE: for Safety, for Work, for Fun - FOR LIFE