996
CXUS53 KOAX 110215
CF6LNK
PRELIMINARY LOCAL CLIMATOLOGICAL DATA (WS FORM: F-6)

                                          STATION:   LINCOLN, NEBRASKA
                                          MONTH:     NOVEMBER
                                          YEAR:      2014
                                          LATITUDE:   40 50 N
                                          LONGITUDE:  96 45 W

  TEMPERATURE IN F:       :PCPN:    SNOW:  WIND      :SUNSHINE: SKY     :PK WND
================================================================================
1   2   3   4   5  6A  6B    7    8   9   10  11  12  13   14  15   16   17  18
                                     12Z  AVG MX 2MIN
DY MAX MIN AVG DEP HDD CDD  WTR  SNW DPTH SPD SPD DIR MIN PSBL S-S WX    SPD DR
================================================================================

 1  54  22  38  -9  27   0 0.00  0.0    0 14.6 26 170   M    M   0        32 180
 2  65  43  54   8  11   0 0.00  0.0    0 18.4 31 180   M    M   0        38 180
 3  68  46  57  11   8   0 0.21  0.0    0 15.8 31 320   M    M   4 13     40 310
 4  64  38  51   6  14   0 0.00  0.0    0  6.5 17 250   M    M   0        22 240
 5  69  37  53   8  12   0 0.01  0.0    0 11.0 29 300   M    M   1        41 280
 6  54  35  45   1  20   0 0.00  0.0    0  9.1 24 330   M    M   0        35 330
 7  64  31  48   4  17   0 0.00  0.0    0 13.0 38 340   M    M   0        47 350
 8  52  33  43   0  22   0 0.00  0.0    0 11.9 33 350   M    M   1        41 340
 9  65  40  53  11  12   0 0.00  0.0    0  5.6 17 210   M    M   0        22 200
10  57  23  40  -2  25   0 0.03  0.4    0 19.3 37 350   M    M   4 1      44 350
11  27  18  23 -18  42   0 0.03  0.4    1 20.9 35 350   M    M   4 189    39 350
12  25  12  19 -22  46   0 0.00  0.0    T 14.5 23 340   M    M   3        29 340
13  27  10  19 -21  46   0    T    T    T  9.4 23 330   M    M   3        26 340
14  28   4  16 -24  49   0 0.00  0.0    T  5.7 14 130   M    M   4        16 130
15  28  16  22 -17  43   0 0.19  2.2    T  9.8 25 330   M    M   8 128    32 340
16  26   5  16 -23  49   0 0.00  0.0    2 11.7 28 330   M    M   3        33 310
17  20   7  14 -24  51   0 0.00  0.0    2 13.5 31 340   M    M   2        37 330
18  41   7  24 -14  41   0 0.00  0.0    2  8.3 21 310   M    M   1        26 320
19  40  14  27 -10  38   0 0.00  0.0    2 10.4 29 330   M    M   4        37 320
20  36   9  23 -13  42   0 0.00  0.0    1  2.5 12  70   M    M   0        13  70
21  46  18  32  -4  33   0 0.00  0.0    1  8.3 16 170   M    M   3 18     21 170
22  58  37  48  13  17   0 0.00  0.0    0 12.8 24 190   M    M   8 1      31 180
23  57  36  47  12  18   0    T  0.0    0 17.7 38 340   M    M   8        48 340
24  39  25  32  -2  33   0 0.00  0.0    0 18.2 33 310   M    M   5        41 320
25  49  16  33  -1  32   0    T  0.0    0  7.7 20 210   M    M   3        26 180
26  42  17  30  -3  35   0 0.00  0.0    0 18.4 35 340   M    M   7        43 330
27  33  12  23 -10  42   0 0.00  0.0    0  8.2 16 140   M    M   2        21 130
28  62  23  43  11  22   0 0.00  0.0    0  7.0 16 190   M    M   0        20 200
29  75  28  52  20  13   0 0.00  0.0    0  8.4 30 360   M    M   0        35  10
30  28  13  21 -10  44   0 0.00  0.0    0 21.4 32 350   M    M   1        39 360
================================================================================
SM 1399  675       904   0  0.47     3.0 360.0          M       79
================================================================================
AV 46.6 22.5                              12.0 FASTST   M    M   3    MAX(MPH)
                                 MISC ---->  # 38 340               # 48  340
================================================================================
NOTES:
# LAST OF SEVERAL OCCURRENCES

COLUMN 17 PEAK WIND IN M.P.H.

PRELIMINARY LOCAL CLIMATOLOGICAL DATA (WS FORM: F-6) , PAGE 2

                                          STATION:  LINCOLN, NEBRASKA
                                          MONTH:    NOVEMBER
                                          YEAR:     2014
                                          LATITUDE:   40 50 N
                                          LONGITUDE:  96 45 W

[TEMPERATURE DATA]      [PRECIPITATION DATA]       SYMBOLS USED IN COLUMN 16

AVERAGE MONTHLY: 34.6   TOTAL FOR MONTH:   0.47    1 = FOG OR MIST
DPTR FM NORMAL:  -4.3   DPTR FM NORMAL:   -0.96    2 = FOG REDUCING VISIBILITY
HIGHEST:    75 ON 29    GRTST 24HR  0.21 ON  2- 3      TO 1/4 MILE OR LESS
LOWEST:      4 ON 14                               3 = THUNDER
                        SNOW, ICE PELLETS, HAIL    4 = ICE PELLETS
                        TOTAL MONTH:   3.0 INCHES  5 = HAIL
                        GRTST 24HR   2.2 ON   M    6 = FREEZING RAIN OR DRIZZLE
                        GRTST DEPTH:   2 ON 19,18  7 = DUSTSTORM OR SANDSTORM:
                                                       VSBY 1/2 MILE OR LESS
                                                   8 = SMOKE OR HAZE
[NO. OF DAYS WITH]      [WEATHER - DAYS WITH]      9 = BLOWING SNOW
                                                   X = TORNADO
MAX 32 OR BELOW:   8    0.01 INCH OR MORE:   5
MAX 90 OR ABOVE:   0    0.10 INCH OR MORE:   2
MIN 32 OR BELOW:  21    0.50 INCH OR MORE:   0
MIN  0 OR BELOW:   0    1.00 INCH OR MORE:   0

[HDD (BASE 65) ]
TOTAL THIS MO.   904    CLEAR  (SCALE 0-3)  19
DPTR FM NORMAL   122    PTCLDY (SCALE 4-7)  11
TOTAL FM JUL 1  1309    CLOUDY (SCALE 8-10)  0
DPTR FM NORMAL    48

[CDD (BASE 65) ]
TOTAL THIS MO.     0
DPTR FM NORMAL     0    [PRESSURE DATA]
TOTAL FM JAN 1  1237    HIGHEST SLP 30.67 ON 13
DPTR FM NORMAL    64    LOWEST  SLP 29.36 ON 10

[REMARKS]
#FINAL-11-14#




U.S. Dept. of Commerce
NOAA National Weather Service
1325 East West Highway
Silver Spring, MD 20910
E-mail: w-nws.webmaster@noaa.gov
Page last modified: May 16, 2007
NATIONAL WEATHER SERVICE: for Safety, for Work, for Fun - FOR LIFE