256
CXUS55 KRIW 230901
CF6LND
PRELIMINARY LOCAL CLIMATOLOGICAL DATA (WS FORM: F-6)

                                          STATION:   LANDER WY
                                          MONTH:     NOVEMBER
                                          YEAR:      2014
                                          LATITUDE:   42 49 N
                                          LONGITUDE: 108 44 W

  TEMPERATURE IN F:       :PCPN:    SNOW:  WIND      :SUNSHINE: SKY     :PK WND
================================================================================
1   2   3   4   5  6A  6B    7    8   9   10  11  12  13   14  15   16   17  18
                                     12Z  AVG MX 2MIN
DY MAX MIN AVG DEP HDD CDD  WTR  SNW DPTH SPD SPD DIR MIN PSBL S-S WX    SPD DR
================================================================================

 1  71  36  54  15  11   0    T  0.0    0  8.9 51 200   M    M   2        68 190
 2  56  32  44   5  21   0 0.00  0.0    0  7.0 21 310   M    M   2        28 220
 3  50  24  37  -1  28   0 0.00  0.0    0  4.6 15 150   M    M   4        19 150
 4  50  21  36  -2  29   0 0.00  0.0    0  4.2 15 250   M    M   0        21 300
 5  58  31  45   8  20   0 0.00  0.0    0  7.1 20 130   M    M   0        23 130
 6  60  29  45   8  20   0 0.00  0.0    0  3.4 13 260   M    M   0        14 250
 7  63  35  49  13  16   0 0.00  0.0    0  6.7 18  60   M    M   3        22  60
 8  65  29  47  11  18   0 0.00  0.0    0  4.5 13 130   M    M   0        14 140
 9  67  32  50  15  15   0    T  0.0    0  9.4 26 240   M    M   1        37 270
10  51   9  30  -4  35   0 0.32  6.1    T  5.4 39 290   M    M   7 128    49 310
11  11  -4   4 -30  61   0 0.19  2.0    5  7.0 16  70   M    M  10 128    18  50
12   3 -13  -5 -38  70   0    T    T    3  1.8 10 250   M    M   2        11 250
13   3 -18  -7 -40  72   0 0.00  0.0    3  1.8  8 330   M    M   2 18      9 330
14  15  -7   4 -28  61   0    T    T    3  2.7  9 150   M    M   2 18     11 160
15  11  -6   3 -29  62   0 0.04  0.4    3  4.3 15 130   M    M   7 18     17  50
16  24 -12   6 -25  59   0 0.00  0.0    3  4.1 12 240   M    M   1 18     12 250
17  32   6  19 -11  46   0 0.00  0.0    1  2.3  9 150   M    M   0        14 150
18  31   6  19 -11  46   0 0.00  0.0    1  3.2  9 300   M    M   0 8      13 330
19  34  16  25  -4  40   0 0.00  0.0    T  3.0  8 220   M    M   1 8       9 230
20  31  12  22  -7  43   0 0.00  0.0    T  3.3  9 320   M    M   2 18      M  M
21   M  21   M   M   M   M 0.00  0.0    T  4.3 17 270   M    M   M        19 250
22   M   M   M   M   M   M    T  0.0    0  9.9 51 320   M    M   M        39  39
================================================================================
SM  786  279       773   0  0.55     8.5 108.9          M       46
================================================================================
AV 39.3 13.3                               5.0 FASTST   M    M   2    MAX(MPH)
                                 MISC ---->  # 51 200               # 68  190
================================================================================
NOTES:
# LAST OF SEVERAL OCCURRENCES

COLUMN 17 PEAK WIND IN M.P.H.

PRELIMINARY LOCAL CLIMATOLOGICAL DATA (WS FORM: F-6) , PAGE 2

                                          STATION:  LANDER WY
                                          MONTH:    NOVEMBER
                                          YEAR:     2014
                                          LATITUDE:   42 49 N
                                          LONGITUDE: 108 44 W

[TEMPERATURE DATA]      [PRECIPITATION DATA]       SYMBOLS USED IN COLUMN 16

AVERAGE MONTHLY: 26.3   TOTAL FOR MONTH:   0.55    1 = FOG OR MIST
DPTR FM NORMAL:  -7.3   DPTR FM NORMAL:   -0.11    2 = FOG REDUCING VISIBILITY
HIGHEST:    71 ON  1    GRTST 24HR  0.34 ON 10-11      TO 1/4 MILE OR LESS
LOWEST:    -18 ON 13                               3 = THUNDER
                        SNOW, ICE PELLETS, HAIL    4 = ICE PELLETS
                        TOTAL MONTH:   8.5 INCHES  5 = HAIL
                        GRTST 24HR   6.1 ON   M    6 = FREEZING RAIN OR DRIZZLE
                        GRTST DEPTH:   5 ON 11     7 = DUSTSTORM OR SANDSTORM:
                                                       VSBY 1/2 MILE OR LESS
                                                   8 = SMOKE OR HAZE
[NO. OF DAYS WITH]      [WEATHER - DAYS WITH]      9 = BLOWING SNOW
                                                   X = TORNADO
MAX 32 OR BELOW:   9    0.01 INCH OR MORE:   3
MAX 90 OR ABOVE:   0    0.10 INCH OR MORE:   2
MIN 32 OR BELOW:  19    0.50 INCH OR MORE:   0
MIN  0 OR BELOW:   6    1.00 INCH OR MORE:   0

[HDD (BASE 65) ]
TOTAL THIS MO.   773    CLEAR  (SCALE 0-3)  16
DPTR FM NORMAL    79    PTCLDY (SCALE 4-7)   3
TOTAL FM JUL 1  1395    CLOUDY (SCALE 8-10)  1
DPTR FM NORMAL  -160

[CDD (BASE 65) ]
TOTAL THIS MO.     0
DPTR FM NORMAL     0    [PRESSURE DATA]
TOTAL FM JAN 1   445    HIGHEST SLP M ON M
DPTR FM NORMAL   -27    LOWEST  SLP 29.42 ON  9

[REMARKS]




U.S. Dept. of Commerce
NOAA National Weather Service
1325 East West Highway
Silver Spring, MD 20910
E-mail: w-nws.webmaster@noaa.gov
Page last modified: May 16, 2007
NATIONAL WEATHER SERVICE: for Safety, for Work, for Fun - FOR LIFE