373
CXUS55 KRIW 310901
CF6LND
PRELIMINARY LOCAL CLIMATOLOGICAL DATA (WS FORM: F-6)

                                          STATION:   LANDER WY
                                          MONTH:     JANUARY
                                          YEAR:      2015
                                          LATITUDE:   42 49 N
                                          LONGITUDE: 108 44 W

  TEMPERATURE IN F:       :PCPN:    SNOW:  WIND      :SUNSHINE: SKY     :PK WND
================================================================================
1   2   3   4   5  6A  6B    7    8   9   10  11  12  13   14  15   16   17  18
                                     12Z  AVG MX 2MIN
DY MAX MIN AVG DEP HDD CDD  WTR  SNW DPTH SPD SPD DIR MIN PSBL S-S WX    SPD DR
================================================================================

 1   6 -20  -7 -28  72   0 0.00  0.0   11  2.3  8 270   M    M   6 18      9 280
 2  13  -1   6 -15  59   0 0.00  0.0   11  2.3 10 310   M    M   2 18     12 260
 3  18  -2   8 -13  57   0    T  0.1   10  3.4 13  70   M    M   7 128    14  70
 4   8  -5   2 -19  63   0 0.00  0.0   10  3.9 10 240   M    M   4 128    12 270
 5  38  -3  18  -3  47   0 0.00  0.0   10  4.4 14 240   M    M   0 18     19 330
 6  51  14  33  12  32   0    T    T    9  7.7 25 240   M    M   0        27 240
 7  17  11  14  -7  51   0    T    T    8  3.0 12 240   M    M   8 18     15 240
 8  29   8  19  -2  46   0    T  0.1    8  5.0 16 250   M    M   4 18     18 250
 9  20  11  16  -6  49   0 0.00  0.0    8  2.3  7 360   M    M   6 1       8 350
10  25  10  18  -4  47   0 0.00  0.0    8  2.3  9 320   M    M   0 18     10 320
11  31  18  25   3  40   0    T  0.1    8  5.4 10 340   M    M   7 18     13 310
12  28  23  26   4  39   0 0.00  0.0    8  1.9 12 340   M    M  10 1      13 340
13  24  20  22   0  43   0 0.00  0.0    7  3.9 10 150   M    M  10 12     11 150
14  21   9  15  -7  50   0 0.00  0.0    7  4.0  9 250   M    M  10 128    11 250
15  17   4  11 -11  54   0    T    T    7  2.5 10 330   M    M   8 128    12 340
16  48  11  30   8  35   0 0.00  0.0    6  8.5 33 260   M    M   1 8      40 260
17  40  15  28   6  37   0 0.00  0.0    5  4.4 24  50   M    M   0        28  50
18  53  22  38  16  27   0 0.00  0.0    4  8.4 33 300   M    M   0        48 310
19  45  21  33  11  32   0 0.00  0.0    3  6.1 28 280   M    M   0        35 270
20  34  14  24   2  41   0 0.00  0.0    3  7.3 22 240   M    M   1        26 230
21  27   9  18  -4  47   0 0.00  0.0    2  4.5 15 240   M    M   3        17 240
22  22   0  11 -11  54   0 0.00  0.0    2  1.9 10 280   M    M   1 8      11 280
23  35  10  23   1  42   0 0.00  0.0    1  3.0 12 250   M    M   3 1      13 250
24  47  12  30   8  35   0 0.00  0.0    1  6.3 25 320   M    M   1 12     33 310
25  48  28  38  16  27   0 0.00  0.0    T  2.5 10 250   M    M   0        13 250
26  44  26  35  13  30   0 0.00  0.0    T  3.0 10 260   M    M   0        11 250
27  44  22  33  11  32   0 0.00  0.0    T  2.2 15 240   M    M   1        17 250
28  46  31  39  17  26   0 0.00  0.0    0  5.2 15 240   M    M   5        18 360
29  41  27  34  12  31   0 0.00  0.0    0  2.4  9 250   M    M   3        10 240
30  38  24  31   9  34   0 0.00  0.0    0  1.9 10 250   M    M   3        11 250
================================================================================
SM  958  369      1279   0    T      0.3 121.9          M      104
================================================================================
AV 31.9 12.3                               4.1 FASTST   M    M   3    MAX(MPH)
                                 MISC ---->  # 33 260               # 48  310
================================================================================
NOTES:
# LAST OF SEVERAL OCCURRENCES

COLUMN 17 PEAK WIND IN M.P.H.

PRELIMINARY LOCAL CLIMATOLOGICAL DATA (WS FORM: F-6) , PAGE 2

                                          STATION:  LANDER WY
                                          MONTH:    JANUARY
                                          YEAR:     2015
                                          LATITUDE:   42 49 N
                                          LONGITUDE: 108 44 W

[TEMPERATURE DATA]      [PRECIPITATION DATA]       SYMBOLS USED IN COLUMN 16

AVERAGE MONTHLY: 22.1   TOTAL FOR MONTH:      T    1 = FOG OR MIST
DPTR FM NORMAL:   0.4   DPTR FM NORMAL:   -0.40    2 = FOG REDUCING VISIBILITY
HIGHEST:    53 ON 18    GRTST 24HR    T  ON 15-15      TO 1/4 MILE OR LESS
LOWEST:    -20 ON  1                               3 = THUNDER
                        SNOW, ICE PELLETS, HAIL    4 = ICE PELLETS
                        TOTAL MONTH:   0.3 INCH    5 = HAIL
                        GRTST 24HR   0.1 ON   M    6 = FREEZING RAIN OR DRIZZLE
                        GRTST DEPTH:  11 ON  2, 1  7 = DUSTSTORM OR SANDSTORM:
                                                       VSBY 1/2 MILE OR LESS
                                                   8 = SMOKE OR HAZE
[NO. OF DAYS WITH]      [WEATHER - DAYS WITH]      9 = BLOWING SNOW
                                                   X = TORNADO
MAX 32 OR BELOW:  15    0.01 INCH OR MORE:   0
MAX 90 OR ABOVE:   0    0.10 INCH OR MORE:   0
MIN 32 OR BELOW:  30    0.50 INCH OR MORE:   0
MIN  0 OR BELOW:   6    1.00 INCH OR MORE:   0

[HDD (BASE 65) ]
TOTAL THIS MO.  1279    CLEAR  (SCALE 0-3)  18
DPTR FM NORMAL   -20    PTCLDY (SCALE 4-7)   8
TOTAL FM JUL 1  4106    CLOUDY (SCALE 8-10)  4
DPTR FM NORMAL  -439

[CDD (BASE 65) ]
TOTAL THIS MO.     0
DPTR FM NORMAL     0    [PRESSURE DATA]
TOTAL FM JAN 1     0    HIGHEST SLP M ON M
DPTR FM NORMAL     0    LOWEST  SLP 30.00 ON 11

[REMARKS]




U.S. Dept. of Commerce
NOAA National Weather Service
1325 East West Highway
Silver Spring, MD 20910
E-mail: w-nws.webmaster@noaa.gov
Page last modified: May 16, 2007
NATIONAL WEATHER SERVICE: for Safety, for Work, for Fun - FOR LIFE