053
CXUS55 KRIW 230901
CF6LND
PRELIMINARY LOCAL CLIMATOLOGICAL DATA (WS FORM: F-6)

                                          STATION:   LANDER WY
                                          MONTH:     APRIL
                                          YEAR:      2014
                                          LATITUDE:   42 49 N
                                          LONGITUDE: 108 44 W

  TEMPERATURE IN F:       :PCPN:    SNOW:  WIND      :SUNSHINE: SKY     :PK WND
================================================================================
1   2   3   4   5  6A  6B    7    8   9   10  11  12  13   14  15   16   17  18
                                     12Z  AVG MX 2MIN
DY MAX MIN AVG DEP HDD CDD  WTR  SNW DPTH SPD SPD DIR MIN PSBL S-S WX    SPD DR
================================================================================

 1  45  27  36  -4  29   0    T  0.0    0  4.7 16 150   M    M   7 1      20 150
 2  49  28  39  -1  26   0 0.00  0.0    0  5.1 22  50   M    M   4        26  40
 3  45  25  35  -5  30   0 0.00  0.0    0  7.3 16 200   M    M   5        21 190
 4  53  24  39  -2  26   0 0.00  0.0    0  4.9 20 290   M    M   1        27 280
 5  55  28  42   1  23   0 0.00  0.0    0  4.5 16  10   M    M   2        22 180
 6  54  26  40  -1  25   0    T  0.0    0  7.3 30 340   M    M   2        38 330
 7  60  25  43   1  22   0 0.00  0.0    0  7.8 29 340   M    M   0 8      38 350
 8  71  36  54  12  11   0 0.00  0.0    0  5.1  9 300   M    M   0         M  M
 9  69  44  57  15   8   0 0.00  0.0    0 11.8 29 260   M    M   0        39 280
10  65  34  50   8  15   0 0.00  0.0    0  6.3 24 290   M    M   0        29 290
11  69  34  52  10  13   0 0.00  0.0    0  8.9 30 260   M    M   0        39 260
12  61  32  47   4  18   0 0.09    T    0  8.6 23  90   M    M   3 1      27  90
13  32  16  24 -19  41   0 0.50  4.3    3  9.0 18  40   M    M  10 128    22  30
14  45  11  28 -15  37   0 0.00  0.0    4  4.7 16 240   M    M   0        18 240
15  62  31  47   3  18   0 0.00  0.0    T 11.2 43 330   M    M   2        55 330
16  51  29  40  -4  25   0 0.00  0.0    0  4.8 14 330   M    M   3        17  50
17  62  25  44   0  21   0 0.00  0.0    0  3.9 13 260   M    M   0        14 260
18  71  39  55  11  10   0    T  0.0    0 13.5 46 240   M    M   0        61 230
19  65  31  48   3  17   0 0.00  0.0    0  4.5 13 240   M    M   0        17 130
20  70  40  55  10  10   0 0.00  0.0    0  7.7 22 290   M    M   0        28 280
21  66  35  51   6  14   0 0.00  0.0    0  5.2 13 130   M    M   2        15 130
22  70  34  52   6  13   0 0.03  0.0    0 11.7 48 180   M    M   3        57 190
================================================================================
SM 1290  654       452   0  0.62     4.3 158.5          M       44
================================================================================
AV 58.6 29.7                               7.2 FASTST   M    M   2    MAX(MPH)
                                 MISC ---->  # 48 180               # 61  230
================================================================================
NOTES:
# LAST OF SEVERAL OCCURRENCES

COLUMN 17 PEAK WIND IN M.P.H.

PRELIMINARY LOCAL CLIMATOLOGICAL DATA (WS FORM: F-6) , PAGE 2

                                          STATION:  LANDER WY
                                          MONTH:    APRIL
                                          YEAR:     2014
                                          LATITUDE:   42 49 N
                                          LONGITUDE: 108 44 W

[TEMPERATURE DATA]      [PRECIPITATION DATA]       SYMBOLS USED IN COLUMN 16

AVERAGE MONTHLY: 44.2   TOTAL FOR MONTH:   0.62    1 = FOG OR MIST
DPTR FM NORMAL:   1.5   DPTR FM NORMAL:   -0.67    2 = FOG REDUCING VISIBILITY
HIGHEST:    71 ON 18, 8 GRTST 24HR  0.57 ON 12-13      TO 1/4 MILE OR LESS
LOWEST:     11 ON 14                               3 = THUNDER
                        SNOW, ICE PELLETS, HAIL    4 = ICE PELLETS
                        TOTAL MONTH:   4.3 INCHES  5 = HAIL
                        GRTST 24HR   4.3 ON   M    6 = FREEZING RAIN OR DRIZZLE
                        GRTST DEPTH:   4 ON 14     7 = DUSTSTORM OR SANDSTORM:
                                                       VSBY 1/2 MILE OR LESS
                                                   8 = SMOKE OR HAZE
[NO. OF DAYS WITH]      [WEATHER - DAYS WITH]      9 = BLOWING SNOW
                                                   X = TORNADO
MAX 32 OR BELOW:   1    0.01 INCH OR MORE:   3
MAX 90 OR ABOVE:   0    0.10 INCH OR MORE:   1
MIN 32 OR BELOW:  14    0.50 INCH OR MORE:   1
MIN  0 OR BELOW:   0    1.00 INCH OR MORE:   0

[HDD (BASE 65) ]
TOTAL THIS MO.   452    CLEAR  (SCALE 0-3)  17
DPTR FM NORMAL   -39    PTCLDY (SCALE 4-7)   4
TOTAL FM JUL 1  7083    CLOUDY (SCALE 8-10)  1
DPTR FM NORMAL   -27

[CDD (BASE 65) ]
TOTAL THIS MO.     0
DPTR FM NORMAL     0    [PRESSURE DATA]
TOTAL FM JAN 1     0    HIGHEST SLP M ON M
DPTR FM NORMAL     0    LOWEST  SLP 29.35 ON 22

[REMARKS]




U.S. Dept. of Commerce
NOAA National Weather Service
1325 East West Highway
Silver Spring, MD 20910
E-mail: w-nws.webmaster@noaa.gov
Page last modified: May 16, 2007
NATIONAL WEATHER SERVICE: for Safety, for Work, for Fun - FOR LIFE