412
CXUS55 KRIW 300901
CF6LND
PRELIMINARY LOCAL CLIMATOLOGICAL DATA (WS FORM: F-6)

                                          STATION:   LANDER WY
                                          MONTH:     JULY
                                          YEAR:      2014
                                          LATITUDE:   42 49 N
                                          LONGITUDE: 108 44 W

  TEMPERATURE IN F:       :PCPN:    SNOW:  WIND      :SUNSHINE: SKY     :PK WND
================================================================================
1   2   3   4   5  6A  6B    7    8   9   10  11  12  13   14  15   16   17  18
                                     12Z  AVG MX 2MIN
DY MAX MIN AVG DEP HDD CDD  WTR  SNW DPTH SPD SPD DIR MIN PSBL S-S WX    SPD DR
================================================================================

 1  76  47  62  -6   3   0 0.00  0.0    0  5.8 13  70   M    M   0        17  80
 2  86  49  68  -1   0   3 0.00  0.0    0  5.5 16  30   M    M   0 8      29 210
 3  91  52  72   3   0   7    T  0.0    0  6.9 36 180   M    M   1        49 160
 4  94  57  76   7   0  11 0.00  0.0    0  5.7 26 310   M    M   0 8      33 300
 5  96  55  76   6   0  11 0.00  0.0    0  8.7 23 270   M    M   0        30 270
 6  95  58  77   7   0  12 0.00  0.0    0  5.3 15 260   M    M   0        18 310
 7  88  56  72   2   0   7 0.00  0.0    0  8.3 21  70   M    M   1        27  70
 8  88  52  70   0   0   5 0.00  0.0    0  6.6 14 240   M    M   1        30 210
 9  98  60  79   9   0  14 0.00  0.0    0  6.8 16 260   M    M   1        21 260
10  87  67  77   6   0  12    T  0.0    0  5.7 17 330   M    M   5        22 340
11  80  60  70  -1   0   5 0.08  0.0    0  6.2 24  30   M    M   8 1      30  20
12  86  57  72   1   0   7    T  0.0    0  4.4 13 220   M    M   1        25 310
13  88  53  71   0   0   6 0.00  0.0    0  5.7 16 250   M    M   3        18 240
14  85  57  71   0   0   6 0.08  0.0    0  7.1 24 300   M    M   2        31 290
15  91  53  72   0   0   7 0.02  0.0    0  6.8 33  20   M    M   0        40  10
16  76  54  65  -7   0   0 0.10  0.0    0  5.0 16  20   M    M   6 1      20  20
17  88  50  69  -3   0   4 0.00  0.0    0  4.9 20 330   M    M   1 8      27 330
18  92  57  75   3   0  10 0.00  0.0    0  8.7 20 300   M    M   0 8      25 260
19  94  60  77   5   0  12 0.00  0.0    0  9.7 24 260   M    M   0 8      33 240
20  92  55  74   2   0   9 0.00  0.0    0 10.8 30 220   M    M   0 8      38 230
21  91  59  75   3   0  10 0.00  0.0    0  9.9 28 220   M    M   0        36 350
22  95  56  76   4   0  11 0.00  0.0    0  5.5 17 230   M    M   0 8      20 230
23  99  61  80   8   0  15 0.00  0.0    0 11.9 39 200   M    M   0        48 200
24  96  68  82  10   0  17 0.00  0.0    0 14.2 33 230   M    M   0        47 250
25  94  55  75   3   0  10 0.00  0.0    0  9.2 38 290   M    M   0        56 280
26  91  52  72   0   0   7 0.00  0.0    0  7.0 17  40   M    M   0        23  30
27  89  57  73   1   0   8 0.00  0.0    0  7.3 16 250   M    M   0        18 240
28  95  58  77   5   0  12 0.00  0.0    0  6.5 18 100   M    M   0        29  70
29  74  58  66  -6   0   1 0.33  0.0    0  5.6 14  20   M    M   9 1      16  20
================================================================================
SM 2595 1633         3 239  0.61     0.0 211.7          M       39
================================================================================
AV 89.5 56.3                               7.3 FASTST   M    M   1    MAX(MPH)
                                 MISC ---->  # 39 200               # 56  280
================================================================================
NOTES:
# LAST OF SEVERAL OCCURRENCES

COLUMN 17 PEAK WIND IN M.P.H.

PRELIMINARY LOCAL CLIMATOLOGICAL DATA (WS FORM: F-6) , PAGE 2

                                          STATION:  LANDER WY
                                          MONTH:    JULY
                                          YEAR:     2014
                                          LATITUDE:   42 49 N
                                          LONGITUDE: 108 44 W

[TEMPERATURE DATA]      [PRECIPITATION DATA]       SYMBOLS USED IN COLUMN 16

AVERAGE MONTHLY: 72.9   TOTAL FOR MONTH:   0.61    1 = FOG OR MIST
DPTR FM NORMAL:   1.9   DPTR FM NORMAL:   -0.11    2 = FOG REDUCING VISIBILITY
HIGHEST:    99 ON 23    GRTST 24HR  0.33 ON 29-29      TO 1/4 MILE OR LESS
LOWEST:     47 ON  1                               3 = THUNDER
                        SNOW, ICE PELLETS, HAIL    4 = ICE PELLETS
                        TOTAL MONTH:   0.0 INCH    5 = HAIL
                        GRTST 24HR     0.0         6 = FREEZING RAIN OR DRIZZLE
                        GRTST DEPTH:   0           7 = DUSTSTORM OR SANDSTORM:
                                                       VSBY 1/2 MILE OR LESS
                                                   8 = SMOKE OR HAZE
[NO. OF DAYS WITH]      [WEATHER - DAYS WITH]      9 = BLOWING SNOW
                                                   X = TORNADO
MAX 32 OR BELOW:   0    0.01 INCH OR MORE:   5
MAX 90 OR ABOVE:  16    0.10 INCH OR MORE:   2
MIN 32 OR BELOW:   0    0.50 INCH OR MORE:   0
MIN  0 OR BELOW:   0    1.00 INCH OR MORE:   0

[HDD (BASE 65) ]
TOTAL THIS MO.     3    CLEAR  (SCALE 0-3)  24
DPTR FM NORMAL    -8    PTCLDY (SCALE 4-7)   4
TOTAL FM JUL 1     3    CLOUDY (SCALE 8-10)  1
DPTR FM NORMAL    -8

[CDD (BASE 65) ]
TOTAL THIS MO.   239
DPTR FM NORMAL    43    [PRESSURE DATA]
TOTAL FM JAN 1   280    HIGHEST SLP M ON M
DPTR FM NORMAL    15    LOWEST  SLP 29.90 ON 24

[REMARKS]




U.S. Dept. of Commerce
NOAA National Weather Service
1325 East West Highway
Silver Spring, MD 20910
E-mail: w-nws.webmaster@noaa.gov
Page last modified: May 16, 2007
NATIONAL WEATHER SERVICE: for Safety, for Work, for Fun - FOR LIFE