648
CXUS56 KMFR 011000
CF6LMT
PRELIMINARY LOCAL CLIMATOLOGICAL DATA (WS FORM: F-6)

                                          STATION:   KLAMATH FALLS OR
                                          MONTH:     NOVEMBER
                                          YEAR:      2014
                                          LATITUDE:   42  9 N
                                          LONGITUDE: 121 44 W

  TEMPERATURE IN F:       :PCPN:    SNOW:  WIND      :SUNSHINE: SKY     :PK WND
================================================================================
1   2   3   4   5  6A  6B    7    8   9   10  11  12  13   14  15   16   17  18
                                     12Z  AVG MX 2MIN
DY MAX MIN AVG DEP HDD CDD  WTR  SNW DPTH SPD SPD DIR MIN PSBL S-S WX    SPD DR
================================================================================

 1  47  30  39  -2  26   0    T    M    M  8.9 21 320   M    M   6        24 310
 2  50  23  37  -3  28   0 0.00    M    M  2.5 10 300   M    M   0        14 300
 3  53  29  41   1  24   0 0.00    M    M  3.2 13 170   M    M   2        16 170
 4  53  35  44   4  21   0    T    M    M  1.9  9 170   M    M   9 1      12 170
 5  59  31  45   6  20   0 0.00    M    M  3.4 14 150   M    M   4 128    19 150
 6  66  40  53  14  12   0 0.00    M    M  8.9 22 170   M    M   4        26 170
 7  61  37  49  11  16   0 0.00    M    M  2.5 12 340   M    M   4 1      13 340
 8  63  31  47   9  18   0 0.00    M    M  2.4  9 340   M    M   0 1      11 340
 9  60  30  45   7  20   0 0.00    M    M  6.5 23 280   M    M   4 12     28 270
10  51  26  39   2  26   0 0.00    M    M  4.1 13 100   M    M   0        18  90
11  47  26  37   0  28   0 0.00    M    M  8.6 15 330   M    M   1        18 340
12  38  25  32  -4  33   0    T    M    M 13.0 20 340   M    M   7        22 340
13  51  31  41   5  24   0 0.16    M    M  9.1 24 250   M    M   8 16     30 260
14  52  41  47  11  18   0    T    M    M 14.5 28 270   M    M   9        38 270
15  45  20  33  -2  32   0 0.01    M    M 10.3 20 260   M    M   4        24 270
16  40  13  27  -8  38   0 0.00    M    M  4.4 12  80   M    M   0        14  80
17  44  14  29  -6  36   0 0.00    M    M  2.3 10 340   M    M   0        11 340
18  44  16  30  -4  35   0 0.00    M    M  4.0 10  80   M    M   1        11  80
19  49  30  40   6  25   0 0.10    M    M  5.8 20 190   M    M   6        23 190
20  46  32  39   5  26   0 0.01    M    M  3.9 16 160   M    M   9 1      19 160
21  44  31  38   5  27   0 0.24    M    M  9.2 25 180   M    M   9 1      32 180
22  46  27  37   4  28   0 0.28    M    M 13.9 32 290   M    M   7 1      40 290
23  42  24  33   0  32   0 0.00    M    M  3.2 10 160   M    M   1 1      12 170
24  47  22  35   2  30   0 0.00    M    M  2.2  9 100   M    M   2        12 100
25  57  28  43  11  22   0 0.00    M    M  3.7 12 280   M    M   5 12     15 270
26  48  25  37   5  28   0 0.00    M    M  0.4  7 340   M    M   5 12      8 170
27  59  37  48  16  17   0 0.00    M    M  6.9 21 190   M    M   2 1      26 190
28  50  39  45  13  20   0 0.08    M    M 13.8 28 200   M    M   6 1      35 200
29  45  26  36   5  29   0 0.13    M    M  8.6 20 260   M    M   4 1      25 260
30  34  28  31   0  34   0    T    M    M  6.1 15 340   M    M  10        17 340
================================================================================
SM 1491  847       773   0  1.01    M    188.2          M      129
================================================================================
AV 49.7 28.2                               6.3 FASTST   M    M   4    MAX(MPH)
                                 MISC ---->  # 32 290               # 40  290
================================================================================
NOTES:
# LAST OF SEVERAL OCCURRENCES

COLUMN 17 PEAK WIND IN M.P.H.

PRELIMINARY LOCAL CLIMATOLOGICAL DATA (WS FORM: F-6) , PAGE 2

                                          STATION:  KLAMATH FALLS OR
                                          MONTH:    NOVEMBER
                                          YEAR:     2014
                                          LATITUDE:   42  9 N
                                          LONGITUDE: 121 44 W

[TEMPERATURE DATA]      [PRECIPITATION DATA]       SYMBOLS USED IN COLUMN 16

AVERAGE MONTHLY: 39.0   TOTAL FOR MONTH:   1.01    1 = FOG OR MIST
DPTR FM NORMAL:   3.5   DPTR FM NORMAL:   -1.18    2 = FOG REDUCING VISIBILITY
HIGHEST:    66 ON  6    GRTST 24HR  0.50 ON 31- 1      TO 1/4 MILE OR LESS
LOWEST:     13 ON 16                               3 = THUNDER
                        SNOW, ICE PELLETS, HAIL    4 = ICE PELLETS
                        TOTAL MONTH:    M          5 = HAIL
                        GRTST 24HR    M  ON   M    6 = FREEZING RAIN OR DRIZZLE
                        GRTST DEPTH:  M  ON   M    7 = DUSTSTORM OR SANDSTORM:
                                                       VSBY 1/2 MILE OR LESS
                                                   8 = SMOKE OR HAZE
[NO. OF DAYS WITH]      [WEATHER - DAYS WITH]      9 = BLOWING SNOW
                                                   X = TORNADO
MAX 32 OR BELOW:   0    0.01 INCH OR MORE:   8
MAX 90 OR ABOVE:   0    0.10 INCH OR MORE:   5
MIN 32 OR BELOW:  24    0.50 INCH OR MORE:   0
MIN  0 OR BELOW:   0    1.00 INCH OR MORE:   0

[HDD (BASE 65) ]
TOTAL THIS MO.   773    CLEAR  (SCALE 0-3)  11
DPTR FM NORMAL  -113    PTCLDY (SCALE 4-7)  14
TOTAL FM JUL 1  1390    CLOUDY (SCALE 8-10)  5
DPTR FM NORMAL  -412

[CDD (BASE 65) ]
TOTAL THIS MO.     0
DPTR FM NORMAL     0    [PRESSURE DATA]
TOTAL FM JAN 1   327    HIGHEST SLP M ON M
DPTR FM NORMAL   158    LOWEST  SLP  0.00 ON 29

[REMARKS]
#FINAL-11-14#




U.S. Dept. of Commerce
NOAA National Weather Service
1325 East West Highway
Silver Spring, MD 20910
E-mail: w-nws.webmaster@noaa.gov
Page last modified: May 16, 2007
NATIONAL WEATHER SERVICE: for Safety, for Work, for Fun - FOR LIFE