252
CXUS56 KMFR 311000
CF6LMT
PRELIMINARY LOCAL CLIMATOLOGICAL DATA (WS FORM: F-6)

                                          STATION:   KLAMATH FALLS OR
                                          MONTH:     JULY
                                          YEAR:      2014
                                          LATITUDE:   42  9 N
                                          LONGITUDE: 121 44 W

  TEMPERATURE IN F:       :PCPN:    SNOW:  WIND      :SUNSHINE: SKY     :PK WND
================================================================================
1   2   3   4   5  6A  6B    7    8   9   10  11  12  13   14  15   16   17  18
                                     12Z  AVG MX 2MIN
DY MAX MIN AVG DEP HDD CDD  WTR  SNW DPTH SPD SPD DIR MIN PSBL S-S WX    SPD DR
================================================================================

 1  97  59  78  15   0  13    T    M    M  8.1 20 250   M    M   0        27 260
 2  91  56  74  11   0   9 0.00    M    M  6.8 21 330   M    M   1 3      25 330
 3  90  50  70   6   0   5 0.00    M    M  5.1 25 330   M    M   0        28 330
 4  90  48  69   5   0   4 0.00    M    M  5.6 18 320   M    M   0        23 330
 5  92  50  71   7   0   6 0.00    M    M  4.6 18 330   M    M   0        23 340
 6  93  49  71   7   0   6 0.00    M    M  5.9 23 330   M    M   0        27 340
 7  97  52  75  10   0  10 0.00    M    M  7.7 18 330   M    M   0        23 330
 8  91  62  77  12   0  12    T    M    M  9.2 20 320   M    M   4        23 320
 9  93  60  77  12   0  12 0.06    M    M  5.8 29 300   M    M   3 3      35 300
10  92  53  73   8   0   8 0.00    M    M  5.1 18 340   M    M   0        23 330
11  81  58  70   4   0   5 0.03    M    M  6.8 20 330   M    M   3        31 330
12  91  51  71   5   0   6 0.00    M    M  5.8 18 340   M    M   1        23 340
13  95  59  77  11   0  12 0.00    M    M  6.9 23 330   M    M   1        27 330
14  93  53  73   7   0   8 0.00    M    M  6.0 18 320   M    M   0        21 320
15  98  57  78  12   0  13 0.00    M    M  6.7 22 330   M    M   0        26 330
16  97  59  78  11   0  13 0.00    M    M  6.6 20 320   M    M   0        25 340
17  94  58  76   9   0  11    T    M    M  7.3 22 340   M    M   0        26 340
18  93  51  72   5   0   7 0.00    M    M  6.1 20 330   M    M   0        25 330
19  92  49  71   4   0   6 0.00    M    M  8.8 21 330   M    M   0        25 320
20  90  53  72   5   0   7 0.00    M    M  7.5 23 310   M    M   0        27 310
21  82  53  68   1   0   3    T    M    M  6.9 32 250   M    M   4 3      37 250
22  86  55  71   4   0   6    T    M    M 10.7 24 190   M    M   4 3      31 180
23  77  50  64  -3   1   0 0.00    M    M 12.9 25 280   M    M   1        31 280
24  76  35  56 -11   9   0 0.00    M    M  6.9 17 320   M    M   0        20 320
25  85  47  66  -1   0   1 0.00    M    M  7.9 18 340   M    M   0        22 340
26  91  44  68   1   0   3 0.00    M    M  4.4 22 330   M    M   0        26 330
27  89  52  71   4   0   6 0.00    M    M  4.6 16 340   M    M   3        19 330
28  94  47  71   4   0   6 0.00    M    M  5.0 17 320   M    M   0        20 320
29  93  52  73   6   0   8    T    M    M  4.8 23 160   M    M   0 3      36 150
30  93  50  72   5   0   7    T    M    M  6.4 33 230   M    M   3        42 230
================================================================================
SM 2716 1572        10 213  0.09    M    202.9          M       28
================================================================================
AV 90.5 52.4                               6.8 FASTST   M    M   1    MAX(MPH)
                                 MISC ---->  # 33 230               # 42  230
================================================================================
NOTES:
# LAST OF SEVERAL OCCURRENCES

COLUMN 17 PEAK WIND IN M.P.H.

PRELIMINARY LOCAL CLIMATOLOGICAL DATA (WS FORM: F-6) , PAGE 2

                                          STATION:  KLAMATH FALLS OR
                                          MONTH:    JULY
                                          YEAR:     2014
                                          LATITUDE:   42  9 N
                                          LONGITUDE: 121 44 W

[TEMPERATURE DATA]      [PRECIPITATION DATA]       SYMBOLS USED IN COLUMN 16

AVERAGE MONTHLY: 71.5   TOTAL FOR MONTH:   0.09    1 = FOG OR MIST
DPTR FM NORMAL:   5.6   DPTR FM NORMAL:   -0.38    2 = FOG REDUCING VISIBILITY
HIGHEST:    98 ON 15    GRTST 24HR  0.06 ON  9- 9      TO 1/4 MILE OR LESS
LOWEST:     35 ON 24                               3 = THUNDER
                        SNOW, ICE PELLETS, HAIL    4 = ICE PELLETS
                        TOTAL MONTH:    M          5 = HAIL
                        GRTST 24HR    M  ON   M    6 = FREEZING RAIN OR DRIZZLE
                        GRTST DEPTH:  M  ON   M    7 = DUSTSTORM OR SANDSTORM:
                                                       VSBY 1/2 MILE OR LESS
                                                   8 = SMOKE OR HAZE
[NO. OF DAYS WITH]      [WEATHER - DAYS WITH]      9 = BLOWING SNOW
                                                   X = TORNADO
MAX 32 OR BELOW:   0    0.01 INCH OR MORE:   2
MAX 90 OR ABOVE:  23    0.10 INCH OR MORE:   0
MIN 32 OR BELOW:   0    0.50 INCH OR MORE:   0
MIN  0 OR BELOW:   0    1.00 INCH OR MORE:   0

[HDD (BASE 65) ]
TOTAL THIS MO.    10    CLEAR  (SCALE 0-3)  27
DPTR FM NORMAL   -36    PTCLDY (SCALE 4-7)   3
TOTAL FM JUL 1    10    CLOUDY (SCALE 8-10)  0
DPTR FM NORMAL   -36

[CDD (BASE 65) ]
TOTAL THIS MO.   213
DPTR FM NORMAL   138    [PRESSURE DATA]
TOTAL FM JAN 1   220    HIGHEST SLP M ON M
DPTR FM NORMAL   133    LOWEST  SLP  0.00 ON  1

[REMARKS]




U.S. Dept. of Commerce
NOAA National Weather Service
1325 East West Highway
Silver Spring, MD 20910
E-mail: w-nws.webmaster@noaa.gov
Page last modified: May 16, 2007
NATIONAL WEATHER SERVICE: for Safety, for Work, for Fun - FOR LIFE