530
CXUS54 KLZK 231330
CF6LLQ
PRELIMINARY LOCAL CLIMATOLOGICAL DATA (WS FORM: F-6)

                                          STATION:   Monticello
                                          MONTH:     APRIL
                                          YEAR:      2014
                                          LATITUDE:   33 37 N
                                          LONGITUDE:  91 45 W

  TEMPERATURE IN F:       :PCPN:    SNOW:  WIND      :SUNSHINE: SKY     :PK WND
================================================================================
1   2   3   4   5  6A  6B    7    8   9   10  11  12  13   14  15   16   17  18
                                     12Z  AVG MX 2MIN
DY MAX MIN AVG DEP HDD CDD  WTR  SNW DPTH SPD SPD DIR MIN PSBL S-S WX    SPD DR
================================================================================

 1  76  50  63   4   2   0 0.00  0.0    0  3.4 12 200   M    M   6        15 220
 2  77  64  71  11   0   6 0.01  0.0    0  7.5 16 190   M    M   7        23 190
 3  85  68  77  17   0  12 0.01  0.0    0  9.9 25 200   M    M   7 13     36 190
 4  73  47  60   0   5   0 0.43  0.0    0  6.8 31 230   M    M   2 138    48 260
 5  56  44  50 -10  15   0    T  0.0    0  5.6 16  60   M    M   2        20  60
 6  51  47  49 -12  16   0 1.52  0.0    0  6.7 23  60   M    M   8 13     30  60
 7  62  49  56  -5   9   0 0.05    M    0  6.3 15 290   M    M   6 1      21 270
 8  59  43  51 -10  14   0 0.39    M    0  5.2 26 320   M    M   6 13     36 310
 9  70  38  54  -7  11   0 0.00    M    0  4.5  7 280   M    M   0         M  M
10  80  49  65   3   0   0 0.00  0.0    0 11.8 21 210   M    M   0        28 210
11  79  57  68   6   0   3 0.00  0.0    0  8.0 16 230   M    M   0        23 170
12  78  57  68   6   0   3 0.00  0.0    0  8.1 18 200   M    M   3        28 190
13  78  65  72  10   0   7 0.19  0.0    0  8.4 18 190   M    M   6 13     31 190
14  69  43  56  -7   9   0 1.14  0.0    0  6.1 17 330   M    M   9 13     25 330
15  55  37  46 -17  19   0 0.00  0.0    0  6.5 18  40   M    M   1        29 320
16  62  35  49 -14  16   0 0.00  0.0    0  4.1 14 140   M    M   0        18 100
17  68  38  53 -11  12   0    T  0.0    0  2.7 14  80   M    M   2 3      21 130
18  75  53  64   0   1   0    T  0.0    0  3.3 16  50   M    M   6        22  50
19  79  49  64   0   1   0 0.00  0.0    0  2.4 10  50   M    M   1 1      15  60
20  82  50  66   2   0   1 0.00  0.0    0  2.5 13 150   M    M   0 1      16 160
21  82  61  72   7   0   7 0.44  0.0    0  5.3 17 190   M    M   7 13     23 180
22  78  54  66   1   0   1 0.87  0.0    0  3.2 10 320   M    M   5 13     16 300
================================================================================
SM 1574 1098       130  40  5.05     0.0 128.3          M       84
================================================================================
AV 71.5 49.9                               5.8 FASTST   M    M   4    MAX(MPH)
                                 MISC ---->  # 31 230               # 48  260
================================================================================
NOTES:
# LAST OF SEVERAL OCCURRENCES

COLUMN 17 PEAK WIND IN M.P.H.

PRELIMINARY LOCAL CLIMATOLOGICAL DATA (WS FORM: F-6) , PAGE 2

                                          STATION:  Monticello
                                          MONTH:    APRIL
                                          YEAR:     2014
                                          LATITUDE:   33 37 N
                                          LONGITUDE:  91 45 W

[TEMPERATURE DATA]      [PRECIPITATION DATA]       SYMBOLS USED IN COLUMN 16

AVERAGE MONTHLY: 60.7   TOTAL FOR MONTH:   5.05    1 = FOG OR MIST
DPTR FM NORMAL:  -1.4   DPTR FM NORMAL:    1.54    2 = FOG REDUCING VISIBILITY
HIGHEST:    85 ON  3    GRTST 24HR  1.56 ON  6- 7      TO 1/4 MILE OR LESS
LOWEST:     35 ON 16                               3 = THUNDER
                        SNOW, ICE PELLETS, HAIL    4 = ICE PELLETS
                        TOTAL MONTH:   0.0 INCH    5 = HAIL
                        GRTST 24HR     0.0         6 = FREEZING RAIN OR DRIZZLE
                        GRTST DEPTH:   0           7 = DUSTSTORM OR SANDSTORM:
                                                       VSBY 1/2 MILE OR LESS
                                                   8 = SMOKE OR HAZE
[NO. OF DAYS WITH]      [WEATHER - DAYS WITH]      9 = BLOWING SNOW
                                                   X = TORNADO
MAX 32 OR BELOW:   0    0.01 INCH OR MORE:  10
MAX 90 OR ABOVE:   0    0.10 INCH OR MORE:   7
MIN 32 OR BELOW:   0    0.50 INCH OR MORE:   3
MIN  0 OR BELOW:   0    1.00 INCH OR MORE:   2

[HDD (BASE 65) ]
TOTAL THIS MO.   130    CLEAR  (SCALE 0-3)  11
DPTR FM NORMAL    17    PTCLDY (SCALE 4-7)  10
TOTAL FM JUL 1  3149    CLOUDY (SCALE 8-10)  1
DPTR FM NORMAL   488

[CDD (BASE 65) ]
TOTAL THIS MO.    40
DPTR FM NORMAL   -11    [PRESSURE DATA]
TOTAL FM JAN 1    45    HIGHEST SLP M ON M
DPTR FM NORMAL   -34    LOWEST  SLP 29.54 ON 13

[REMARKS]
ALL SNOWFALL DATA IS FROM THE MONTICELLO 6NNE COOPERATIVE OBSERVER SITE




U.S. Dept. of Commerce
NOAA National Weather Service
1325 East West Highway
Silver Spring, MD 20910
E-mail: w-nws.webmaster@noaa.gov
Page last modified: May 16, 2007
NATIONAL WEATHER SERVICE: for Safety, for Work, for Fun - FOR LIFE