559
CXUS54 KLZK 041931
CF6LLQ
PRELIMINARY LOCAL CLIMATOLOGICAL DATA (WS FORM: F-6)

                                          STATION:   Monticello
                                          MONTH:     NOVEMBER
                                          YEAR:      2014
                                          LATITUDE:   33 37 N
                                          LONGITUDE:  91 45 W

  TEMPERATURE IN F:       :PCPN:    SNOW:  WIND      :SUNSHINE: SKY     :PK WND
================================================================================
1   2   3   4   5  6A  6B    7    8   9   10  11  12  13   14  15   16   17  18
                                     12Z  AVG MX 2MIN
DY MAX MIN AVG DEP HDD CDD  WTR  SNW DPTH SPD SPD DIR MIN PSBL S-S WX    SPD DR
================================================================================

 1  54  33  44 -16  21   0 0.00  0.0    0  3.4 15  50   M    M   0        20  30
 2  61  31  46 -13  19   0 0.00  0.0    0  3.1 12 130   M    M   0        14 130
 3  70  40  55  -4  10   0 0.00  0.0    0  5.4 13 170   M    M   0        17 160
 4  77  55  66   7   0   1 0.02  0.0    0  7.5 17 190   M    M   4 1      25 200
 5  60  55  58   0   7   0 1.00  0.0    0  4.7 12  50   M    M   8 1      15  60
 6  69  45  57  -1   8   0 0.00  0.0    0  5.2 13 330   M    M   3 1      19 330
 7  60  36  48 -10  17   0 0.00  0.0    0  2.1  9 110   M    M   0        13 130
 8  64  38  51  -7  14   0 0.00  0.0    0  3.5 13 270   M    M   1        18 260
 9  66  37  52  -5  13   0 0.00  0.0    0  2.7 12 220   M    M   0 1      16 260
10  74  49  62   5   3   0 0.00  0.0    0  8.5 21 200   M    M   0        27 180
11  68  41  55  -1  10   0 0.04  0.0    0  7.4 17 330   M    M   7 1      23 350
12  45  33  39 -17  26   0 0.00  0.0    0  6.7 17  50   M    M   2        24  50
13  39  25  32 -24  33   0 0.01    T    0  5.0 14 320   M    M   4 4      22  30
14  40  25  33 -22  32   0 0.00  0.0    0  4.8 15  60   M    M   0        20  60
15  45  26  36 -19  29   0 0.04  0.0    0  2.8 12 140   M    M   5        15 100
16  44  37  41 -14  24   0 1.01  0.0    0  6.4 13 360   M    M  10 1      20  20
17  44  28  36 -18  29   0 0.01    T    0  8.1 17 280   M    M   2        23 290
18  45  21  33 -21  32   0 0.00  0.0    0  4.6 12 190   M    M   0        16 190
19  61  32  47  -7  18   0 0.00  0.0    0 10.2 22 210   M    M   0        32 220
20  57  39  48  -5  17   0    T  0.0    0  4.3 10  50   M    M   7 1      13  40
21  61  49  55   2  10   0 0.02  0.0    0  2.7  8 140   M    M  10 1      11 160
22  71  54  63  11   2   0    T  0.0    0  6.2 15 160   M    M   5        21 150
23  65  57  61   9   4   0 0.99  0.0    0  8.5 21 230   M    M   6 1      29 210
24  62  39  51  -1  14   0 0.00  0.0    0  8.1 25 260   M    M   1        36 250
25  55  32  44  -7  21   0 0.00  0.0    0  2.5  8 290   M    M   0        13 320
26  64  32  48  -3  17   0 0.00  0.0    0  6.4 21 240   M    M   0        35 260
27  49  32  41 -10  24   0 0.00  0.0    0  2.6  9 330   M    M   0        16  20
28  60  31  46  -4  19   0 0.00  0.0    0  7.5 14 190   M    M   0        21 190
29  73  49  61  11   4   0 0.00  0.0    0 11.4 21 220   M    M   6 1      30 210
30  76  61  69  19   0   4 0.00  0.0    0  9.9 25 200   M    M   6        32 190
================================================================================
SM 1779 1162       477   5  3.14    T    172.2          M       87
================================================================================
AV 59.3 38.7                               5.7 FASTST   M    M   3    MAX(MPH)
                                 MISC ---->  # 25 260               # 36  250
================================================================================
NOTES:
# LAST OF SEVERAL OCCURRENCES

COLUMN 17 PEAK WIND IN M.P.H.

PRELIMINARY LOCAL CLIMATOLOGICAL DATA (WS FORM: F-6) , PAGE 2

                                          STATION:  Monticello
                                          MONTH:    NOVEMBER
                                          YEAR:     2014
                                          LATITUDE:   33 37 N
                                          LONGITUDE:  91 45 W

[TEMPERATURE DATA]      [PRECIPITATION DATA]       SYMBOLS USED IN COLUMN 16

AVERAGE MONTHLY: 49.0   TOTAL FOR MONTH:   3.14    1 = FOG OR MIST
DPTR FM NORMAL:  -5.7   DPTR FM NORMAL:   -1.96    2 = FOG REDUCING VISIBILITY
HIGHEST:    77 ON  4    GRTST 24HR  1.05 ON 15-16      TO 1/4 MILE OR LESS
LOWEST:     21 ON 18                               3 = THUNDER
                        SNOW, ICE PELLETS, HAIL    4 = ICE PELLETS
                        TOTAL MONTH:    T          5 = HAIL
                        GRTST 24HR    T  ON 17-17  6 = FREEZING RAIN OR DRIZZLE
                        GRTST DEPTH:   0           7 = DUSTSTORM OR SANDSTORM:
                                                       VSBY 1/2 MILE OR LESS
                                                   8 = SMOKE OR HAZE
[NO. OF DAYS WITH]      [WEATHER - DAYS WITH]      9 = BLOWING SNOW
                                                   X = TORNADO
MAX 32 OR BELOW:   0    0.01 INCH OR MORE:   9
MAX 90 OR ABOVE:   0    0.10 INCH OR MORE:   3
MIN 32 OR BELOW:  11    0.50 INCH OR MORE:   3
MIN  0 OR BELOW:   0    1.00 INCH OR MORE:   2

[HDD (BASE 65) ]
TOTAL THIS MO.   477    CLEAR  (SCALE 0-3)  17
DPTR FM NORMAL   151    PTCLDY (SCALE 4-7)  10
TOTAL FM JUL 1   553    CLOUDY (SCALE 8-10)  3
DPTR FM NORMAL    98

[CDD (BASE 65) ]
TOTAL THIS MO.     5
DPTR FM NORMAL   -14    [PRESSURE DATA]
TOTAL FM JAN 1  2093    HIGHEST SLP 30.56 ON 27
DPTR FM NORMAL  -122    LOWEST  SLP 29.39 ON 23

[REMARKS]
#FINAL-11-14#




U.S. Dept. of Commerce
NOAA National Weather Service
1325 East West Highway
Silver Spring, MD 20910
E-mail: w-nws.webmaster@noaa.gov
Page last modified: May 16, 2007
NATIONAL WEATHER SERVICE: for Safety, for Work, for Fun - FOR LIFE