652
CXUS55 KPIH 291200
CF6LLJ

PRELIMINARY LOCAL CLIMATOLOGICAL DATA (WS FORM: F-6)

                                          STATION:   CHALLIS ID
                                          MONTH:     JULY
                                          YEAR:      2014
                                          LATITUDE:   44 31 N
                                          LONGITUDE: 114 13 W

  TEMPERATURE IN F:       :PCPN:    SNOW:  WIND      :SUNSHINE: SKY     :PK WND
================================================================================
1   2   3   4   5  6A  6B    7    8   9   10  11  12  13   14  15   16   17  18
                                     12Z  AVG MX 2MIN
DY MAX MIN AVG DEP HDD CDD  WTR  SNW DPTH SPD SPD DIR MIN PSBL S-S WX    SPD DR
================================================================================

 1  88  44  66   1   0   1 0.00    M    M  3.5  9 340   M    M   0        11  30
 2  93  50  72   6   0   7    T    M    M  3.9 28 230   M    M   0        34 230
 3  93  51  72   6   0   7 0.00    M    M  5.8 26 250   M    M   0        32 250
 4  95  52  74   8   0   9 0.00    M    M  6.4 24 210   M    M   0        34 220
 5  93  56  75   9   0  10 0.00    M    M  6.4 24 210   M    M   0        30 210
 6  96  55  76   9   0  11 0.00    M    M  4.9 17 330   M    M   0        23 210
 7  93  55  74   7   0   9 0.00    M    M  4.6 14  10   M    M   0        17  10
 8  96  53  75   8   0  10 0.00    M    M  3.6 10 350   M    M   0        13  10
 9  90  58  74   6   0   9    T    M    M  5.2 21 340   M    M   2        26 330
10  92  55  74   6   0   9 0.00    M    M  4.0 15 310   M    M   0        21 350
11  93  55  74   6   0   9    T    M    M  3.6 15 200   M    M   0        18 200
12  92  61  77   9   0  12    T    M    M  4.4 18 150   M    M   1        25 150
13  95  56  76   7   0  11 0.00    M    M  3.9 10 310   M    M   0        13 320
14  97  61  79  10   0  14    T    M    M  7.7 18  10   M    M   0        24 350
15  91  60  76   7   0  11 0.00    M    M  8.0 23 330   M    M   1        31 330
16  88  55  72   3   0   7 0.00    M    M  6.2 15  40   M    M   0        21  40
17  89  56  73   4   0   8    T    M    M  5.1 22 250   M    M   1 3      29 240
18  93  52  73   3   0   8 0.00    M    M  5.4 18 240   M    M   0        23 220
19  92  51  72   2   0   7 0.00    M    M  5.8 18 180   M    M   0        24 320
20  92  54  73   3   0   8 0.00    M    M  7.7 31 270   M    M   1        41 280
21  76  59  68  -2   0   3 0.03    M    M  6.9 20 200   M    M   7        26 280
22  90  54  72   2   0   7 0.00    M    M  4.4 20 190   M    M   2        28 130
23  93  55  74   4   0   9 0.01    M    M  7.0 28 170   M    M   0        36 170
24  81  56  69  -1   0   4 0.00    M    M  7.5 28 280   M    M   0        37 290
25  86  41  64  -6   1   0 0.00    M    M  4.7 20 250   M    M   0        24 250
26  88  45  67  -3   0   2 0.00    M    M  4.1 10 330   M    M   0        15 330
27  94  48  71   1   0   6 0.00    M    M  2.5 12 310   M    M   0        15 310
28  85  57  71   1   0   6 0.00    M    M  4.3 15 300   M    M   3        20 220
================================================================================
SM 2544 1505         1 214  0.04    M    147.5          M       18
================================================================================
AV 90.9 53.8                               5.3 FASTST   M    M   1    MAX(MPH)
                                 MISC ---->  # 31 270               # 41  280
================================================================================
NOTES:
# LAST OF SEVERAL OCCURRENCES

COLUMN 17 PEAK WIND IN M.P.H.

PRELIMINARY LOCAL CLIMATOLOGICAL DATA (WS FORM: F-6) , PAGE 2

                                          STATION:  CHALLIS ID
                                          MONTH:    JULY
                                          YEAR:     2014
                                          LATITUDE:   44 31 N
                                          LONGITUDE: 114 13 W

[TEMPERATURE DATA]      [PRECIPITATION DATA]       SYMBOLS USED IN COLUMN 16

AVERAGE MONTHLY: 72.3   TOTAL FOR MONTH:   0.04    1 = FOG OR MIST
DPTR FM NORMAL:   3.8   DPTR FM NORMAL:   -0.71    2 = FOG REDUCING VISIBILITY
HIGHEST:    97 ON 14    GRTST 24HR  0.03 ON 21-21      TO 1/4 MILE OR LESS
LOWEST:     41 ON 25                               3 = THUNDER
                        SNOW, ICE PELLETS, HAIL    4 = ICE PELLETS
                        TOTAL MONTH:    M          5 = HAIL
                        GRTST 24HR    M  ON   M    6 = FREEZING RAIN OR DRIZZLE
                        GRTST DEPTH:  M  ON   M    7 = DUSTSTORM OR SANDSTORM:
                                                       VSBY 1/2 MILE OR LESS
                                                   8 = SMOKE OR HAZE
[NO. OF DAYS WITH]      [WEATHER - DAYS WITH]      9 = BLOWING SNOW
                                                   X = TORNADO
MAX 32 OR BELOW:   0    0.01 INCH OR MORE:   2
MAX 90 OR ABOVE:  20    0.10 INCH OR MORE:   0
MIN 32 OR BELOW:   0    0.50 INCH OR MORE:   0
MIN  0 OR BELOW:   0    1.00 INCH OR MORE:   0

[HDD (BASE 65) ]
TOTAL THIS MO.     1    CLEAR  (SCALE 0-3)  27
DPTR FM NORMAL   -17    PTCLDY (SCALE 4-7)   1
TOTAL FM JUL 1     1    CLOUDY (SCALE 8-10)  0
DPTR FM NORMAL   -17

[CDD (BASE 65) ]
TOTAL THIS MO.   214
DPTR FM NORMAL    99    [PRESSURE DATA]
TOTAL FM JAN 1   220    HIGHEST SLP M ON M
DPTR FM NORMAL    81    LOWEST  SLP 29.73 ON 10

[REMARKS]




U.S. Dept. of Commerce
NOAA National Weather Service
1325 East West Highway
Silver Spring, MD 20910
E-mail: w-nws.webmaster@noaa.gov
Page last modified: May 16, 2007
NATIONAL WEATHER SERVICE: for Safety, for Work, for Fun - FOR LIFE