307
CXUS55 KPIH 011643
CF6LLJ

PRELIMINARY LOCAL CLIMATOLOGICAL DATA (WS FORM: F-6)

                                          STATION:   CHALLIS ID
                                          MONTH:     NOVEMBER
                                          YEAR:      2014
                                          LATITUDE:   44 31 N
                                          LONGITUDE: 114 13 W

  TEMPERATURE IN F:       :PCPN:    SNOW:  WIND      :SUNSHINE: SKY     :PK WND
================================================================================
1   2   3   4   5  6A  6B    7    8   9   10  11  12  13   14  15   16   17  18
                                     12Z  AVG MX 2MIN
DY MAX MIN AVG DEP HDD CDD  WTR  SNW DPTH SPD SPD DIR MIN PSBL S-S WX    SPD DR
================================================================================

 1  45  30  38   0  27   0 0.15    M    M  3.8 21 160   M    M   7 1      26 150
 2  44  30  37   0  28   0 0.03    M    M  6.3 18 320   M    M   6 1      24 340
 3  46  21  34  -3  31   0 0.00    M    M  2.6  9 150   M    M   2        12 140
 4  44  26  35  -1  30   0 0.00    M    M  1.8  7 300   M    M   8         9 350
 5  56  27  42   6  23   0 0.00    M    M  2.5  8 310   M    M   1        10  10
 6  56  28  42   7  23   0 0.00    M    M  2.1 13 130   M    M   2        16 130
 7  58  32  45  10  20   0 0.00    M    M  6.3 16 260   M    M   2 8      23 240
 8  55  24  40   6  25   0 0.00    M    M  0.8  7 180   M    M   0         8 190
 9  67  26  47  13  18   0    T    M    M  7.6 36 260   M    M   3        45 260
10  41  26  34   1  31   0    T    M    M  6.8 23 320   M    M   7        32 310
11  26   5  16 -17  49   0 0.00    M    M 13.6 24  30   M    M   3        32  20
12  19  -1   9 -23  56   0 0.00    M    M  3.9 12 320   M    M   0        13 320
13  16   1   9 -23  56   0 0.16    M    M  0.0  6 190   M    M   5 18      6  20
14  24   5  15 -16  50   0 0.18    M    M  1.2  9  10   M    M   9 18     12  10
15  20 -10   5 -25  60   0 0.00    M    M  4.7 16 330   M    M   5        18 340
16  13 -12   1 -29  64   0 0.00    M    M  1.1  7 340   M    M   1 1       8 340
17  14 -10   2 -27  63   0 0.00    M    M  0.3  5 170   M    M   0 18      6 350
18  18  -7   6 -23  59   0 0.00    M    M  0.8  6 200   M    M   0 1       7 280
19  28   7  18 -10  47   0 0.00    M    M  0.9  6 140   M    M   4 18      7 140
20  30  13  22  -6  43   0    T    M    M  0.6  6 210   M    M   7 1       7  90
21  32  10  21  -6  44   0 0.00    M    M  0.6  7 330   M    M   7 1       8 330
22  44  24  34   8  31   0 0.16    M    M  8.4 38 260   M    M   7 1      52 260
23  38  15  27   1  38   0 0.07    M    M  5.3 31 360   M    M   7 128    39  10
24  37  18  28   3  37   0    T    M    M  2.8 16 190   M    M   5        20 200
25  48  28  38  13  27   0    T    M    M  3.0 17 190   M    M  10 1      20 170
26  54  35  45  21  20   0 0.00    M    M  4.8 15 170   M    M   3        18 170
27  55  31  43  19  22   0 0.00    M    M  5.2 18 220   M    M   5        23 210
28  54  31  43  20  22   0    T    M    M  8.3 37 250   M    M   3        52 260
29  46  27  37  14  28   0 0.05    M    M 13.1 29 260   M    M   7        45 260
30  29  13  21  -1  44   0 0.00    M    M  3.7 17  40   M    M   0        22  30
================================================================================
SM 1157  493      1116   0  0.80    M    122.9          M      126
================================================================================
AV 38.6 16.4                               4.1 FASTST   M    M   4    MAX(MPH)
                                 MISC ---->  # 38 260               # 52  260
================================================================================
NOTES:
# LAST OF SEVERAL OCCURRENCES

COLUMN 17 PEAK WIND IN M.P.H.

PRELIMINARY LOCAL CLIMATOLOGICAL DATA (WS FORM: F-6) , PAGE 2

                                          STATION:  CHALLIS ID
                                          MONTH:    NOVEMBER
                                          YEAR:     2014
                                          LATITUDE:   44 31 N
                                          LONGITUDE: 114 13 W

[TEMPERATURE DATA]      [PRECIPITATION DATA]       SYMBOLS USED IN COLUMN 16

AVERAGE MONTHLY: 27.5   TOTAL FOR MONTH:   0.80    1 = FOG OR MIST
DPTR FM NORMAL:  -2.6   DPTR FM NORMAL:    0.28    2 = FOG REDUCING VISIBILITY
HIGHEST:    67 ON  9    GRTST 24HR  0.33 ON 13-14      TO 1/4 MILE OR LESS
LOWEST:    -12 ON 16                               3 = THUNDER
                        SNOW, ICE PELLETS, HAIL    4 = ICE PELLETS
                        TOTAL MONTH:    M          5 = HAIL
                        GRTST 24HR    M  ON   M    6 = FREEZING RAIN OR DRIZZLE
                        GRTST DEPTH:  M  ON   M    7 = DUSTSTORM OR SANDSTORM:
                                                       VSBY 1/2 MILE OR LESS
                                                   8 = SMOKE OR HAZE
[NO. OF DAYS WITH]      [WEATHER - DAYS WITH]      9 = BLOWING SNOW
                                                   X = TORNADO
MAX 32 OR BELOW:  12    0.01 INCH OR MORE:   7
MAX 90 OR ABOVE:   0    0.10 INCH OR MORE:   4
MIN 32 OR BELOW:  29    0.50 INCH OR MORE:   0
MIN  0 OR BELOW:   5    1.00 INCH OR MORE:   0

[HDD (BASE 65) ]
TOTAL THIS MO.  1116    CLEAR  (SCALE 0-3)  12
DPTR FM NORMAL    67    PTCLDY (SCALE 4-7)  15
TOTAL FM JUL 1  1834    CLOUDY (SCALE 8-10)  3
DPTR FM NORMAL  -209

[CDD (BASE 65) ]
TOTAL THIS MO.     0
DPTR FM NORMAL     0    [PRESSURE DATA]
TOTAL FM JAN 1   310    HIGHEST SLP 30.90 ON 16
DPTR FM NORMAL    62    LOWEST  SLP 29.37 ON 29

[REMARKS]

9TH: HIGH OF 67 AT CHALLIS BREAKS RECORD 63 SET IN 1958. 14TH: 0.18"
OF PRECIP BREAKS RECORD OF 0.15" SET IN 1957. 15TH: LOW OF -10
BREAKS RECORD OF -8 SET IN 1955.
16TH: LOW OF -12 BREAKS RECORD OF -10 SET IN 1955.
17TH: LOW OF -10 BREAKS RECORD OF -4 SET IN 1958.
18TH: LOW OF -7 BREAKS RECORD OF 1 SET IN 2000.

PRECIPITATION AMOUNTS ARE SUSPECT DURING FREEZING/FROZEN EVENTS

#FINAL-11-14#








U.S. Dept. of Commerce
NOAA National Weather Service
1325 East West Highway
Silver Spring, MD 20910
E-mail: w-nws.webmaster@noaa.gov
Page last modified: May 16, 2007
NATIONAL WEATHER SERVICE: for Safety, for Work, for Fun - FOR LIFE