934
CXUS55 KPIH 311200
CF6LLJ

PRELIMINARY LOCAL CLIMATOLOGICAL DATA (WS FORM: F-6)

                                          STATION:   CHALLIS ID
                                          MONTH:     JANUARY
                                          YEAR:      2015
                                          LATITUDE:   44 31 N
                                          LONGITUDE: 114 13 W

  TEMPERATURE IN F:       :PCPN:    SNOW:  WIND      :SUNSHINE: SKY     :PK WND
================================================================================
1   2   3   4   5  6A  6B    7    8   9   10  11  12  13   14  15   16   17  18
                                     12Z  AVG MX 2MIN
DY MAX MIN AVG DEP HDD CDD  WTR  SNW DPTH SPD SPD DIR MIN PSBL S-S WX    SPD DR
================================================================================

 1   9 -10   0 -17  65   0 0.00    M    M  1.2  6 180   M    M   0 18      7 160
 2  14  -6   4 -13  61   0 0.02    M    M  0.6  7 140   M    M   6 1       8 140
 3  24   8  16  -1  49   0    T    M    M  1.0  8 190   M    M   7        10 190
 4  27  17  22   4  43   0    T    M    M  1.0  7 330   M    M  10 1       7 340
 5  49  25  37  19  28   0    T    M    M  3.1 14 190   M    M   6 1      19 200
 6  41  26  34  16  31   0 0.00    M    M  0.9  7 160   M    M   1         8 310
 7  37  20  29  11  36   0 0.00    M    M  2.0  8 210   M    M   4 12      8 320
 8  28  21  25   7  40   0 0.00    M    M  1.3  8 360   M    M   9 12     10 360
 9  27  24  26   8  39   0 0.00    M    M  1.2  8 330   M    M  10 1      10 320
10  27  23  25   7  40   0 0.00    M    M  2.9  8 330   M    M   9         9 330
11  32  22  27   9  38   0    T    M    M  0.6  5 340   M    M  10 1       5 340
12  33  25  29  11  36   0 0.03    M    M  0.3  5 200   M    M  10 1       5 200
13  36  15  26   7  39   0 0.00    M    M  2.3  8 310   M    M   2 1      11 330
14  29   7  18  -1  47   0 0.00    M    M  1.3  7 190   M    M   0         7 330
15  28   6  17  -2  48   0 0.00    M    M  0.8  8 360   M    M   1        10 350
16  39  21  30  11  35   0 0.03    M    M  3.6 13 350   M    M   8 1      15 350
17  28   9  19   0  46   0 0.01    M    M  1.4  8 330   M    M   4 1      10 320
18  50  21  36  17  29   0 0.02    M    M  3.3 20 270   M    M   4 1      33 280
19  38  21  30  11  35   0    T    M    M  4.6 20 270   M    M   3        24 270
20  34  16  25   5  40   0 0.00    M    M  2.3 10 190   M    M   2        14 200
21  27   7  17  -3  48   0 0.00    M    M  1.2  6 330   M    M   0         7 310
22  28   7  18  -2  47   0 0.00    M    M  1.1  6 360   M    M   2         8 330
23  37  20  29   9  36   0 0.00    M    M  2.3  7 160   M    M   5         8 350
24  38  20  29   9  36   0    T    M    M  1.1  8  10   M    M   9        10  20
25  47  22  35  15  30   0 0.00    M    M  1.6  7 360   M    M   1 1       8 340
26  46  21  34  14  31   0 0.00    M    M  0.9  6 140   M    M   0 1       7 140
27  39  23  31  11  34   0    T    M    M  1.2  6 180   M    M   3         7 160
28  39  29  34  14  31   0 0.01    M    M  1.3  7 170   M    M   8 12      8 360
29  31  28  30   9  35   0 0.00    M    M  1.8  8 360   M    M  10         9 340
30  29  24  27   6  38   0 0.00    M    M  3.4 10 330   M    M  10        12 340
================================================================================
SM  991  512      1191   0  0.12    M     51.6          M      154
================================================================================
AV 33.0 17.1                               1.7 FASTST   M    M   5    MAX(MPH)
                                 MISC ---->  # 20 270               # 33  280
================================================================================
NOTES:
# LAST OF SEVERAL OCCURRENCES

COLUMN 17 PEAK WIND IN M.P.H.

PRELIMINARY LOCAL CLIMATOLOGICAL DATA (WS FORM: F-6) , PAGE 2

                                          STATION:  CHALLIS ID
                                          MONTH:    JANUARY
                                          YEAR:     2015
                                          LATITUDE:   44 31 N
                                          LONGITUDE: 114 13 W

[TEMPERATURE DATA]      [PRECIPITATION DATA]       SYMBOLS USED IN COLUMN 16

AVERAGE MONTHLY: 25.0   TOTAL FOR MONTH:   0.12    1 = FOG OR MIST
DPTR FM NORMAL:   6.1   DPTR FM NORMAL:   -0.38    2 = FOG REDUCING VISIBILITY
HIGHEST:    50 ON 18    GRTST 24HR  0.03 ON 16-16      TO 1/4 MILE OR LESS
LOWEST:    -10 ON  1                               3 = THUNDER
                        SNOW, ICE PELLETS, HAIL    4 = ICE PELLETS
                        TOTAL MONTH:    M          5 = HAIL
                        GRTST 24HR    M  ON   M    6 = FREEZING RAIN OR DRIZZLE
                        GRTST DEPTH:  M  ON   M    7 = DUSTSTORM OR SANDSTORM:
                                                       VSBY 1/2 MILE OR LESS
                                                   8 = SMOKE OR HAZE
[NO. OF DAYS WITH]      [WEATHER - DAYS WITH]      9 = BLOWING SNOW
                                                   X = TORNADO
MAX 32 OR BELOW:  15    0.01 INCH OR MORE:   6
MAX 90 OR ABOVE:   0    0.10 INCH OR MORE:   0
MIN 32 OR BELOW:  30    0.50 INCH OR MORE:   0
MIN  0 OR BELOW:   2    1.00 INCH OR MORE:   0

[HDD (BASE 65) ]
TOTAL THIS MO.  1191    CLEAR  (SCALE 0-3)  11
DPTR FM NORMAL  -191    PTCLDY (SCALE 4-7)  10
TOTAL FM JUL 1  4267    CLOUDY (SCALE 8-10)  9
DPTR FM NORMAL  -611

[CDD (BASE 65) ]
TOTAL THIS MO.     0
DPTR FM NORMAL     0    [PRESSURE DATA]
TOTAL FM JAN 1     0    HIGHEST SLP M ON M
DPTR FM NORMAL     0    LOWEST  SLP 30.08 ON 10

[REMARKS]




U.S. Dept. of Commerce
NOAA National Weather Service
1325 East West Highway
Silver Spring, MD 20910
E-mail: w-nws.webmaster@noaa.gov
Page last modified: May 16, 2007
NATIONAL WEATHER SERVICE: for Safety, for Work, for Fun - FOR LIFE