562
CXUS54 KLZK 041931
CF6LIT
PRELIMINARY LOCAL CLIMATOLOGICAL DATA (WS FORM: F-6)

                                          STATION:   Little Rock Adams Field
                                          MONTH:     NOVEMBER
                                          YEAR:      2014
                                          LATITUDE:   34 43 N
                                          LONGITUDE:  92 14 W

  TEMPERATURE IN F:       :PCPN:    SNOW:  WIND      :SUNSHINE: SKY     :PK WND
================================================================================
1   2   3   4   5  6A  6B    7    8   9   10  11  12  13   14  15   16   17  18
                                     12Z  AVG MX 2MIN
DY MAX MIN AVG DEP HDD CDD  WTR  SNW DPTH SPD SPD DIR MIN PSBL S-S WX    SPD DR
================================================================================

 1  56  34  45 -13  20   0 0.00  0.0    0  4.7 12  50   M    M   1        16  40
 2  61  34  48 -10  17   0 0.00  0.0    0  4.3 14 160   M    M   4        17 160
 3  72  42  57  -1   8   0 0.00  0.0    0  6.2 18 200   M    M   5        23 200
 4  67  56  62   5   3   0 0.65  0.0    0  7.1 18 200   M    M  10 1      24 190
 5  59  53  56  -1   9   0 0.50  0.0    0  4.6 13  20   M    M  10 1      17  30
 6  69  47  58   2   7   0 0.00  0.0    0 10.1 18 310   M    M   3        25 290
 7  60  37  49  -7  16   0 0.00  0.0    0  3.5 10  20   M    M   1        14  20
 8  69  40  55  -1  10   0 0.00  0.0    0  5.9 16 330   M    M   5        20 340
 9  67  37  52  -3  13   0 0.00  0.0    0  3.9 12 210   M    M   2        15 190
10  75  46  61   6   4   0 0.00  0.0    0 10.1 26 190   M    M   4        35 200
11  63  36  50  -4  15   0 0.02  0.0    0 11.6 21 320   M    M   7 1      29 320
12  48  31  40 -14  25   0 0.00  0.0    0 10.4 21 350   M    M   3        26 340
13  41  28  35 -19  30   0 0.01  0.1    T 11.0 21 340   M    M   7 14     25 340
14  41  24  33 -20  32   0 0.00  0.0    0  5.2 14  70   M    M   3        20  50
15  44  25  35 -18  30   0    T  0.0    0  5.0 14 120   M    M   7 1      20 140
16  40  35  38 -14  27   0 0.12    T    0  8.9 16 340   M    M  10 18     23 340
17  39  27  33 -19  32   0    T    T    0 12.2 23 330   M    M   4 1      29 320
18  45  20  33 -19  32   0 0.00  0.0    0  7.2 15 220   M    M   0        20 200
19  59  32  46  -5  19   0 0.00  0.0    0 11.5 25 230   M    M   2        33 220
20  56  31  44  -7  21   0 0.00  0.0    0  5.8 13 130   M    M   5        16 140
21  49  42  46  -4  19   0 0.31  0.0    0  4.9  9  80   M    M  10 1      12  60
22  67  44  56   6   9   0 0.00  0.0    0  5.5 13 110   M    M   8 1      15 150
23  64  57  61  11   4   0 0.58  0.0    0 10.4 25 270   M    M   8 1      31 270
24  61  39  50   1  15   0 0.00  0.0    0 12.6 28 280   M    M   3        36 280
25  56  31  44  -5  21   0 0.00  0.0    0  3.5 14 290   M    M   2        18 290
26  58  31  45  -3  20   0 0.00  0.0    0  6.4 23 300   M    M   5        30 280
27  50  33  42  -6  23   0 0.00  0.0    0  5.0 20 350   M    M   2        23 350
28  60  29  45  -3  20   0 0.00  0.0    0  7.1 17 180   M    M   1        22 170
29  76  49  63  16   2   0 0.00  0.0    0 14.7 26 200   M    M   5        35 200
30  75  56  66  19   0   1 0.00  0.0    0 11.6 24 210   M    M   6        32 210
================================================================================
SM 1747 1126       503   1  2.19     0.1 230.9          M      143
================================================================================
AV 58.2 37.5                               7.7 FASTST   M    M   5    MAX(MPH)
                                 MISC ---->  # 28 280               # 36  280
================================================================================
NOTES:
# LAST OF SEVERAL OCCURRENCES

COLUMN 17 PEAK WIND IN M.P.H.

PRELIMINARY LOCAL CLIMATOLOGICAL DATA (WS FORM: F-6) , PAGE 2

                                          STATION:  Little Rock Adams Field
                                          MONTH:    NOVEMBER
                                          YEAR:     2014
                                          LATITUDE:   34 43 N
                                          LONGITUDE:  92 14 W

[TEMPERATURE DATA]      [PRECIPITATION DATA]       SYMBOLS USED IN COLUMN 16

AVERAGE MONTHLY: 47.9   TOTAL FOR MONTH:   2.19    1 = FOG OR MIST
DPTR FM NORMAL:  -4.7   DPTR FM NORMAL:   -3.09    2 = FOG REDUCING VISIBILITY
HIGHEST:    76 ON 29    GRTST 24HR  0.96 ON  4- 5      TO 1/4 MILE OR LESS
LOWEST:     20 ON 18                               3 = THUNDER
                        SNOW, ICE PELLETS, HAIL    4 = ICE PELLETS
                        TOTAL MONTH:   0.1 INCH    5 = HAIL
                        GRTST 24HR   0.1 ON   M    6 = FREEZING RAIN OR DRIZZLE
                        GRTST DEPTH:   T           7 = DUSTSTORM OR SANDSTORM:
                                                       VSBY 1/2 MILE OR LESS
                                                   8 = SMOKE OR HAZE
[NO. OF DAYS WITH]      [WEATHER - DAYS WITH]      9 = BLOWING SNOW
                                                   X = TORNADO
MAX 32 OR BELOW:   0    0.01 INCH OR MORE:   7
MAX 90 OR ABOVE:   0    0.10 INCH OR MORE:   5
MIN 32 OR BELOW:  11    0.50 INCH OR MORE:   3
MIN  0 OR BELOW:   0    1.00 INCH OR MORE:   0

[HDD (BASE 65) ]
TOTAL THIS MO.   503    CLEAR  (SCALE 0-3)  11
DPTR FM NORMAL   121    PTCLDY (SCALE 4-7)  13
TOTAL FM JUL 1   571    CLOUDY (SCALE 8-10)  6
DPTR FM NORMAL    57

[CDD (BASE 65) ]
TOTAL THIS MO.     1
DPTR FM NORMAL    -9    [PRESSURE DATA]
TOTAL FM JAN 1  2050    HIGHEST SLP 30.58 ON 27
DPTR FM NORMAL  -154    LOWEST  SLP 29.35 ON 23

[REMARKS]
#FINAL-11-14#




U.S. Dept. of Commerce
NOAA National Weather Service
1325 East West Highway
Silver Spring, MD 20910
E-mail: w-nws.webmaster@noaa.gov
Page last modified: May 16, 2007
NATIONAL WEATHER SERVICE: for Safety, for Work, for Fun - FOR LIFE