257
CXUS54 KLZK 011330
CF6LIT
PRELIMINARY LOCAL CLIMATOLOGICAL DATA (WS FORM: F-6)

                                          STATION:   Little Rock Adams Field
                                          MONTH:     JULY
                                          YEAR:      2014
                                          LATITUDE:   34 43 N
                                          LONGITUDE:  92 14 W

  TEMPERATURE IN F:       :PCPN:    SNOW:  WIND      :SUNSHINE: SKY     :PK WND
================================================================================
1   2   3   4   5  6A  6B    7    8   9   10  11  12  13   14  15   16   17  18
                                     12Z  AVG MX 2MIN
DY MAX MIN AVG DEP HDD CDD  WTR  SNW DPTH SPD SPD DIR MIN PSBL S-S WX    SPD DR
================================================================================

 1  92  73  83   1   0  18 0.00  0.0    0  9.8 29 330   M    M   3 3      38 330
 2  90  71  81  -1   0  16 0.04  0.0    0  5.0 20 350   M    M   7 3      25 320
 3  83  66  75  -7   0  10 0.00  0.0    0  6.6 13  10   M    M   5        18  10
 4  83  65  74  -8   0   9 0.00  0.0    0  5.1 15  70   M    M   3        20  80
 5  86  65  76  -6   0  11 0.00  0.0    0  2.5 12  50   M    M   5        22 330
 6  87  67  77  -5   0  12 0.00  0.0    0  4.9 13 220   M    M   7        16 220
 7  91  73  82   0   0  17 0.00  0.0    0  7.3 18 260   M    M   6 18     24 250
 8  92  70  81  -1   0  16 1.31  0.0    0  9.7 32 320   M    M   7 13     43 330
 9  88  71  80  -3   0  15 0.14  0.0    0  5.5 16 260   M    M   7 13     21 260
10  89  70  80  -3   0  15 1.87  0.0    0  4.2 33 310   M    M   7 123    44 300
11  87  72  80  -3   0  15 0.00  0.0    0  4.4 14 130   M    M   6        17 140
12  94  75  85   2   0  20 0.00  0.0    0  4.2 12 160   M    M   3 1      14 160
13  95  75  85   2   0  20 0.00  0.0    0  6.0 13 190   M    M   1        16 170
14  96  73  85   2   0  20 1.28  0.0    0  7.6 30 350   M    M   6 138    38 330
15  83  66  75  -8   0  10 0.00  0.0    0  6.8 15 350   M    M   7        21 310
16  82  63  73 -10   0   8    T  0.0    0  4.1  9  40   M    M   6        20 100
17  72  62  67 -16   0   2 0.48  0.0    0  4.2 10 130   M    M   9 1      17 130
18  71  62  67 -16   0   2 0.23  0.0    0  8.5 14  60   M    M   9 1      18  50
19  78  64  71 -12   0   6 0.00  0.0    0  3.4  9  10   M    M   8 1      12  10
20  83  64  74  -9   0   9 0.00  0.0    0  0.8  8 110   M    M   5 1      10  80
21  87  65  76  -7   0  11 0.00  0.0    0  1.7  8 150   M    M   2 1      20  60
22  89  67  78  -5   0  13 0.00  0.0    0  1.2  8 170   M    M   3        20 210
23  91  70  81  -2   0  16 1.67  0.0    0  5.6 31  20   M    M   5 1238   39  20
24  85  69  77  -6   0  12 0.00  0.0    0  4.8 10  40   M    M   6        17 140
25  88  64  76  -7   0  11 0.00  0.0    0  4.0 10 160   M    M   3 1      17 230
26  93  72  83   0   0  18 0.00  0.0    0  6.7 17 220   M    M   5 1      22 220
27  95  77  86   3   0  21 0.00  0.0    0  7.2 15 250   M    M   7        20 220
28  89  73  81  -2   0  16 0.00  0.0    0  6.9 17 340   M    M   4        22 320
29  85  68  77  -6   0  12 0.00  0.0    0  5.1 14  50   M    M   4        15  50
30  82  66  74  -9   0   9 0.02  0.0    0  3.1 10 280   M    M   9        14 230
31  75  67  71 -12   0   6 0.20  0.0    0  3.7 10  60   M    M  10 18     14  70
================================================================================
SM 2681 2125         0 396  7.24     0.0 160.6          M      175
================================================================================
AV 86.5 68.5                               5.2 FASTST   M    M   6    MAX(MPH)
                                 MISC ---->  # 33 310               # 44  300
================================================================================
NOTES:
# LAST OF SEVERAL OCCURRENCES

COLUMN 17 PEAK WIND IN M.P.H.

PRELIMINARY LOCAL CLIMATOLOGICAL DATA (WS FORM: F-6) , PAGE 2

                                          STATION:  Little Rock Adams Field
                                          MONTH:    JULY
                                          YEAR:     2014
                                          LATITUDE:   34 43 N
                                          LONGITUDE:  92 14 W

[TEMPERATURE DATA]      [PRECIPITATION DATA]       SYMBOLS USED IN COLUMN 16

AVERAGE MONTHLY: 77.5   TOTAL FOR MONTH:   7.24    1 = FOG OR MIST
DPTR FM NORMAL:  -5.3   DPTR FM NORMAL:    3.97    2 = FOG REDUCING VISIBILITY
HIGHEST:    96 ON 14    GRTST 24HR  1.87 ON 10-10      TO 1/4 MILE OR LESS
LOWEST:     62 ON 18,17                            3 = THUNDER
                        SNOW, ICE PELLETS, HAIL    4 = ICE PELLETS
                        TOTAL MONTH:   0.0 INCH    5 = HAIL
                        GRTST 24HR     0.0         6 = FREEZING RAIN OR DRIZZLE
                        GRTST DEPTH:   0           7 = DUSTSTORM OR SANDSTORM:
                                                       VSBY 1/2 MILE OR LESS
                                                   8 = SMOKE OR HAZE
[NO. OF DAYS WITH]      [WEATHER - DAYS WITH]      9 = BLOWING SNOW
                                                   X = TORNADO
MAX 32 OR BELOW:   0    0.01 INCH OR MORE:  10
MAX 90 OR ABOVE:  10    0.10 INCH OR MORE:   8
MIN 32 OR BELOW:   0    0.50 INCH OR MORE:   4
MIN  0 OR BELOW:   0    1.00 INCH OR MORE:   4

[HDD (BASE 65) ]
TOTAL THIS MO.     0    CLEAR  (SCALE 0-3)   6
DPTR FM NORMAL     0    PTCLDY (SCALE 4-7)  21
TOTAL FM JUL 1     0    CLOUDY (SCALE 8-10)  4
DPTR FM NORMAL     0

[CDD (BASE 65) ]
TOTAL THIS MO.   396
DPTR FM NORMAL  -157    [PRESSURE DATA]
TOTAL FM JAN 1  1093    HIGHEST SLP 30.29 ON  4
DPTR FM NORMAL  -166    LOWEST  SLP 29.86 ON  1

[REMARKS]
#FINAL-07-14#




U.S. Dept. of Commerce
NOAA National Weather Service
1325 East West Highway
Silver Spring, MD 20910
E-mail: w-nws.webmaster@noaa.gov
Page last modified: May 16, 2007
NATIONAL WEATHER SERVICE: for Safety, for Work, for Fun - FOR LIFE