737
CXHW51 PHFO 261250
CF6LIH
PRELIMINARY LOCAL CLIMATOLOGICAL DATA (WS FORM: F-6)

                                          STATION:   LIHUE HI
                                          MONTH:     JANUARY
                                          YEAR:      2015
                                          LATITUDE:   21 58 N
                                          LONGITUDE: 159 21 W

  TEMPERATURE IN F:       :PCPN:    SNOW:  WIND      :SUNSHINE: SKY     :PK WND
================================================================================
1   2   3   4   5  6A  6B    7    8   9   10  11  12  13   14  15   16   17  18
                                     12Z  AVG MX 2MIN
DY MAX MIN AVG DEP HDD CDD  WTR  SNW DPTH SPD SPD DIR MIN PSBL S-S WX    SPD DR
================================================================================

 1  74  59  67  -5   0   2    T  0.0    0  5.1  9 290   M    M   6 8      14 350
 2  77  59  68  -4   0   3 0.81  0.0    0 12.3 39 230   M    M   8 13     53 240
 3  75  56  66  -6   0   1 0.03  0.0    0 10.8 24 330   M    M   3        30 320
 4  78  54  66  -6   0   1 0.00  0.0    0  9.2 22  10   M    M   3        28  10
 5  77  57  67  -5   0   2    T  0.0    0  6.1 17 360   M    M   3        22 360
 6  76  65  71  -1   0   6 0.00  0.0    0 14.6 24  20   M    M   5        31  20
 7  76  65  71  -1   0   6 0.00  0.0    0 10.5 20  30   M    M   9        25  40
 8  77  62  70  -2   0   5 0.00  0.0    0  6.2 12 130   M    M   5        15 110
 9  78  61  70  -2   0   5 0.00  0.0    0  6.3 13 280   M    M   2        14 280
10  79  66  73   1   0   8 0.00  0.0    0  5.1  9 280   M    M   2        10 290
11  82  63  73   1   0   8 0.00  0.0    0  8.4 20 220   M    M   2        25 210
12  80  60  70  -2   0   5 0.00  0.0    0  7.8 14 230   M    M   1        18 180
13  79  62  71  -1   0   6 0.00  0.0    0  8.9 17 180   M    M   0        23 190
14  82  67  75   3   0  10 0.00  0.0    0  9.6 20 250   M    M   5        24 240
15  85  68  77   5   0  12 0.00  0.0    0  8.7 21 240   M    M   8        28 220
16  84  66  75   3   0  10 0.32  0.0    0  8.2 17 230   M    M   7 18     23 360
17  77  66  72   0   0   7    T  0.0    0  7.2 16  10   M    M   9        21  20
18  79  67  73   1   0   8 0.00  0.0    0  5.4 10 110   M    M   4        15 100
19  81  65  73   1   0   8 0.00  0.0    0  6.7 14 180   M    M   3        17 180
20  82  64  73   1   0   8 0.00  0.0    0  6.3 14 140   M    M   3        16 150
21  80  65  73   1   0   8 0.00  0.0    0  7.2 13 180   M    M   1        16 170
22  83  67  75   3   0  10 0.00  0.0    0  9.9 21 230   M    M   1        26 210
23  85  69  77   5   0  12 0.00  0.0    0  9.7 23 240   M    M   4        29 240
24  77  66  72   0   0   7 0.00  0.0    0 11.9 23 350   M    M   8        29 360
25  78  67  73   1   0   8 0.00  0.0    0 13.9 21  30   M    M   9        25  30
================================================================================
SM 1981 1586         0 166  1.16     0.0 216.0          M      111
================================================================================
AV 79.2 63.4                               8.6 FASTST   M    M   4    MAX(MPH)
                                 MISC ---->  # 39 230               # 53  240
================================================================================
NOTES:
# LAST OF SEVERAL OCCURRENCES

COLUMN 17 PEAK WIND IN M.P.H.

PRELIMINARY LOCAL CLIMATOLOGICAL DATA (WS FORM: F-6) , PAGE 2

                                          STATION:  LIHUE HI
                                          MONTH:    JANUARY
                                          YEAR:     2015
                                          LATITUDE:   21 58 N
                                          LONGITUDE: 159 21 W

[TEMPERATURE DATA]      [PRECIPITATION DATA]       SYMBOLS USED IN COLUMN 16

AVERAGE MONTHLY: 71.3   TOTAL FOR MONTH:   1.16    1 = FOG OR MIST
DPTR FM NORMAL:  -0.7   DPTR FM NORMAL:   -1.90    2 = FOG REDUCING VISIBILITY
HIGHEST:    85 ON 23,15 GRTST 24HR  0.84 ON  2- 3      TO 1/4 MILE OR LESS
LOWEST:     54 ON  4                               3 = THUNDER
                        SNOW, ICE PELLETS, HAIL    4 = ICE PELLETS
                        TOTAL MONTH:   0.0 INCH    5 = HAIL
                        GRTST 24HR     0.0         6 = FREEZING RAIN OR DRIZZLE
                        GRTST DEPTH:   0           7 = DUSTSTORM OR SANDSTORM:
                                                       VSBY 1/2 MILE OR LESS
                                                   8 = SMOKE OR HAZE
[NO. OF DAYS WITH]      [WEATHER - DAYS WITH]      9 = BLOWING SNOW
                                                   X = TORNADO
MAX 32 OR BELOW:   0    0.01 INCH OR MORE:   3
MAX 90 OR ABOVE:   0    0.10 INCH OR MORE:   2
MIN 32 OR BELOW:   0    0.50 INCH OR MORE:   1
MIN  0 OR BELOW:   0    1.00 INCH OR MORE:   0

[HDD (BASE 65) ]
TOTAL THIS MO.     0    CLEAR  (SCALE 0-3)  12
DPTR FM NORMAL     0    PTCLDY (SCALE 4-7)  10
TOTAL FM JUL 1     0    CLOUDY (SCALE 8-10)  3
DPTR FM NORMAL     0

[CDD (BASE 65) ]
TOTAL THIS MO.   166
DPTR FM NORMAL    -9    [PRESSURE DATA]
TOTAL FM JAN 1   166    HIGHEST SLP M ON M
DPTR FM NORMAL    -9    LOWEST  SLP 29.54 ON  2

[REMARKS]




U.S. Dept. of Commerce
NOAA National Weather Service
1325 East West Highway
Silver Spring, MD 20910
E-mail: w-nws.webmaster@noaa.gov
Page last modified: May 16, 2007
NATIONAL WEATHER SERVICE: for Safety, for Work, for Fun - FOR LIFE