868
CXUS55 KBOU 281158
CF6LIC
PRELIMINARY LOCAL CLIMATOLOGICAL DATA (WS FORM: F-6)

                                          STATION:   LIMON CO
                                          MONTH:     NOVEMBER
                                          YEAR:      2014
                                          LATITUDE:   39 10 N
                                          LONGITUDE: 103 42 W

  TEMPERATURE IN F:       :PCPN:    SNOW:  WIND      :SUNSHINE: SKY     :PK WND
================================================================================
1   2   3   4   5  6A  6B    7    8   9   10  11  12  13   14  15   16   17  18
                                     12Z  AVG MX 2MIN
DY MAX MIN AVG DEP HDD CDD  WTR  SNW DPTH SPD SPD DIR MIN PSBL S-S WX    SPD DR
================================================================================

 1  72  21  47   M  18   0 0.00    M    M  7.2 25 230   M    M   0        34 230
 2  67  37  52   M  13   0 0.00    M    M  9.9 21 200   M    M   1        26 200
 3  48  26  37   M  28   0 0.00    M    M 13.5 35 340   M    M   5 1      43 340
 4  56  18  37   M  28   0 0.00    M    M  7.2 17 190   M    M   0        23 190
 5  61  21  41   M  24   0 0.00    M    M  8.4 23  20   M    M   0        27  10
 6  64  20  42   M  23   0 0.00    M    M  5.7 13 160   M    M   0        17 160
 7  63  27  45   M  20   0 0.02    M    M 14.8 32  10   M    M   1        39  20
 8  59  26  43   M  22   0    T    M    M  9.1 21 210   M    M   0        26 210
 9  68  24  46   M  19   0 0.00    M    M  6.2 14 290   M    M   0        17 290
10  68  13  41   M  24   0    T    M    M 19.4 45  20   M    M   4 1      53  20
11  17   5  11   M  54   0 0.02    M    M  9.6 17 340   M    M   9 1      21 340
12   6 -13  -3   M  68   0    T    M    M 12.1 22 340   M    M   9 18     28 320
13  10 -21  -5   M  70   0 0.00    M    M  9.6 20 180   M    M   4        24 180
14  34   2  18   M  47   0 0.00    M    M  8.6 21 150   M    M   2        24 160
15  19   6  13   M  52   0 0.09    M    M 15.0 32 350   M    M   7 1      41 350
16  26  -3  12   M  53   0 0.00    M    M 11.0 28 330   M    M   1        33 330
17  33  -5  14   M  51   0 0.00    M    M  6.0 20 310   M    M   0        24 310
18  50   3  27   M  38   0 0.00    M    M  8.1 23 290   M    M   1        28 290
19  47  13  30   M  35   0 0.00    M    M  7.0 18 160   M    M   0 8      24 140
20  52  13  33   M  32   0 0.00    M    M  6.1 17 150   M    M   1        26 140
21  55  15  35   M  30   0 0.00    M    M  5.1 15  10   M    M   1        20 360
22  63  17  40   M  25   0 0.00    M    M  6.2 17 250   M    M   0        27 280
23  43  17  30   M  35   0 0.01    M    M 19.0 38 360   M    M   5 1      48 360
24  42  11  27   M  38   0    T    M    M 15.3 38 350   M    M   3        47 360
25  48   5  27   M  38   0 0.01    M    M  9.8 30  10   M    M   5 1      35  10
26  42  17  30   M  35   0 0.02    M    M  9.2 21 340   M    M   4 1      24 350
27  67  16  42   M  23   0 0.00    M    M  5.4 24 320   M    M   0        29 290
================================================================================
SM 1280  331       943   0  0.17    M    264.5          M       63
================================================================================
AV 47.4 12.3                               9.8 FASTST   M    M   2    MAX(MPH)
                                 MISC ---->  # 45  20               # 53   20
================================================================================
NOTES:
# LAST OF SEVERAL OCCURRENCES

COLUMN 17 PEAK WIND IN M.P.H.

PRELIMINARY LOCAL CLIMATOLOGICAL DATA (WS FORM: F-6) , PAGE 2

                                          STATION:  LIMON CO
                                          MONTH:    NOVEMBER
                                          YEAR:     2014
                                          LATITUDE:   39 10 N
                                          LONGITUDE: 103 42 W

[TEMPERATURE DATA]      [PRECIPITATION DATA]       SYMBOLS USED IN COLUMN 16

AVERAGE MONTHLY: 29.8   TOTAL FOR MONTH:   0.17    1 = FOG OR MIST
DPTR FM NORMAL:     M   DPTR FM NORMAL:       M    2 = FOG REDUCING VISIBILITY
HIGHEST:    72 ON  1    GRTST 24HR  0.09 ON 15-15      TO 1/4 MILE OR LESS
LOWEST:    -21 ON 13                               3 = THUNDER
                        SNOW, ICE PELLETS, HAIL    4 = ICE PELLETS
                        TOTAL MONTH:    M          5 = HAIL
                        GRTST 24HR    M  ON   M    6 = FREEZING RAIN OR DRIZZLE
                        GRTST DEPTH:  M  ON   M    7 = DUSTSTORM OR SANDSTORM:
                                                       VSBY 1/2 MILE OR LESS
                                                   8 = SMOKE OR HAZE
[NO. OF DAYS WITH]      [WEATHER - DAYS WITH]      9 = BLOWING SNOW
                                                   X = TORNADO
MAX 32 OR BELOW:   5    0.01 INCH OR MORE:   6
MAX 90 OR ABOVE:   0    0.10 INCH OR MORE:   0
MIN 32 OR BELOW:  26    0.50 INCH OR MORE:   0
MIN  0 OR BELOW:   4    1.00 INCH OR MORE:   0

[HDD (BASE 65) ]
TOTAL THIS MO.   943    CLEAR  (SCALE 0-3)  18
DPTR FM NORMAL     M    PTCLDY (SCALE 4-7)   7
TOTAL FM JUL 1  1537    CLOUDY (SCALE 8-10)  2
DPTR FM NORMAL     M

[CDD (BASE 65) ]
TOTAL THIS MO.     0
DPTR FM NORMAL     M    [PRESSURE DATA]
TOTAL FM JAN 1   376    HIGHEST SLP M ON M
DPTR FM NORMAL     M    LOWEST  SLP 29.36 ON 10

[REMARKS]




U.S. Dept. of Commerce
NOAA National Weather Service
1325 East West Highway
Silver Spring, MD 20910
E-mail: w-nws.webmaster@noaa.gov
Page last modified: May 16, 2007
NATIONAL WEATHER SERVICE: for Safety, for Work, for Fun - FOR LIFE