490
CXUS55 KBOU 271104
CF6LIC
PRELIMINARY LOCAL CLIMATOLOGICAL DATA (WS FORM: F-6)

                                          STATION:   LIMON CO
                                          MONTH:     JULY
                                          YEAR:      2014
                                          LATITUDE:   39 10 N
                                          LONGITUDE: 103 42 W

  TEMPERATURE IN F:       :PCPN:    SNOW:  WIND      :SUNSHINE: SKY     :PK WND
================================================================================
1   2   3   4   5  6A  6B    7    8   9   10  11  12  13   14  15   16   17  18
                                     12Z  AVG MX 2MIN
DY MAX MIN AVG DEP HDD CDD  WTR  SNW DPTH SPD SPD DIR MIN PSBL S-S WX    SPD DR
================================================================================

 1  75  57  66   M   0   1    T    M    M  8.1 18  40   M    M   7        23  40
 2  73  54  64   M   1   0    T    M    M 13.0 22 160   M    M   5        28 160
 3  87  57  72   M   0   7 0.03    M    M 11.0 24 160   M    M   4 3      30 190
 4  90  49  70   M   0   5    T    M    M  6.2 33 260   M    M   2 123    47 260
 5  92  51  72   M   0   7    T    M    M  6.2 16  20   M    M   0        22  10
 6  97  52  75   M   0  10    T    M    M  6.9 26 330   M    M   1 3      32 330
 7  98  52  75   M   0  10 0.19    M    M  7.8 26 110   M    M   2 13     33 110
 8  79  57  68   M   0   3 0.00    M    M  8.9 23  40   M    M   5        27  50
 9  91  51  71   M   0   6    T    M    M 10.6 24 260   M    M   0        31 250
10  93  52  73   M   0   8    T    M    M  7.6 18 140   M    M   0        23 140
11  91  61  76   M   0  11    T    M    M 12.3 30 300   M    M   1 3      39 300
12  85  59  72   M   0   7 0.13    M    M 10.9 20  30   M    M   2 1      29  20
13  82  58  70   M   0   5 0.02    M    M  7.6 29  40   M    M   3 13     37  30
14  81  55  68   M   0   3    T    M    M 12.4 23  60   M    M   4        30  60
15  65  54  60   M   5   0 0.13    M    M 13.3 21 160   M    M   9 1      25 150
16  79  55  67   M   0   2 0.29    M    M  9.4 29  40   M    M   6 13     35  30
17  72  55  64   M   1   0 0.01    M    M  8.0 16 150   M    M   6 1      19 170
18  90  54  72   M   0   7 0.00    M    M  8.5 21 350   M    M   3 1      27 340
19  93  49  71   M   0   6 0.00    M    M  8.3 20  20   M    M   0        27  40
20  96  52  74   M   0   9 0.00    M    M  7.4 23 350   M    M   0        31 320
21  95  57  76   M   0  11 0.00    M    M  5.9 23 140   M    M   0        28 140
22  94  54  74   M   0   9 0.00    M    M  8.8 26  30   M    M   0        34  20
23  91  55  73   M   0   8 0.00    M    M 11.6 29 140   M    M   0        38 140
24  97  56  77   M   0  12    T    M    M 11.2 32 280   M    M   2 3      42 280
25  94  56  75   M   0  10 0.03    M    M  9.4 35 280   M    M   0        44 280
26  94  51  73   M   0   8    T    M    M  8.8 25 310   M    M   2        32 320
================================================================================
SM 2274 1413         7 165  0.83    M    240.1          M       64
================================================================================
AV 87.5 54.3                               9.2 FASTST   M    M   2    MAX(MPH)
                                 MISC ---->  # 35 280               # 47  260
================================================================================
NOTES:
# LAST OF SEVERAL OCCURRENCES

COLUMN 17 PEAK WIND IN M.P.H.

PRELIMINARY LOCAL CLIMATOLOGICAL DATA (WS FORM: F-6) , PAGE 2

                                          STATION:  LIMON CO
                                          MONTH:    JULY
                                          YEAR:     2014
                                          LATITUDE:   39 10 N
                                          LONGITUDE: 103 42 W

[TEMPERATURE DATA]      [PRECIPITATION DATA]       SYMBOLS USED IN COLUMN 16

AVERAGE MONTHLY: 70.9   TOTAL FOR MONTH:   0.83    1 = FOG OR MIST
DPTR FM NORMAL:     M   DPTR FM NORMAL:       M    2 = FOG REDUCING VISIBILITY
HIGHEST:    98 ON  7    GRTST 24HR  0.31 ON 15-16      TO 1/4 MILE OR LESS
LOWEST:     49 ON 19, 4                            3 = THUNDER
                        SNOW, ICE PELLETS, HAIL    4 = ICE PELLETS
                        TOTAL MONTH:    M          5 = HAIL
                        GRTST 24HR    M  ON   M    6 = FREEZING RAIN OR DRIZZLE
                        GRTST DEPTH:  M  ON   M    7 = DUSTSTORM OR SANDSTORM:
                                                       VSBY 1/2 MILE OR LESS
                                                   8 = SMOKE OR HAZE
[NO. OF DAYS WITH]      [WEATHER - DAYS WITH]      9 = BLOWING SNOW
                                                   X = TORNADO
MAX 32 OR BELOW:   0    0.01 INCH OR MORE:   8
MAX 90 OR ABOVE:  16    0.10 INCH OR MORE:   4
MIN 32 OR BELOW:   0    0.50 INCH OR MORE:   0
MIN  0 OR BELOW:   0    1.00 INCH OR MORE:   0

[HDD (BASE 65) ]
TOTAL THIS MO.     7    CLEAR  (SCALE 0-3)  18
DPTR FM NORMAL     M    PTCLDY (SCALE 4-7)   7
TOTAL FM JUL 1     7    CLOUDY (SCALE 8-10)  1
DPTR FM NORMAL     M

[CDD (BASE 65) ]
TOTAL THIS MO.   165
DPTR FM NORMAL     M    [PRESSURE DATA]
TOTAL FM JAN 1   220    HIGHEST SLP M ON M
DPTR FM NORMAL     M    LOWEST  SLP 29.72 ON 10

[REMARKS]




U.S. Dept. of Commerce
NOAA National Weather Service
1325 East West Highway
Silver Spring, MD 20910
E-mail: w-nws.webmaster@noaa.gov
Page last modified: May 16, 2007
NATIONAL WEATHER SERVICE: for Safety, for Work, for Fun - FOR LIFE