760
CXUS55 KBOU 011255
CF6LIC

PRELIMINARY LOCAL CLIMATOLOGICAL DATA (WS FORM: F-6)

                                          STATION:   LIMON CO
                                          MONTH:     AUGUST
                                          YEAR:      2014
                                          LATITUDE:   39 10 N
                                          LONGITUDE: 103 42 W

  TEMPERATURE IN F:       :PCPN:    SNOW:  WIND      :SUNSHINE: SKY     :PK WND
================================================================================
1   2   3   4   5  6A  6B    7    8   9   10  11  12  13   14  15   16   17  18
                                     12Z  AVG MX 2MIN
DY MAX MIN AVG DEP HDD CDD  WTR  SNW DPTH SPD SPD DIR MIN PSBL S-S WX    SPD DR
================================================================================

 1  80  48  64   M   1   0 0.00    M    M  6.6 17 140   M    M   0 1      22 200
 2  81  48  65   M   0   0 0.00    M    M  7.8 16 210   M    M   1        31 190
 3  85  52  69   M   0   4 0.00    M    M  9.1 22 150   M    M   0        28 160
 4  89  52  71   M   0   6 0.00    M    M  8.8 21 120   M    M   1        28 100
 5  87  54  71   M   0   6 0.02    M    M  6.7 26 330   M    M   3 3      32 330
 6  87  53  70   M   0   5 0.01    M    M  9.0 23 350   M    M   1        30 350
 7  84  58  71   M   0   6 0.13    M    M  9.2 28 330   M    M   5 13     33 330
 8  84  55  70   M   0   5    T    M    M  9.1 35 310   M    M   1 3      44 310
 9  87  52  70   M   0   5 0.04    M    M  9.2 43 290   M    M   0 13     53 280
10  80  51  66   M   0   1 0.00    M    M  8.3 18  10   M    M   1        26 360
11  84  48  66   M   0   1 0.00    M    M  4.9 15 130   M    M   0        19 120
12  89  48  69   M   0   4 0.00    M    M  5.4 16 150   M    M   0        21 150
13  91  48  70   M   0   5 0.00    M    M  7.6 21 110   M    M   0        27 120
14  91  54  73   M   0   8 0.21    M    M  8.8 35 280   M    M   3 13     45 300
15  88  56  72   M   0   7    T    M    M 10.6 32 340   M    M   1 3      41 340
16  91  55  73   M   0   8 0.00    M    M  7.7 22 330   M    M   0        37 310
17  94  51  73   M   0   8 0.00    M    M  8.2 30 330   M    M   0        38 330
18  94  48  71   M   0   6 0.00    M    M  8.6 29 320   M    M   0 3      37 310
19  94  53  74   M   0   9    T    M    M  6.6 30 320   M    M   2        36 320
20  90  61  76   M   0  11    T    M    M  7.0 23  20   M    M   2 3      27  20
21  86  56  71   M   0   6 0.03    M    M  7.7 21 360   M    M   3 3      26  10
22  79  55  67   M   0   2 1.22    M    M 13.1 29 360   M    M   5 13     45 320
23  81  53  67   M   0   2    T    M    M  7.6 30 330   M    M   5 123    38 340
24  82  49  66   M   0   1 0.01    M    M  8.3 24 150   M    M   1 3      31 160
25  79  53  66   M   0   1 0.16    M    M  8.7 35 270   M    M   3 3      43 280
26  76  54  65   M   0   0    T    M    M  6.8 17 130   M    M   4        23 140
27  80  56  68   M   0   3 0.04    M    M 10.1 29 340   M    M   6 13     37 340
28  74  50  62   M   3   0    T    M    M 11.0 29 330   M    M   3 3      36 330
29  81  47  64   M   1   0    T    M    M  8.2 22 320   M    M   2 3      25 340
30  84  48  66   M   0   1 0.00    M    M  7.9 22 230   M    M   1        26 240
31  78  48  63   M   2   0 0.00    M    M  9.0 28 340   M    M   0 3      33 310
================================================================================
SM 2630 1614         7 121  1.87    M    257.6          M       54
================================================================================
AV 84.8 52.1                               8.3 FASTST   M    M   2    MAX(MPH)
                                 MISC ---->  # 43 290               # 53  280
================================================================================
NOTES:
# LAST OF SEVERAL OCCURRENCES

COLUMN 17 PEAK WIND IN M.P.H.

PRELIMINARY LOCAL CLIMATOLOGICAL DATA (WS FORM: F-6) , PAGE 2

                                          STATION:  LIMON CO
                                          MONTH:    AUGUST
                                          YEAR:     2014
                                          LATITUDE:   39 10 N
                                          LONGITUDE: 103 42 W

[TEMPERATURE DATA]      [PRECIPITATION DATA]       SYMBOLS USED IN COLUMN 16

AVERAGE MONTHLY: 68.5   TOTAL FOR MONTH:   1.87    1 = FOG OR MIST
DPTR FM NORMAL:     M   DPTR FM NORMAL:       M    2 = FOG REDUCING VISIBILITY
HIGHEST:    94 ON 19,18 GRTST 24HR  1.22 ON 22-22      TO 1/4 MILE OR LESS
LOWEST:     47 ON 29                               3 = THUNDER
                        SNOW, ICE PELLETS, HAIL    4 = ICE PELLETS
                        TOTAL MONTH:    M          5 = HAIL
                        GRTST 24HR    M  ON   M    6 = FREEZING RAIN OR DRIZZLE
                        GRTST DEPTH:  M  ON   M    7 = DUSTSTORM OR SANDSTORM:
                                                       VSBY 1/2 MILE OR LESS
                                                   8 = SMOKE OR HAZE
[NO. OF DAYS WITH]      [WEATHER - DAYS WITH]      9 = BLOWING SNOW
                                                   X = TORNADO
MAX 32 OR BELOW:   0    0.01 INCH OR MORE:  10
MAX 90 OR ABOVE:   7    0.10 INCH OR MORE:   4
MIN 32 OR BELOW:   0    0.50 INCH OR MORE:   1
MIN  0 OR BELOW:   0    1.00 INCH OR MORE:   1

[HDD (BASE 65) ]
TOTAL THIS MO.     7    CLEAR  (SCALE 0-3)  26
DPTR FM NORMAL     M    PTCLDY (SCALE 4-7)   5
TOTAL FM JUL 1    20    CLOUDY (SCALE 8-10)  0
DPTR FM NORMAL     M

[CDD (BASE 65) ]
TOTAL THIS MO.   121
DPTR FM NORMAL     M    [PRESSURE DATA]
TOTAL FM JAN 1   355    HIGHEST SLP M ON M
DPTR FM NORMAL     M    LOWEST  SLP 29.62 ON 19

[REMARKS]
FINAL-#08-14#




U.S. Dept. of Commerce
NOAA National Weather Service
1325 East West Highway
Silver Spring, MD 20910
E-mail: w-nws.webmaster@noaa.gov
Page last modified: May 16, 2007
NATIONAL WEATHER SERVICE: for Safety, for Work, for Fun - FOR LIFE