837
CXUS55 KBOU 301329
CF6LIC
PRELIMINARY LOCAL CLIMATOLOGICAL DATA (WS FORM: F-6)

                                          STATION:   LIMON CO
                                          MONTH:     JANUARY
                                          YEAR:      2015
                                          LATITUDE:   39 10 N
                                          LONGITUDE: 103 42 W

  TEMPERATURE IN F:       :PCPN:    SNOW:  WIND      :SUNSHINE: SKY     :PK WND
================================================================================
1   2   3   4   5  6A  6B    7    8   9   10  11  12  13   14  15   16   17  18
                                     12Z  AVG MX 2MIN
DY MAX MIN AVG DEP HDD CDD  WTR  SNW DPTH SPD SPD DIR MIN PSBL S-S WX    SPD DR
================================================================================

 1  25  -6  10   M  55   0    T    M    M  8.0 20 310   M    M   6        34 320
 2  34   8  21   M  44   0 0.00    M    M  7.6 15 300   M    M   2        19 280
 3  30  -3  14   M  51   0 0.02    M    M 14.1 35 360   M    M   3 189    42 360
 4  23 -10   7   M  58   0 0.00    M    M  7.0 16 150   M    M   0        21 180
 5  45   2  24   M  41   0 0.00    M    M  4.5 15  40   M    M   0        19  40
 6  46  12  29   M  36   0 0.00    M    M  6.5 26  30   M    M   1 12     34  40
 7  19   9  14   M  51   0    T    M    M 11.0 22 190   M    M   8 12     27 180
 8  45  11  28   M  37   0    T    M    M 13.1 31  30   M    M   3 16     37  30
 9  24  15  20   M  45   0    T    M    M 11.8 24  10   M    M  10 1      28  20
10  55  17  36   M  29   0 0.00    M    M  4.8 14  80   M    M   1        17  70
11  47  19  33   M  32   0 0.00    M    M  9.2 24  10   M    M   4        28  20
12  25  15  20   M  45   0 0.01    M    M 12.0 20 160   M    M  10 1      25 180
13  28  14  21   M  44   0 0.00    M    M 13.2 23 340   M    M   9 1      28 340
14  39  11  25   M  40   0 0.00    M    M  4.1 15 340   M    M   2        18 340
15  50  18  34   M  31   0 0.00    M    M  6.2 16 320   M    M   0        18 230
16  59  17  38   M  27   0 0.00    M    M  5.5 14 340   M    M   0        20 250
17  51  20  36   M  29   0 0.00    M    M 13.1 25 310   M    M   0        32 310
18  60  19  40   M  25   0 0.00    M    M  5.6 14 320   M    M   0        18 330
19  56  23  40   M  25   0 0.00    M    M  6.9 18  40   M    M   2        23  10
20  39  28  34   M  31   0 0.05    M    M  5.9 16  10   M    M   9 1      21 330
21  30  17  24   M  41   0 0.03    M    M  6.9 14 270   M    M   9 18     16  30
22  32   6  19   M  46   0 0.00    M    M  6.2 15 230   M    M   0        18 210
23  44   8  26   M  39   0 0.00    M    M 13.4 30 340   M    M   2        35 350
24  56  15  36   M  29   0    T    M    M 11.2 30 360   M    M   2        38 360
25  55  25  40   M  25   0    T    M    M  9.4 23 340   M    M   2        31 330
26  67  26  47   M  18   0 0.00    M    M  8.9 23 340   M    M   0        29 330
27  72  27  50   M  15   0 0.00    M    M  9.5 22 210   M    M   0        27 210
28  59  32  46   M  19   0 0.00    M    M 15.2 40 330   M    M   0        49 330
29  48  26  37   M  28   0 0.00    M    M  8.4 17 340   M    M   5        20 340
================================================================================
SM 1263  421      1036   0  0.11    M    259.2          M       90
================================================================================
AV 43.6 14.5                               8.9 FASTST   M    M   3    MAX(MPH)
                                 MISC ---->  # 40 330               # 49  330
================================================================================
NOTES:
# LAST OF SEVERAL OCCURRENCES

COLUMN 17 PEAK WIND IN M.P.H.

PRELIMINARY LOCAL CLIMATOLOGICAL DATA (WS FORM: F-6) , PAGE 2

                                          STATION:  LIMON CO
                                          MONTH:    JANUARY
                                          YEAR:     2015
                                          LATITUDE:   39 10 N
                                          LONGITUDE: 103 42 W

[TEMPERATURE DATA]      [PRECIPITATION DATA]       SYMBOLS USED IN COLUMN 16

AVERAGE MONTHLY: 29.0   TOTAL FOR MONTH:   0.11    1 = FOG OR MIST
DPTR FM NORMAL:     M   DPTR FM NORMAL:       M    2 = FOG REDUCING VISIBILITY
HIGHEST:    72 ON 27    GRTST 24HR  0.05 ON 20-20      TO 1/4 MILE OR LESS
LOWEST:    -10 ON  4                               3 = THUNDER
                        SNOW, ICE PELLETS, HAIL    4 = ICE PELLETS
                        TOTAL MONTH:    M          5 = HAIL
                        GRTST 24HR    M  ON   M    6 = FREEZING RAIN OR DRIZZLE
                        GRTST DEPTH:  M  ON   M    7 = DUSTSTORM OR SANDSTORM:
                                                       VSBY 1/2 MILE OR LESS
                                                   8 = SMOKE OR HAZE
[NO. OF DAYS WITH]      [WEATHER - DAYS WITH]      9 = BLOWING SNOW
                                                   X = TORNADO
MAX 32 OR BELOW:   9    0.01 INCH OR MORE:   4
MAX 90 OR ABOVE:   0    0.10 INCH OR MORE:   0
MIN 32 OR BELOW:  29    0.50 INCH OR MORE:   0
MIN  0 OR BELOW:   3    1.00 INCH OR MORE:   0

[HDD (BASE 65) ]
TOTAL THIS MO.  1036    CLEAR  (SCALE 0-3)  20
DPTR FM NORMAL     M    PTCLDY (SCALE 4-7)   4
TOTAL FM JUL 1  3847    CLOUDY (SCALE 8-10)  5
DPTR FM NORMAL     M

[CDD (BASE 65) ]
TOTAL THIS MO.     0
DPTR FM NORMAL     M    [PRESSURE DATA]
TOTAL FM JAN 1     0    HIGHEST SLP M ON M
DPTR FM NORMAL     M    LOWEST  SLP 29.81 ON 16

[REMARKS]




U.S. Dept. of Commerce
NOAA National Weather Service
1325 East West Highway
Silver Spring, MD 20910
E-mail: w-nws.webmaster@noaa.gov
Page last modified: May 16, 2007
NATIONAL WEATHER SERVICE: for Safety, for Work, for Fun - FOR LIFE