762
CXUS55 KPUB 011159
CF6LHX
PRELIMINARY LOCAL CLIMATOLOGICAL DATA (WS FORM: F-6)

                                          STATION:   LA JUNTA CO
                                          MONTH:     NOVEMBER
                                          YEAR:      2014
                                          LATITUDE:   38  2 N
                                          LONGITUDE: 103 31 W

  TEMPERATURE IN F:       :PCPN:    SNOW:  WIND      :SUNSHINE: SKY     :PK WND
================================================================================
1   2   3   4   5  6A  6B    7    8   9   10  11  12  13   14  15   16   17  18
                                     12Z  AVG MX 2MIN
DY MAX MIN AVG DEP HDD CDD  WTR  SNW DPTH SPD SPD DIR MIN PSBL S-S WX    SPD DR
================================================================================

 1  79  34  57   9   8   0 0.00  0.0    0  8.6 22 220   M    M   0        26 230
 2  78  50  64  17   1   0    T  0.0    0 12.7 38 250   M    M   4        49 260
 3  65  35  50   3  15   0 0.00  0.0    0 14.3 28  30   M    M   0        35  30
 4  60  33  47   1  18   0 0.00  0.0    0  6.9 13 270   M    M   1        15 260
 5  68  25  47   1  18   0 0.00  0.0    0  5.4 14  10   M    M   0        16  10
 6  66  29  48   2  17   0 0.00  0.0    0  4.9 13 260   M    M   0        13 260
 7  76  35  56  11   9   0    T  0.0    0 10.5 25  20   M    M   1        31  20
 8  65  37  51   6  14   0 0.01  0.0    0  8.2 20 340   M    M   2        23 340
 9  71  32  52   8  13   0 0.00  0.0    0  9.1 17 250   M    M   0        21 250
10  79  21  50   6  15   0    T    M    0 17.5 47  30   M    M   5 18     58  20
11  22  18  20 -23  45   0    T    M    M  9.8 16  10   M    M  10        18  20
12  18   8  13 -30  52   0 0.05    M    M 10.0 18  70   M    M  10 128    22  60
13  13  -9   2 -40  63   0    T    M    M  6.8 14  40   M    M   5 1      16  60
14  21  -1  10 -32  55   0 0.00  0.0    M  5.6 14 270   M    M   1        16 270
15  33  13  23 -18  42   0    T    M    M 13.7 29  20   M    M   4 1      33  20
16  27   7  17 -24  48   0    T    M    M  9.0 18 280   M    M   4 1      21 280
17  30   2  16 -24  49   0 0.00  0.0    M  6.9 15 220   M    M   0        16 220
18  47  10  29 -11  36   0 0.00  0.0    M  9.6 18 240   M    M   0        21 230
19  50  18  34  -5  31   0 0.00  0.0    M  6.7 15 110   M    M   0        18 120
20  51  26  39   0  26   0 0.00  0.0    0  6.1 12 270   M    M   0        13 110
21  54  25  40   2  25   0 0.00  0.0    0  4.2 13 270   M    M   0        14 260
22  67  29  48  10  17   0 0.00  0.0    0 12.0 25 280   M    M   0        33 280
23  49  28  39   2  26   0    T    M    0 15.3 38 360   M    M   4        49 360
24  50  22  36  -1  29   0 0.00  0.0    0 13.5 30 350   M    M   1        37 360
25  56  23  40   4  25   0 0.00  0.0    0 11.8 21 280   M    M   1        26 280
26  45  23  34  -2  31   0 0.00  0.0    0  6.9 15 160   M    M   0        20 120
27  69  21  45  10  20   0 0.00  0.0    0  6.2 16 270   M    M   0        18 260
28  76  36  56  21   9   0 0.00  0.0    0 12.5 22 240   M    M   0        27 240
29  71  34  53  19  12   0 0.00  0.0    0 10.2 20 240   M    M   0        23 230
30  51  19  35   1  30   0 0.00  0.0    0 11.3 25  50   M    M   2        32  40
================================================================================
SM 1607  683       799   0  0.06     0.0 286.2          M       55
================================================================================
AV 53.6 22.8                               9.5 FASTST   M    M   2    MAX(MPH)
                                 MISC ---->  # 47  30               # 58   20
================================================================================
NOTES:
# LAST OF SEVERAL OCCURRENCES

COLUMN 17 PEAK WIND IN M.P.H.

PRELIMINARY LOCAL CLIMATOLOGICAL DATA (WS FORM: F-6) , PAGE 2

                                          STATION:  LA JUNTA CO
                                          MONTH:    NOVEMBER
                                          YEAR:     2014
                                          LATITUDE:   38  2 N
                                          LONGITUDE: 103 31 W

[TEMPERATURE DATA]      [PRECIPITATION DATA]       SYMBOLS USED IN COLUMN 16

AVERAGE MONTHLY: 38.2   TOTAL FOR MONTH:   0.06    1 = FOG OR MIST
DPTR FM NORMAL:  -2.7   DPTR FM NORMAL:   -0.32    2 = FOG REDUCING VISIBILITY
HIGHEST:    79 ON 10, 1 GRTST 24HR  0.05 ON 12-12      TO 1/4 MILE OR LESS
LOWEST:     -9 ON 13                               3 = THUNDER
                        SNOW, ICE PELLETS, HAIL    4 = ICE PELLETS
                        TOTAL MONTH:   0.0 INCH    5 = HAIL
                        GRTST 24HR     0.0         6 = FREEZING RAIN OR DRIZZLE
                        GRTST DEPTH:   0           7 = DUSTSTORM OR SANDSTORM:
                                                       VSBY 1/2 MILE OR LESS
                                                   8 = SMOKE OR HAZE
[NO. OF DAYS WITH]      [WEATHER - DAYS WITH]      9 = BLOWING SNOW
                                                   X = TORNADO
MAX 32 OR BELOW:   6    0.01 INCH OR MORE:   2
MAX 90 OR ABOVE:   0    0.10 INCH OR MORE:   0
MIN 32 OR BELOW:  22    0.50 INCH OR MORE:   0
MIN  0 OR BELOW:   2    1.00 INCH OR MORE:   0

[HDD (BASE 65) ]
TOTAL THIS MO.   799    CLEAR  (SCALE 0-3)  22
DPTR FM NORMAL    76    PTCLDY (SCALE 4-7)   6
TOTAL FM JUL 1  1071    CLOUDY (SCALE 8-10)  2
DPTR FM NORMAL   -74

[CDD (BASE 65) ]
TOTAL THIS MO.     0
DPTR FM NORMAL     0    [PRESSURE DATA]
TOTAL FM JAN 1  1369    HIGHEST SLP 30.73 ON 12
DPTR FM NORMAL   143    LOWEST  SLP 29.30 ON 10

[REMARKS]
#FINAL-11-14#




U.S. Dept. of Commerce
NOAA National Weather Service
1325 East West Highway
Silver Spring, MD 20910
E-mail: w-nws.webmaster@noaa.gov
Page last modified: May 16, 2007
NATIONAL WEATHER SERVICE: for Safety, for Work, for Fun - FOR LIFE