317
CXUS55 KPUB 301159
CF6LHX
PRELIMINARY LOCAL CLIMATOLOGICAL DATA (WS FORM: F-6)

                                          STATION:   LA JUNTA CO
                                          MONTH:     JANUARY
                                          YEAR:      2015
                                          LATITUDE:   38  2 N
                                          LONGITUDE: 103 31 W

  TEMPERATURE IN F:       :PCPN:    SNOW:  WIND      :SUNSHINE: SKY     :PK WND
================================================================================
1   2   3   4   5  6A  6B    7    8   9   10  11  12  13   14  15   16   17  18
                                     12Z  AVG MX 2MIN
DY MAX MIN AVG DEP HDD CDD  WTR  SNW DPTH SPD SPD DIR MIN PSBL S-S WX    SPD DR
================================================================================

 1  28   4  16 -14  49   0 0.00  0.0    M  7.6 15 260   M    M   2        17 270
 2  35   4  20 -10  45   0 0.00  0.0    M  8.1 17 270   M    M   0        20 270
 3  40   7  24  -6  41   0    T    M    M 12.1 31  30   M    M   4        38  20
 4  23   1  12 -18  53   0 0.00  0.0    M  4.8 13  60   M    M   0        15  60
 5  49   7  28  -2  37   0 0.00  0.0    0  6.5 21 270   M    M   0        24 280
 6   M  28   M   M   M   M 0.00  0.0    0  6.4 13  80   M    M   0 1      31  90
 7   M   M   M   M   M   M    T    M    M  8.3 26  50   M    M   9 18     33  50
 8  56   M   M   M   M   M 0.00  0.0    M  9.3 24  50   M    M   1        32  40
 9  31  20  26  -5  39   0    T    M    M  7.0 18  60   M    M   9 168    22  60
10  45  19  32   1  33   0 0.00  0.0    M   M   M   M   M    M   3 12      M  M
11  53  25  39   8  26   0    T    M    0  8.4 16  40   M    M   3        19  50
12  33  21  27  -4  38   0    T    M    M 11.0 14  80   M    M  10 18     17  90
13  29  16  23  -8  42   0 0.00  0.0    0  4.9 12 100   M    M  10        15  90
14  40  24  32   1  33   0 0.00  0.0    0  5.0 10 270   M    M   4        22 150
15  53  21  37   6  28   0 0.00  0.0    0  8.0 15 270   M    M   0 1      24 250
16  68  21  45  14  20   0 0.00  0.0    0 10.8 18 260   M    M   0        26 270
17  59  34  47  16  18   0 0.00  0.0    0 10.7 28 330   M    M   0        33 340
18  70  27  49  18  16   0 0.00  0.0    0  9.4 21 250   M    M   0        25 250
19  61  28  45  14  20   0 0.00  0.0    0  7.1 16 100   M    M   0        22 100
20  43  25  34   3  31   0 0.00  0.0    0  6.0 12 100   M    M   7        13 110
21  35  23  29  -2  36   0    T    M    M  9.1 20  40   M    M  10 12     23  50
22  32   6  19 -12  46   0 0.00  0.0    M  7.7 14 270   M    M   3 1      15 320
23  48   5  27  -4  38   0 0.00  0.0    M 10.5 16 280   M    M   4 1      19 290
24  54  23  39   8  26   0 0.00  0.0    M 10.3 17 270   M    M   1        21 260
25  60  29  45  14  20   0 0.00  0.0    M  9.0 15 260   M    M   0        18 300
26  70  32  51  20  14   0 0.00  0.0    M 10.6 18 270   M    M   0        23 270
27  73  33  53  22  12   0 0.00  0.0    0  8.2 20 250   M    M   0        23 250
28  70  37  54  22  11   0 0.00  0.0    0 11.5 24 320   M    M   0        30 320
29  53  36  45  13  20   0 0.00  0.0    0  6.7 13  20   M    M   4        19  50
================================================================================
SM 1311  556       792   0    T      0.0 235.0          M       84
================================================================================
AV 48.6 20.6                               8.4 FASTST   M    M   3    MAX(MPH)
                                 MISC ---->  # 31  30               # 38   20
================================================================================
NOTES:
# LAST OF SEVERAL OCCURRENCES

COLUMN 17 PEAK WIND IN M.P.H.

PRELIMINARY LOCAL CLIMATOLOGICAL DATA (WS FORM: F-6) , PAGE 2

                                          STATION:  LA JUNTA CO
                                          MONTH:    JANUARY
                                          YEAR:     2015
                                          LATITUDE:   38  2 N
                                          LONGITUDE: 103 31 W

[TEMPERATURE DATA]      [PRECIPITATION DATA]       SYMBOLS USED IN COLUMN 16

AVERAGE MONTHLY: 34.6   TOTAL FOR MONTH:      T    1 = FOG OR MIST
DPTR FM NORMAL:   3.7   DPTR FM NORMAL:   -0.27    2 = FOG REDUCING VISIBILITY
HIGHEST:    73 ON 27    GRTST 24HR    T  ON 21-21      TO 1/4 MILE OR LESS
LOWEST:      1 ON  4                               3 = THUNDER
                        SNOW, ICE PELLETS, HAIL    4 = ICE PELLETS
                        TOTAL MONTH:   0.0 INCH    5 = HAIL
                        GRTST 24HR     0.0         6 = FREEZING RAIN OR DRIZZLE
                        GRTST DEPTH:   0           7 = DUSTSTORM OR SANDSTORM:
                                                       VSBY 1/2 MILE OR LESS
                                                   8 = SMOKE OR HAZE
[NO. OF DAYS WITH]      [WEATHER - DAYS WITH]      9 = BLOWING SNOW
                                                   X = TORNADO
MAX 32 OR BELOW:   5    0.01 INCH OR MORE:   0
MAX 90 OR ABOVE:   0    0.10 INCH OR MORE:   0
MIN 32 OR BELOW:  23    0.50 INCH OR MORE:   0
MIN  0 OR BELOW:   0    1.00 INCH OR MORE:   0

[HDD (BASE 65) ]
TOTAL THIS MO.   792    CLEAR  (SCALE 0-3)  18
DPTR FM NORMAL  -196    PTCLDY (SCALE 4-7)   6
TOTAL FM JUL 1  2873    CLOUDY (SCALE 8-10)  5
DPTR FM NORMAL  -318

[CDD (BASE 65) ]
TOTAL THIS MO.     0
DPTR FM NORMAL     0    [PRESSURE DATA]
TOTAL FM JAN 1     0    HIGHEST SLP 99.90 ON 24
DPTR FM NORMAL     0    LOWEST  SLP 29.99 ON  3

[REMARKS]




U.S. Dept. of Commerce
NOAA National Weather Service
1325 East West Highway
Silver Spring, MD 20910
E-mail: w-nws.webmaster@noaa.gov
Page last modified: May 16, 2007
NATIONAL WEATHER SERVICE: for Safety, for Work, for Fun - FOR LIFE