933
CXUS55 KPUB 251059
CF6LHX
PRELIMINARY LOCAL CLIMATOLOGICAL DATA (WS FORM: F-6)

                                          STATION:   LA JUNTA CO
                                          MONTH:     JULY
                                          YEAR:      2014
                                          LATITUDE:   38  2 N
                                          LONGITUDE: 103 31 W

  TEMPERATURE IN F:       :PCPN:    SNOW:  WIND      :SUNSHINE: SKY     :PK WND
================================================================================
1   2   3   4   5  6A  6B    7    8   9   10  11  12  13   14  15   16   17  18
                                     12Z  AVG MX 2MIN
DY MAX MIN AVG DEP HDD CDD  WTR  SNW DPTH SPD SPD DIR MIN PSBL S-S WX    SPD DR
================================================================================

 1  83  60  72  -5   0   7 0.14  0.0    0 11.3 25  40   M    M   8 3      30  40
 2  80  61  71  -6   0   6 0.06  0.0    0 15.5 25 120   M    M   5 3      31 120
 3  96  62  79   1   0  14 0.00  0.0    0  6.6 29 350   M    M   0        34 350
 4 100  64  82   4   0  17 0.03  0.0    0 10.2 31 300   M    M   2 3      39 300
 5  98  63  81   3   0  16 0.00  0.0    0  8.5 17 110   M    M   0        22 110
 6 102  64  83   5   0  18 0.00  0.0    0  9.4 18 100   M    M   0        23 100
 7 105  69  87   9   0  22 0.00  0.0    0 10.9 43  20   M    M   1 38     52  20
 8  87  64  76  -2   0  11 0.01  0.0    0 11.8 35  40   M    M   5        44  30
 9  97  64  81   3   0  16 0.00  0.0    0 11.4 30 200   M    M   0 8      41 180
10 101  61  81   3   0  16 0.00  0.0    0  7.4 21 150   M    M   0        26 150
11 102  71  87   8   0  22 0.00  0.0    0  8.4 32 280   M    M   0        38 280
12  97  64  81   2   0  16 2.21  0.0    0 10.5 43 200   M    M   2 13     51 200
13  83  65  74  -5   0   9 0.02  0.0    0  9.5 26  60   M    M   4        33  60
14  89  66  78  -1   0  13 0.01  0.0    0  6.1 30 110   M    M   3 38     37  90
15  74  59  67 -12   0   2 0.36  0.0    0 14.1 23 120   M    M   7 13     29 120
16  79  58  69 -10   0   4 0.36  0.0    0 11.9 35 130   M    M   4 138    42 140
17  73  59  66 -13   0   1 0.00  0.0    0  7.8 15 130   M    M   6 12     20 130
18  89  56  73  -6   0   8 0.00  0.0    0  6.5 21  40   M    M   3 128    26  30
19  95  61  78  -1   0  13 0.00  0.0    0 10.4 32 220   M    M   0 8      39 220
20  98  62  80   1   0  15 0.00  0.0    0  8.4 18 230   M    M   0        23 210
21  99  69  84   5   0  19 0.00  0.0    0  9.8 24 190   M    M   0        30 190
22  97  65  81   2   0  16 0.00  0.0    0  7.9 14 140   M    M   0        18 200
23  98  66  82   3   0  17 0.00  0.0    0  7.0 28  90   M    M   1        38  90
24 101  71  86   7   0  21 0.00  0.0    0 11.7 23  20   M    M   0        34 230
================================================================================
SM 2223 1524         0 319  3.20     0.0 233.0          M       51
================================================================================
AV 92.6 63.5                               9.7 FASTST   M    M   2    MAX(MPH)
                                 MISC ---->  # 43  20               # 52   20
================================================================================
NOTES:
# LAST OF SEVERAL OCCURRENCES

COLUMN 17 PEAK WIND IN M.P.H.

PRELIMINARY LOCAL CLIMATOLOGICAL DATA (WS FORM: F-6) , PAGE 2

                                          STATION:  LA JUNTA CO
                                          MONTH:    JULY
                                          YEAR:     2014
                                          LATITUDE:   38  2 N
                                          LONGITUDE: 103 31 W

[TEMPERATURE DATA]      [PRECIPITATION DATA]       SYMBOLS USED IN COLUMN 16

AVERAGE MONTHLY: 78.1   TOTAL FOR MONTH:   3.20    1 = FOG OR MIST
DPTR FM NORMAL:  -0.4   DPTR FM NORMAL:    1.79    2 = FOG REDUCING VISIBILITY
HIGHEST:   105 ON  7    GRTST 24HR  2.23 ON 12-13      TO 1/4 MILE OR LESS
LOWEST:     56 ON 18                               3 = THUNDER
                        SNOW, ICE PELLETS, HAIL    4 = ICE PELLETS
                        TOTAL MONTH:   0.0 INCH    5 = HAIL
                        GRTST 24HR     0.0         6 = FREEZING RAIN OR DRIZZLE
                        GRTST DEPTH:   0           7 = DUSTSTORM OR SANDSTORM:
                                                       VSBY 1/2 MILE OR LESS
                                                   8 = SMOKE OR HAZE
[NO. OF DAYS WITH]      [WEATHER - DAYS WITH]      9 = BLOWING SNOW
                                                   X = TORNADO
MAX 32 OR BELOW:   0    0.01 INCH OR MORE:   9
MAX 90 OR ABOVE:  15    0.10 INCH OR MORE:   4
MIN 32 OR BELOW:   0    0.50 INCH OR MORE:   1
MIN  0 OR BELOW:   0    1.00 INCH OR MORE:   1

[HDD (BASE 65) ]
TOTAL THIS MO.     0    CLEAR  (SCALE 0-3)  17
DPTR FM NORMAL     0    PTCLDY (SCALE 4-7)   7
TOTAL FM JUL 1     0    CLOUDY (SCALE 8-10)  0
DPTR FM NORMAL     0

[CDD (BASE 65) ]
TOTAL THIS MO.   319
DPTR FM NORMAL    -5    [PRESSURE DATA]
TOTAL FM JAN 1   762    HIGHEST SLP M ON M
DPTR FM NORMAL   121    LOWEST  SLP 29.79 ON  1

[REMARKS]




U.S. Dept. of Commerce
NOAA National Weather Service
1325 East West Highway
Silver Spring, MD 20910
E-mail: w-nws.webmaster@noaa.gov
Page last modified: May 16, 2007
NATIONAL WEATHER SERVICE: for Safety, for Work, for Fun - FOR LIFE