431
CXUS55 KPUB 271059
CF6LHX
PRELIMINARY LOCAL CLIMATOLOGICAL DATA (WS FORM: F-6)

                                          STATION:   LA JUNTA CO
                                          MONTH:     AUGUST
                                          YEAR:      2014
                                          LATITUDE:   38  2 N
                                          LONGITUDE: 103 31 W

  TEMPERATURE IN F:       :PCPN:    SNOW:  WIND      :SUNSHINE: SKY     :PK WND
================================================================================
1   2   3   4   5  6A  6B    7    8   9   10  11  12  13   14  15   16   17  18
                                     12Z  AVG MX 2MIN
DY MAX MIN AVG DEP HDD CDD  WTR  SNW DPTH SPD SPD DIR MIN PSBL S-S WX    SPD DR
================================================================================

 1  82  59  71  -7   0   6 0.00  0.0    0  6.8 22 220   M    M   2        26 220
 2  86  59  73  -5   0   8 0.00  0.0    0  7.7 15 150   M    M   1        20 140
 3  91  56  74  -4   0   9 0.00  0.0    0  8.9 18 140   M    M   1        29 190
 4  94  63  79   1   0  14 0.00  0.0    0  7.9 30 230   M    M   0        35 230
 5  94  64  79   1   0  14 0.12  0.0    0  9.2 30 300   M    M   1 138    38 300
 6  93  60  77  -1   0  12 0.00  0.0    0  6.0 15 120   M    M   0        19 210
 7  87  62  75  -2   0  10 0.02  0.0    0  8.8 35 200   M    M   2 3      43 190
 8  88  60  74  -3   0   9 0.01  0.0    0  7.1 18 110   M    M   0        22 120
 9  95  62  79   2   0  14 0.04  0.0    0  9.6 36  30   M    M   1 3      43  30
10  90  61  76  -1   0  11 1.86  0.0    0 10.2 29 320   M    M   3 13     46 350
11  86  58  72  -5   0   7 0.00  0.0    0  5.9 13 150   M    M   0        21 300
12  91  60  76  -1   0  11 0.00  0.0    0  6.9 14 230   M    M   0        17 220
13  94  58  76  -1   0  11 0.00  0.0    0  6.4 14 120   M    M   0 8      20 120
14  95  70  83   6   0  18    T  0.0    0  8.7 35 330   M    M   1 3      52 340
15  95  62  79   3   0  14    T  0.0    0  9.8 32 350   M    M   1 3      41 280
16  93  62  78   2   0  13    T  0.0    0  9.1 35  50   M    M   0 3      42  50
17  99  62  81   5   0  16 0.00  0.0    0  8.4 33 290   M    M   0 3      43 290
18  99  57  78   2   0  13 0.00  0.0    0  6.6 17  60   M    M   0        22  50
19  97  61  79   3   0  14    T  0.0    0  8.7 35 200   M    M   1        43 210
20  97  68  83   7   0  18 0.00  0.0    0  8.2 16 140   M    M   1        20 150
21  94  64  79   3   0  14 0.00  0.0    0  6.9 17 160   M    M   0        24 160
22  89  64  77   2   0  12 0.07  0.0    0  8.3 49 230   M    M   1 13     59 230
23  92  58  75   0   0  10 0.00  0.0    0  9.7 23 220   M    M   0        28 230
24  91  57  74  -1   0   9 0.00  0.0    0  7.9 17  70   M    M   0        23  60
25  91  56  74  -1   0   9 0.00  0.0    0 10.9 31 170   M    M   1        38 160
26  77  63  70  -5   0   5 0.04  0.0    0  7.7 29 220   M    M   5 13     44 220
================================================================================
SM 2380 1586         0 301  2.16     0.0 212.3          M       22
================================================================================
AV 91.5 61.0                               8.2 FASTST   M    M   1    MAX(MPH)
                                 MISC ---->  # 49 230               # 59  230
================================================================================
NOTES:
# LAST OF SEVERAL OCCURRENCES

COLUMN 17 PEAK WIND IN M.P.H.

PRELIMINARY LOCAL CLIMATOLOGICAL DATA (WS FORM: F-6) , PAGE 2

                                          STATION:  LA JUNTA CO
                                          MONTH:    AUGUST
                                          YEAR:     2014
                                          LATITUDE:   38  2 N
                                          LONGITUDE: 103 31 W

[TEMPERATURE DATA]      [PRECIPITATION DATA]       SYMBOLS USED IN COLUMN 16

AVERAGE MONTHLY: 76.3   TOTAL FOR MONTH:   2.16    1 = FOG OR MIST
DPTR FM NORMAL:  -0.3   DPTR FM NORMAL:    0.76    2 = FOG REDUCING VISIBILITY
HIGHEST:    99 ON 18,17 GRTST 24HR  1.86 ON 10-10      TO 1/4 MILE OR LESS
LOWEST:     56 ON 25, 3                            3 = THUNDER
                        SNOW, ICE PELLETS, HAIL    4 = ICE PELLETS
                        TOTAL MONTH:   0.0 INCH    5 = HAIL
                        GRTST 24HR     0.0         6 = FREEZING RAIN OR DRIZZLE
                        GRTST DEPTH:   0           7 = DUSTSTORM OR SANDSTORM:
                                                       VSBY 1/2 MILE OR LESS
                                                   8 = SMOKE OR HAZE
[NO. OF DAYS WITH]      [WEATHER - DAYS WITH]      9 = BLOWING SNOW
                                                   X = TORNADO
MAX 32 OR BELOW:   0    0.01 INCH OR MORE:   7
MAX 90 OR ABOVE:  19    0.10 INCH OR MORE:   2
MIN 32 OR BELOW:   0    0.50 INCH OR MORE:   1
MIN  0 OR BELOW:   0    1.00 INCH OR MORE:   1

[HDD (BASE 65) ]
TOTAL THIS MO.     0    CLEAR  (SCALE 0-3)  25
DPTR FM NORMAL     0    PTCLDY (SCALE 4-7)   1
TOTAL FM JUL 1     0    CLOUDY (SCALE 8-10)  0
DPTR FM NORMAL    -1

[CDD (BASE 65) ]
TOTAL THIS MO.   301
DPTR FM NORMAL    -1    [PRESSURE DATA]
TOTAL FM JAN 1  1140    HIGHEST SLP M ON M
DPTR FM NORMAL   107    LOWEST  SLP 29.76 ON 20

[REMARKS]




U.S. Dept. of Commerce
NOAA National Weather Service
1325 East West Highway
Silver Spring, MD 20910
E-mail: w-nws.webmaster@noaa.gov
Page last modified: May 16, 2007
NATIONAL WEATHER SERVICE: for Safety, for Work, for Fun - FOR LIFE