909
CXUS54 KFWD 300730
CF6LHB
PRELIMINARY LOCAL CLIMATOLOGICAL DATA (WS FORM: F-6)

                                          STATION:   HEARNE
                                          MONTH:     JULY
                                          YEAR:      2014
                                          LATITUDE:   30 52 N
                                          LONGITUDE:  96 36 W

  TEMPERATURE IN F:       :PCPN:    SNOW:  WIND      :SUNSHINE: SKY     :PK WND
================================================================================
1   2   3   4   5  6A  6B    7    8   9   10  11  12  13   14  15   16   17  18
                                     12Z  AVG MX 2MIN
DY MAX MIN AVG DEP HDD CDD  WTR  SNW DPTH SPD SPD DIR MIN PSBL S-S WX    SPD DR
================================================================================

 1  95  76  86   M   0  21 0.00  0.0    0  5.5 10 150   M    M   2         M  M
 2  97  72  85   M   0  20 0.00  0.0    0  2.0  7 120   M    M   2 1       M  M
 3  96  73  85   M   0  20 0.04  0.0    0  1.7 13  20   M    M   3 3      22  20
 4  93  72  83   M   0  18 0.00  0.0    0  2.2  8  90   M    M   1         M  M
 5  95  74  85   M   0  20 0.00  0.0    0  3.1  8 150   M    M   1 1       M  M
 6  94  74  84   M   0  19 0.00  0.0    0  3.4  9 150   M    M   1         M  M
 7  97  75  86   M   0  21 0.00  0.0    0  5.3 10 180   M    M   0         M  M
 8  98  76  87   M   0  22 0.00  0.0    0  6.3 12 160   M    M   1        18 190
 9 100  74  87   M   0  22 0.00  0.0    0  5.5 10 180   M    M   0         M  M
10  98  76  87   M   0  22 0.00  0.0    0  5.6 10 170   M    M   1        16 150
11  99  72  86   M   0  21 0.00  0.0    0  5.0 13 180   M    M   0        16 170
12  99  73  86   M   0  21 0.00  0.0    0  3.0  8 190   M    M   1 1      16 170
13 103  75  89   M   0  24 0.00  0.0    0  2.8  8 130   M    M   0         M  M
14 106  80  93   M   0  28 0.00  0.0    0  4.5  9 190   M    M   0         M  M
15  97  82  90   M   0  25 0.09  0.0    0  3.1  9 140   M    M   4         M  M
16 102  80  91   M   0  26 0.00  0.0    0  3.2  8 100   M    M   1 1       M  M
17   M   M   M   M   M   M 0.13  0.0    0  4.7  8 110   M    M   6 3       M  M
18  87  78  83   M   0  18 0.01  0.0    0  5.8 10 350   M    M   9 13     17 340
19  91  76  84   M   0  19 0.00  0.0    0  3.2  7  20   M    M   7 1       M  M
20 100  76  88   M   0  23 0.00  0.0    0  2.5  7  80   M    M   4 1       M  M
21 100  83  92   M   0  27 0.00  0.0    0  2.6  7 110   M    M   4 1       M  M
22  99  77  88   M   0  23 0.00  0.0    0  2.3  7 100   M    M   1 1       M  M
23  98  79  89   M   0  24 0.00  0.0    0  3.7 12  60   M    M   2        24  60
24   M   M   M   M   M   M 0.04  0.0    0   M   M   M   M    M   5 8       M  M
25 108  88  98   M   0  33 0.00  0.0    0  4.8  9 120   M    M   2 1       M  M
26   M   M   M   M   M   M 0.00  0.0    0  7.5 14 180   M    M   1        18 180
27   M   M   M   M   M   M 0.00  0.0    0  6.4 12 160   M    M   2        18 160
28   M   M   M   M   M   M 0.00  0.0    0  3.8 10  40   M    M   1 8      16  30
29   M   M   M   M   M   M 0.05    M    0  2.1  7  50   M    M   4         M  M
================================================================================
SM 2252 1761         0 517  0.36     0.0 111.6          M       66
================================================================================
AV 97.9 76.6                               4.0 FASTST   M    M   2    MAX(MPH)
                                 MISC ---->    14   M                 24    M
================================================================================
NOTES:
# LAST OF SEVERAL OCCURRENCES

COLUMN 17 PEAK WIND IN M.P.H.

PRELIMINARY LOCAL CLIMATOLOGICAL DATA (WS FORM: F-6) , PAGE 2

                                          STATION:  HEARNE
                                          MONTH:    JULY
                                          YEAR:     2014
                                          LATITUDE:   30 52 N
                                          LONGITUDE:  96 36 W

[TEMPERATURE DATA]      [PRECIPITATION DATA]       SYMBOLS USED IN COLUMN 16

AVERAGE MONTHLY: 87.2   TOTAL FOR MONTH:   0.36    1 = FOG OR MIST
DPTR FM NORMAL:     M   DPTR FM NORMAL:       M    2 = FOG REDUCING VISIBILITY
HIGHEST:   108 ON 25    GRTST 24HR  0.13 ON 17-17      TO 1/4 MILE OR LESS
LOWEST:     72 ON 11, 4                            3 = THUNDER
                        SNOW, ICE PELLETS, HAIL    4 = ICE PELLETS
                        TOTAL MONTH:   0.0 INCH    5 = HAIL
                        GRTST 24HR     0.0         6 = FREEZING RAIN OR DRIZZLE
                        GRTST DEPTH:   0           7 = DUSTSTORM OR SANDSTORM:
                                                       VSBY 1/2 MILE OR LESS
                                                   8 = SMOKE OR HAZE
[NO. OF DAYS WITH]      [WEATHER - DAYS WITH]      9 = BLOWING SNOW
                                                   X = TORNADO
MAX 32 OR BELOW:   0    0.01 INCH OR MORE:   6
MAX 90 OR ABOVE:  22    0.10 INCH OR MORE:   1
MIN 32 OR BELOW:   0    0.50 INCH OR MORE:   0
MIN  0 OR BELOW:   0    1.00 INCH OR MORE:   0

[HDD (BASE 65) ]
TOTAL THIS MO.     0    CLEAR  (SCALE 0-3)  20
DPTR FM NORMAL     M    PTCLDY (SCALE 4-7)   8
TOTAL FM JUL 1     0    CLOUDY (SCALE 8-10)  1
DPTR FM NORMAL     M

[CDD (BASE 65) ]
TOTAL THIS MO.   517
DPTR FM NORMAL     M    [PRESSURE DATA]
TOTAL FM JAN 1  1526    HIGHEST SLP M ON M
DPTR FM NORMAL     M    LOWEST  SLP M ON M

[REMARKS]




U.S. Dept. of Commerce
NOAA National Weather Service
1325 East West Highway
Silver Spring, MD 20910
E-mail: w-nws.webmaster@noaa.gov
Page last modified: May 16, 2007
NATIONAL WEATHER SERVICE: for Safety, for Work, for Fun - FOR LIFE