652
CXUS54 KFWD 230730
CF6LHB
PRELIMINARY LOCAL CLIMATOLOGICAL DATA (WS FORM: F-6)

                                          STATION:   HEARNE
                                          MONTH:     APRIL
                                          YEAR:      2014
                                          LATITUDE:   30 52 N
                                          LONGITUDE:  96 36 W

  TEMPERATURE IN F:       :PCPN:    SNOW:  WIND      :SUNSHINE: SKY     :PK WND
================================================================================
1   2   3   4   5  6A  6B    7    8   9   10  11  12  13   14  15   16   17  18
                                     12Z  AVG MX 2MIN
DY MAX MIN AVG DEP HDD CDD  WTR  SNW DPTH SPD SPD DIR MIN PSBL S-S WX    SPD DR
================================================================================

 1  87  66  77   M   0  12 0.00  0.0    0 10.4 15 140   M    M   8 1      23 140
 2  83  71  77   M   0  12 0.00  0.0    0 13.0 23 150   M    M  10 1      33 150
 3  84  73  79   M   0  14 0.00  0.0    0 13.0 22 170   M    M   8        28 170
 4  74  53  64   M   1   0 0.02  0.0    0 11.1 25 330   M    M   3 3      31 330
 5  67  51  59   M   6   0 0.00  0.0    0  4.3 12  50   M    M   5        17  50
 6  60  51  56   M   9   0 0.56  0.0    0  7.0 13 340   M    M  10 13     17 320
 7  66  51  59   M   6   0 0.14  0.0    0  5.9 18 290   M    M   8 3      23 290
 8  73  47  60   M   5   0 0.00  0.0    0 10.4 25 320   M    M   1        37 320
 9  80  40  60   M   5   0 0.00  0.0    0  4.8 10 160   M    M   0        16 170
10  84  54  69   M   0   4 0.00  0.0    0 13.1 23 150   M    M   0        30 150
11  84  59  72   M   0   7 0.00  0.0    0 12.2 18 180   M    M   3 1      25 140
12  85  64  75   M   0  10 0.00  0.0    0 13.1 21 150   M    M   6        30 150
13  78  66  72   M   0   7 0.34  0.0    0 10.2 18 140   M    M   8 3      33 140
14  73  41  57   M   8   0 0.15  0.0    0 15.5 28 320   M    M   6 13     36 330
15  63  33  48   M  17   0 0.00  0.0    0  2.9  7  20   M    M   0         M  M
16  69  37  53   M  12   0 0.00  0.0    0  8.1 18 150   M    M   1        24 150
17  72  54  63   M   2   0 0.00  0.0    0  4.6 12  80   M    M   7        17 100
18  77  56  67   M   0   2 0.00  0.0    0  2.3  8  20   M    M   6 1       M  M
19  79  52  66   M   0   1 0.00  0.0    0  3.2  9 160   M    M   2 1       M  M
20  81  56  69   M   0   4 0.00  0.0    0  7.0 17 170   M    M   5 1      22 170
21  82  64  73   M   0   8 0.00  0.0    0  7.2 10 160   M    M   6         M  M
22  85  57  71   M   0   6 0.00  0.0    0  3.2 10  10   M    M   1 12      M  M
================================================================================
SM 1686 1196        71  87  1.21     0.0 182.5          M      104
================================================================================
AV 76.6 54.4                               8.3 FASTST   M    M   5    MAX(MPH)
                                 MISC ---->    28   M                 37    M
================================================================================
NOTES:
# LAST OF SEVERAL OCCURRENCES

COLUMN 17 PEAK WIND IN M.P.H.

PRELIMINARY LOCAL CLIMATOLOGICAL DATA (WS FORM: F-6) , PAGE 2

                                          STATION:  HEARNE
                                          MONTH:    APRIL
                                          YEAR:     2014
                                          LATITUDE:   30 52 N
                                          LONGITUDE:  96 36 W

[TEMPERATURE DATA]      [PRECIPITATION DATA]       SYMBOLS USED IN COLUMN 16

AVERAGE MONTHLY: 65.5   TOTAL FOR MONTH:   1.21    1 = FOG OR MIST
DPTR FM NORMAL:     M   DPTR FM NORMAL:       M    2 = FOG REDUCING VISIBILITY
HIGHEST:    87 ON  1    GRTST 24HR  0.56 ON  6- 6      TO 1/4 MILE OR LESS
LOWEST:     33 ON 15                               3 = THUNDER
                        SNOW, ICE PELLETS, HAIL    4 = ICE PELLETS
                        TOTAL MONTH:   0.0 INCH    5 = HAIL
                        GRTST 24HR     0.0         6 = FREEZING RAIN OR DRIZZLE
                        GRTST DEPTH:   0           7 = DUSTSTORM OR SANDSTORM:
                                                       VSBY 1/2 MILE OR LESS
                                                   8 = SMOKE OR HAZE
[NO. OF DAYS WITH]      [WEATHER - DAYS WITH]      9 = BLOWING SNOW
                                                   X = TORNADO
MAX 32 OR BELOW:   0    0.01 INCH OR MORE:   5
MAX 90 OR ABOVE:   0    0.10 INCH OR MORE:   4
MIN 32 OR BELOW:   0    0.50 INCH OR MORE:   1
MIN  0 OR BELOW:   0    1.00 INCH OR MORE:   0

[HDD (BASE 65) ]
TOTAL THIS MO.    71    CLEAR  (SCALE 0-3)   9
DPTR FM NORMAL     M    PTCLDY (SCALE 4-7)  10
TOTAL FM JUL 1  2237    CLOUDY (SCALE 8-10)  3
DPTR FM NORMAL     M

[CDD (BASE 65) ]
TOTAL THIS MO.    87
DPTR FM NORMAL     M    [PRESSURE DATA]
TOTAL FM JAN 1   118    HIGHEST SLP M ON M
DPTR FM NORMAL     M    LOWEST  SLP M ON M

[REMARKS]




U.S. Dept. of Commerce
NOAA National Weather Service
1325 East West Highway
Silver Spring, MD 20910
E-mail: w-nws.webmaster@noaa.gov
Page last modified: May 16, 2007
NATIONAL WEATHER SERVICE: for Safety, for Work, for Fun - FOR LIFE