084
CXUS54 KFWD 022025
CF6LHB
PRELIMINARY LOCAL CLIMATOLOGICAL DATA (WS FORM: F-6)

                                          STATION:   HEARNE
                                          MONTH:     NOVEMBER
                                          YEAR:      2014
                                          LATITUDE:   30 52 N
                                          LONGITUDE:  96 36 W

  TEMPERATURE IN F:       :PCPN:    SNOW:  WIND      :SUNSHINE: SKY     :PK WND
================================================================================
1   2   3   4   5  6A  6B    7    8   9   10  11  12  13   14  15   16   17  18
                                     12Z  AVG MX 2MIN
DY MAX MIN AVG DEP HDD CDD  WTR  SNW DPTH SPD SPD DIR MIN PSBL S-S WX    SPD DR
================================================================================

 1  65  39  52   M  13   0 0.00  0.0    0  3.8  8  90   M    M   0 8       M  M
 2  73  41  57   M   8   0 0.00  0.0    0  6.9 15 140   M    M   0        22 140
 3  79  54  67   M   0   2 0.00  0.0    0  9.3 17 150   M    M   5        24 150
 4  79  59  69   M   0   4 0.39  0.0    0  8.4 15 360   M    M  10        21 360
 5  59  56  58   M   7   0 1.45  0.0    0  5.4 14 340   M    M  10        18 330
 6  63  50  57   M   8   0 0.14  0.0    0  4.4 13 350   M    M   4        16 350
 7  67  44  56   M   9   0 0.00  0.0    0  2.4  7  70   M    M   0         M  M
 8  71  45  58   M   7   0 0.00  0.0    0  2.0  9 310   M    M   2         M  M
 9  71  38  55   M  10   0 0.00  0.0    0  2.5  7 130   M    M   0         M  M
10  78  47  63   M   2   0 0.00  0.0    0 10.0 21 170   M    M   0        30 180
11  66  37  52   M  13   0 0.00  0.0    0 12.0 22 330   M    M   5        35 330
12  49  36  43   M  22   0 0.00  0.0    0 13.4 23 330   M    M   2        29 330
13  44  28  36   M  29   0 0.00  0.0    0 14.3 22 330   M    M   8        28 350
14  47  26  37   M  28   0 0.00  0.0    0  1.2  6 360   M    M   6         M  M
15  49  40  45   M  20   0 0.04  0.0    0  3.5  7 120   M    M  10 1       M  M
16  46  35  41   M  24   0 0.02  0.0    0  8.2 20 320   M    M  10 13     28 320
17  49  27  38   M  27   0 0.00  0.0    0 11.0 22 320   M    M   2        30 320
18  54  27  41   M  24   0 0.00  0.0    0  2.6  7 160   M    M   0         M  M
19  68  31  50   M  15   0 0.00  0.0    0  5.3 15 190   M    M   0        24 190
20  73  40  57   M   8   0 0.09  0.0    0  5.5 12 140   M    M   6        21 140
21  68  60  64   M   1   0 0.05  0.0    0  5.9 10 130   M    M  10         M  M
22  64  59  62   M   3   0 2.95  0.0    0  7.3 14 100   M    M  10 3      22 110
23  80  56  68   M   0   3 0.01  0.0    0  8.2 17 230   M    M   3        24 230
24  64  38  51   M  14   0 0.00  0.0    0  5.2 16 320   M    M   0 8      22 320
25  65  33  49   M  16   0 0.00  0.0    0  2.1 12 310   M    M   0        16 310
26  72  37  55   M  10   0 0.00  0.0    0  6.3 15 230   M    M   0        21 220
27  64  38  51   M  14   0 0.00  0.0    0  2.2  9  60   M    M   0 8       M  M
28  73  35  54   M  11   0 0.00  0.0    0  5.9 18 190   M    M   1 8      23 190
29  77  51  64   M   1   0 0.00  0.0    0 10.3 22 190   M    M   5        31 180
30  79  63  71   M   0   6    M  0.0    0 11.4 18 160   M    M   7        25 160
================================================================================
SM 1956 1270       344  15  5.14     0.0 196.9          M      116
================================================================================
AV 65.2 42.3                               6.6 FASTST   M    M   4    MAX(MPH)
                                 MISC ---->  # 23 330               # 35  330
================================================================================
NOTES:
# LAST OF SEVERAL OCCURRENCES

COLUMN 17 PEAK WIND IN M.P.H.

PRELIMINARY LOCAL CLIMATOLOGICAL DATA (WS FORM: F-6) , PAGE 2

                                          STATION:  HEARNE
                                          MONTH:    NOVEMBER
                                          YEAR:     2014
                                          LATITUDE:   30 52 N
                                          LONGITUDE:  96 36 W

[TEMPERATURE DATA]      [PRECIPITATION DATA]       SYMBOLS USED IN COLUMN 16

AVERAGE MONTHLY: 53.8   TOTAL FOR MONTH:   5.14    1 = FOG OR MIST
DPTR FM NORMAL:     M   DPTR FM NORMAL:       M    2 = FOG REDUCING VISIBILITY
HIGHEST:    80 ON 23    GRTST 24HR  2.95 ON 22-22      TO 1/4 MILE OR LESS
LOWEST:     26 ON 14                               3 = THUNDER
                        SNOW, ICE PELLETS, HAIL    4 = ICE PELLETS
                        TOTAL MONTH:   0.0 INCH    5 = HAIL
                        GRTST 24HR     0.0         6 = FREEZING RAIN OR DRIZZLE
                        GRTST DEPTH:   0           7 = DUSTSTORM OR SANDSTORM:
                                                       VSBY 1/2 MILE OR LESS
                                                   8 = SMOKE OR HAZE
[NO. OF DAYS WITH]      [WEATHER - DAYS WITH]      9 = BLOWING SNOW
                                                   X = TORNADO
MAX 32 OR BELOW:   0    0.01 INCH OR MORE:   9
MAX 90 OR ABOVE:   0    0.10 INCH OR MORE:   4
MIN 32 OR BELOW:   5    0.50 INCH OR MORE:   2
MIN  0 OR BELOW:   0    1.00 INCH OR MORE:   2

[HDD (BASE 65) ]
TOTAL THIS MO.   344    CLEAR  (SCALE 0-3)  15
DPTR FM NORMAL     M    PTCLDY (SCALE 4-7)   9
TOTAL FM JUL 1   354    CLOUDY (SCALE 8-10)  6
DPTR FM NORMAL     M

[CDD (BASE 65) ]
TOTAL THIS MO.    15
DPTR FM NORMAL     M    [PRESSURE DATA]
TOTAL FM JAN 1  2491    HIGHEST SLP M ON M
DPTR FM NORMAL     M    LOWEST  SLP M ON M

[REMARKS]
#FINAL-11-14#




U.S. Dept. of Commerce
NOAA National Weather Service
1325 East West Highway
Silver Spring, MD 20910
E-mail: w-nws.webmaster@noaa.gov
Page last modified: May 16, 2007
NATIONAL WEATHER SERVICE: for Safety, for Work, for Fun - FOR LIFE