326
CXUS55 KLOX 221655
CF6LGB
PRELIMINARY LOCAL CLIMATOLOGICAL DATA (WS FORM: F-6)

                                          STATION:   LONG BEACH AIRPORT CA
                                          MONTH:     NOVEMBER
                                          YEAR:      2014
                                          LATITUDE:   33 49 N
                                          LONGITUDE: 118  9 W

  TEMPERATURE IN F:       :PCPN:    SNOW:  WIND      :SUNSHINE: SKY     :PK WND
================================================================================
1   2   3   4   5  6A  6B    7    8   9   10  11  12  13   14  15   16   17  18
                                     12Z  AVG MX 2MIN
DY MAX MIN AVG DEP HDD CDD  WTR  SNW DPTH SPD SPD DIR MIN PSBL S-S WX    SPD DR
================================================================================

 1  66  57  62  -3   3   0 0.15  0.0    0  5.8 17 280   M    M   4 1      21 260
 2  69  51  60  -5   5   0    T  0.0    0  3.6 13 210   M    M   1        17 210
 3  75  51  63  -1   2   0 0.00  0.0    0  3.7 14 310   M    M   0        16 200
 4  81  52  67   3   0   2 0.00  0.0    0  3.3 13 320   M    M   0        15 340
 5  88  50  69   5   0   4 0.00  0.0    0  4.9 14 300   M    M   0        17 300
 6  92  56  74  10   0   9 0.00  0.0    0  4.0 14 290   M    M   0        17 290
 7  89  57  73   9   0   8 0.00  0.0    0  2.1 10 310   M    M   0        13 200
 8  88  55  72   9   0   7 0.00  0.0    0  2.0 12 300   M    M   0        13 300
 9  74  57  66   3   0   1 0.00  0.0    0  3.1 12 290   M    M   4 128    13 310
10  69  62  66   3   0   1 0.00  0.0    0  4.1  9 220   M    M   8 8      13 170
11  68  63  66   3   0   1 0.00  0.0    0  5.5 10 300   M    M  10        13 330
12  70  56  63   1   2   0 0.00  0.0    0  3.6 13 290   M    M   7        16 300
13  68  54  61  -1   4   0    T  0.0    0  2.5 10 210   M    M   6 1      13 220
14  71  59  65   3   0   0 0.01  0.0    0  3.7 12 200   M    M   6 1      16 220
15  71  55  63   1   2   0 0.00  0.0    0  3.4 13 300   M    M   3 18     15 210
16  76  53  65   4   0   0 0.00  0.0    0  3.1 17  90   M    M   0 18     22  90
17  79  52  66   5   0   1 0.00  0.0    0  4.9 13  50   M    M   0        15  50
18  78  52  65   4   0   0 0.00  0.0    0  3.5 10 210   M    M   0        13 180
19  72  53  63   3   2   0 0.00  0.0    0  2.7 12 300   M    M   1        14 300
20  70  52  61   1   4   0 0.00  0.0    0  3.7 16 290   M    M   5        19 290
21  71  56  64   4   1   0 0.00  0.0    0  4.8 14 310   M    M   1        16 180
================================================================================
SM 1585 1153        25  34  0.16     0.0  78.0          M       56
================================================================================
AV 75.5 54.9                               3.7 FASTST   M    M   3    MAX(MPH)
                                 MISC ---->    17   M               # 22   90
================================================================================
NOTES:
# LAST OF SEVERAL OCCURRENCES

COLUMN 17 PEAK WIND IN M.P.H.

PRELIMINARY LOCAL CLIMATOLOGICAL DATA (WS FORM: F-6) , PAGE 2

                                          STATION:  LONG BEACH AIRPORT CA
                                          MONTH:    NOVEMBER
                                          YEAR:     2014
                                          LATITUDE:   33 49 N
                                          LONGITUDE: 118  9 W

[TEMPERATURE DATA]      [PRECIPITATION DATA]       SYMBOLS USED IN COLUMN 16

AVERAGE MONTHLY: 65.2   TOTAL FOR MONTH:   0.16    1 = FOG OR MIST
DPTR FM NORMAL:   2.7   DPTR FM NORMAL:   -0.45    2 = FOG REDUCING VISIBILITY
HIGHEST:    92 ON  6    GRTST 24HR  0.30 ON 31- 1      TO 1/4 MILE OR LESS
LOWEST:     50 ON  5                               3 = THUNDER
                        SNOW, ICE PELLETS, HAIL    4 = ICE PELLETS
                        TOTAL MONTH:   0.0 INCH    5 = HAIL
                        GRTST 24HR     0.0         6 = FREEZING RAIN OR DRIZZLE
                        GRTST DEPTH:   0           7 = DUSTSTORM OR SANDSTORM:
                                                       VSBY 1/2 MILE OR LESS
                                                   8 = SMOKE OR HAZE
[NO. OF DAYS WITH]      [WEATHER - DAYS WITH]      9 = BLOWING SNOW
                                                   X = TORNADO
MAX 32 OR BELOW:   0    0.01 INCH OR MORE:   2
MAX 90 OR ABOVE:   1    0.10 INCH OR MORE:   1
MIN 32 OR BELOW:   0    0.50 INCH OR MORE:   0
MIN  0 OR BELOW:   0    1.00 INCH OR MORE:   0

[HDD (BASE 65) ]
TOTAL THIS MO.    25    CLEAR  (SCALE 0-3)  12
DPTR FM NORMAL   -45    PTCLDY (SCALE 4-7)   8
TOTAL FM JUL 1    25    CLOUDY (SCALE 8-10)  1
DPTR FM NORMAL   -66

[CDD (BASE 65) ]
TOTAL THIS MO.    34
DPTR FM NORMAL    15    [PRESSURE DATA]
TOTAL FM JAN 1  1686    HIGHEST SLP M ON M
DPTR FM NORMAL   563    LOWEST  SLP 29.77 ON  9

[REMARKS]




U.S. Dept. of Commerce
NOAA National Weather Service
1325 East West Highway
Silver Spring, MD 20910
E-mail: w-nws.webmaster@noaa.gov
Page last modified: May 16, 2007
NATIONAL WEATHER SERVICE: for Safety, for Work, for Fun - FOR LIFE