411
CXUS55 KLOX 281655
CF6LGB
PRELIMINARY LOCAL CLIMATOLOGICAL DATA (WS FORM: F-6)

                                          STATION:   LONG BEACH AIRPORT CA
                                          MONTH:     AUGUST
                                          YEAR:      2014
                                          LATITUDE:   33 49 N
                                          LONGITUDE: 118  9 W

  TEMPERATURE IN F:       :PCPN:    SNOW:  WIND      :SUNSHINE: SKY     :PK WND
================================================================================
1   2   3   4   5  6A  6B    7    8   9   10  11  12  13   14  15   16   17  18
                                     12Z  AVG MX 2MIN
DY MAX MIN AVG DEP HDD CDD  WTR  SNW DPTH SPD SPD DIR MIN PSBL S-S WX    SPD DR
================================================================================

 1  82  67  75   1   0  10 0.00  0.0    0  4.2 12 150   M    M   2         M  M
 2  79  67  73  -1   0   8    T  0.0    0  4.3 14  50   M    M   6 18     17 280
 3  89  71  80   6   0  15 0.07  0.0    0   M   M   M   M    M   6 18      M  M
 4  87  65  76   2   0  11 0.00  0.0    0  4.9 14 310   M    M   1         M  M
 5  85  63  74   0   0   9 0.00  0.0    0  6.9 15 310   M    M   0        20 320
 6  79  65  72  -2   0   7 0.00  0.0    0  5.7 14 300   M    M   3        21 290
 7  78  65  72  -2   0   7 0.00  0.0    0  4.2 10 300   M    M   4        15 170
 8  79  68  74   0   0   9 0.00  0.0    0  4.8 13 300   M    M   5        17 170
 9  82  67  75   1   0  10 0.00  0.0    0  4.6  M 150   M    M   6         M  M
10  85  67  76   2   0  11 0.00  0.0    0  5.4  M   M   M    M   2 18      M  M
11  85  66  76   2   0  11 0.00  0.0    0  5.6 14 310   M    M   1 18      M  M
12  84  67  76   2   0  11 0.00  0.0    0  4.9 16 300   M    M   1        18 290
13  82  67  75   1   0  10 0.00  0.0    0  5.5 14 300   M    M   3        18 280
14  85  65  75   1   0  10 0.00  0.0    0  4.8 12 290   M    M   2 8      18 280
15  92  64  78   4   0  13 0.00  0.0    0  5.8 14 290   M    M   0 18     17 300
16  92  67  80   6   0  15 0.00  0.0    0  5.9 17 300   M    M   0        21 310
17  87  66  77   3   0  12 0.00  0.0    0  4.6 15 290   M    M   0        18 290
18  84  66  75   1   0  10 0.00  0.0    0  4.2 13 190   M    M   1        17 190
19  77  68  73  -1   0   8 0.00  0.0    0  5.8 12 220   M    M   8        20 230
20  80  68  74   0   0   9 0.00  0.0    0  6.7 13 300   M    M   4        17 220
21  83  67  75   1   0  10 0.00  0.0    0  5.8 15 310   M    M   2        18 300
22  85  68  77   3   0  12 0.00  0.0    0  5.5 12 310   M    M   2        14 200
23  83  67  75   1   0  10 0.00  0.0    0  5.2 13 300   M    M   3        17 280
24  82  67  75   1   0  10 0.00  0.0    0  5.7 16 300   M    M   3        20 290
25  82  66  74   0   0   9 0.00  0.0    0  6.5 14 310   M    M   1        16 290
26  85  66  76   2   0  11 0.00  0.0    0  4.4 13 310   M    M   0        16 290
27  95  67  81   7   0  16 0.00  0.0    0  5.6 18 300   M    M   0        21 300
================================================================================
SM 2268 1797         0 284  0.07     0.0 137.5          M       66
================================================================================
AV 84.0 66.6                               5.3 FASTST   M    M   2    MAX(MPH)
                                 MISC ---->  # 18 300               # 21  290
================================================================================
NOTES:
# LAST OF SEVERAL OCCURRENCES

COLUMN 17 PEAK WIND IN M.P.H.

PRELIMINARY LOCAL CLIMATOLOGICAL DATA (WS FORM: F-6) , PAGE 2

                                          STATION:  LONG BEACH AIRPORT CA
                                          MONTH:    AUGUST
                                          YEAR:     2014
                                          LATITUDE:   33 49 N
                                          LONGITUDE: 118  9 W

[TEMPERATURE DATA]      [PRECIPITATION DATA]       SYMBOLS USED IN COLUMN 16

AVERAGE MONTHLY: 75.3   TOTAL FOR MONTH:   0.07    1 = FOG OR MIST
DPTR FM NORMAL:   1.3   DPTR FM NORMAL:    0.04    2 = FOG REDUCING VISIBILITY
HIGHEST:    95 ON 27    GRTST 24HR  0.07 ON  3- 3      TO 1/4 MILE OR LESS
LOWEST:     63 ON  5                               3 = THUNDER
                        SNOW, ICE PELLETS, HAIL    4 = ICE PELLETS
                        TOTAL MONTH:   0.0 INCH    5 = HAIL
                        GRTST 24HR     0.0         6 = FREEZING RAIN OR DRIZZLE
                        GRTST DEPTH:   0           7 = DUSTSTORM OR SANDSTORM:
                                                       VSBY 1/2 MILE OR LESS
                                                   8 = SMOKE OR HAZE
[NO. OF DAYS WITH]      [WEATHER - DAYS WITH]      9 = BLOWING SNOW
                                                   X = TORNADO
MAX 32 OR BELOW:   0    0.01 INCH OR MORE:   1
MAX 90 OR ABOVE:   3    0.10 INCH OR MORE:   0
MIN 32 OR BELOW:   0    0.50 INCH OR MORE:   0
MIN  0 OR BELOW:   0    1.00 INCH OR MORE:   0

[HDD (BASE 65) ]
TOTAL THIS MO.     0    CLEAR  (SCALE 0-3)  17
DPTR FM NORMAL     0    PTCLDY (SCALE 4-7)   9
TOTAL FM JUL 1     0    CLOUDY (SCALE 8-10)  1
DPTR FM NORMAL     0

[CDD (BASE 65) ]
TOTAL THIS MO.   284
DPTR FM NORMAL    41    [PRESSURE DATA]
TOTAL FM JAN 1  1020    HIGHEST SLP M ON M
DPTR FM NORMAL   299    LOWEST  SLP 29.74 ON 18

[REMARKS]




U.S. Dept. of Commerce
NOAA National Weather Service
1325 East West Highway
Silver Spring, MD 20910
E-mail: w-nws.webmaster@noaa.gov
Page last modified: May 16, 2007
NATIONAL WEATHER SERVICE: for Safety, for Work, for Fun - FOR LIFE