708
CXUS55 KLOX 301655
CF6LGB
PRELIMINARY LOCAL CLIMATOLOGICAL DATA (WS FORM: F-6)

                                          STATION:   LONG BEACH AIRPORT CA
                                          MONTH:     SEPTEMBER
                                          YEAR:      2014
                                          LATITUDE:   33 49 N
                                          LONGITUDE: 118  9 W

  TEMPERATURE IN F:       :PCPN:    SNOW:  WIND      :SUNSHINE: SKY     :PK WND
================================================================================
1   2   3   4   5  6A  6B    7    8   9   10  11  12  13   14  15   16   17  18
                                     12Z  AVG MX 2MIN
DY MAX MIN AVG DEP HDD CDD  WTR  SNW DPTH SPD SPD DIR MIN PSBL S-S WX    SPD DR
================================================================================

 1  81  69  75   1   0  10 0.00  0.0    0  5.4 10 160   M    M   3        14 160
 2  81  68  75   1   0  10 0.00  0.0    0  5.5 13 310   M    M   4        18  60
 3  83  69  76   2   0  11 0.00  0.0    0  5.6 14 300   M    M   4        21 300
 4  80  67  74   0   0   9 0.00  0.0    0  5.8 14 310   M    M   5        18 240
 5  85  67  76   2   0  11 0.00  0.0    0  5.8 15 310   M    M   3        17 310
 6  89  67  78   4   0  13 0.00  0.0    0  4.4 15 300   M    M   0        18 290
 7  94  69  82   8   0  17 0.00  0.0    0  5.0 14 290   M    M   1        16 290
 8  84  73  79   5   0  14 0.11    M    0  3.6  8 300   M    M   7 1       M  M
 9  89  69  79   5   0  14 0.00  0.0    0  4.8 16 310   M    M   1 18     18 310
10  89  66  78   4   0  13 0.00  0.0    0  4.0 16 300   M    M   0        18 290
11  92  69  81   8   0  16 0.00  0.0    0  4.8 17 290   M    M   0        21 290
12  93  69  81   8   0  16 0.00  0.0    0  4.5 17 300   M    M   0        20 300
13  95  69  82   9   0  17 0.00  0.0    0  3.9 17 300   M    M   0         M  M
14 101  70  86  13   0  21 0.00  0.0    0  4.7 20 290   M    M   0        24 290
15  96  73  85  12   0  20 0.00  0.0    0  5.4 23 300   M    M   0        29 290
16  99  73  86  13   0  21 0.00  0.0    0  4.6 20 300   M    M   0        23 300
17  96  72  84  11   0  19 0.00  0.0    0  5.8 22 300   M    M   0        29 270
18  83  67  75   3   0  10 0.00  0.0    0  6.9 15 300   M    M   1        23 250
19  79  68  74   2   0   9 0.00  0.0    0  5.1 13 310   M    M   3        17 220
20  79  67  73   1   0   8 0.00  0.0    0  3.7 12 310   M    M   5        14 310
21  81  66  74   2   0   9 0.00  0.0    0  4.4 15 310   M    M   4        18 300
22  83  63  73   1   0   8 0.00  0.0    0  3.8 12 300   M    M   0        15 210
23  86  63  75   3   0  10 0.00  0.0    0  4.8 15 310   M    M   0 8      17 310
24  91  64  78   6   0  13 0.00  0.0    M  5.6 13 310   M    M   0         M  M
25  91  64  78   7   0  13 0.00  0.0    0  6.4 18 290   M    M   0        21 300
26  81  65  73   2   0   8 0.00  0.0    0  4.8 16 300   M    M   0        20 300
27  76  63  70  -1   0   5 0.00  0.0    0  4.7 16 280   M    M   1        21 250
28  75  64  70  -1   0   5    T  0.0    0  5.4 14 300   M    M   3         M  M
29  81  62  72   1   0   7 0.00  0.0    0  4.3 17 290   M    M   0        21 310
================================================================================
SM 2513 1955         0 357  0.11     0.0 143.6          M       45
================================================================================
AV 86.7 67.4                               5.0 FASTST   M    M   2    MAX(MPH)
                                 MISC ---->  # 23 300               # 29  290
================================================================================
NOTES:
# LAST OF SEVERAL OCCURRENCES

COLUMN 17 PEAK WIND IN M.P.H.

PRELIMINARY LOCAL CLIMATOLOGICAL DATA (WS FORM: F-6) , PAGE 2

                                          STATION:  LONG BEACH AIRPORT CA
                                          MONTH:    SEPTEMBER
                                          YEAR:     2014
                                          LATITUDE:   33 49 N
                                          LONGITUDE: 118  9 W

[TEMPERATURE DATA]      [PRECIPITATION DATA]       SYMBOLS USED IN COLUMN 16

AVERAGE MONTHLY: 77.0   TOTAL FOR MONTH:   0.11    1 = FOG OR MIST
DPTR FM NORMAL:   4.3   DPTR FM NORMAL:   -0.06    2 = FOG REDUCING VISIBILITY
HIGHEST:   101 ON 14    GRTST 24HR  0.11 ON  8- 8      TO 1/4 MILE OR LESS
LOWEST:     62 ON 29                               3 = THUNDER
                        SNOW, ICE PELLETS, HAIL    4 = ICE PELLETS
                        TOTAL MONTH:   0.0 INCH    5 = HAIL
                        GRTST 24HR     0.0         6 = FREEZING RAIN OR DRIZZLE
                        GRTST DEPTH:   0           7 = DUSTSTORM OR SANDSTORM:
                                                       VSBY 1/2 MILE OR LESS
                                                   8 = SMOKE OR HAZE
[NO. OF DAYS WITH]      [WEATHER - DAYS WITH]      9 = BLOWING SNOW
                                                   X = TORNADO
MAX 32 OR BELOW:   0    0.01 INCH OR MORE:   1
MAX 90 OR ABOVE:  10    0.10 INCH OR MORE:   1
MIN 32 OR BELOW:   0    0.50 INCH OR MORE:   0
MIN  0 OR BELOW:   0    1.00 INCH OR MORE:   0

[HDD (BASE 65) ]
TOTAL THIS MO.     0    CLEAR  (SCALE 0-3)  22
DPTR FM NORMAL     0    PTCLDY (SCALE 4-7)   7
TOTAL FM JUL 1     0    CLOUDY (SCALE 8-10)  0
DPTR FM NORMAL     0

[CDD (BASE 65) ]
TOTAL THIS MO.   357
DPTR FM NORMAL   132    [PRESSURE DATA]
TOTAL FM JAN 1  1427    HIGHEST SLP M ON M
DPTR FM NORMAL   434    LOWEST  SLP 29.64 ON M

[REMARKS]




U.S. Dept. of Commerce
NOAA National Weather Service
1325 East West Highway
Silver Spring, MD 20910
E-mail: w-nws.webmaster@noaa.gov
Page last modified: May 16, 2007
NATIONAL WEATHER SERVICE: for Safety, for Work, for Fun - FOR LIFE