196
CXUS55 KLOX 221655
CF6LGB
PRELIMINARY LOCAL CLIMATOLOGICAL DATA (WS FORM: F-6)

                                          STATION:   LONG BEACH AIRPORT CA
                                          MONTH:     JULY
                                          YEAR:      2014
                                          LATITUDE:   33 49 N
                                          LONGITUDE: 118  9 W

  TEMPERATURE IN F:       :PCPN:    SNOW:  WIND      :SUNSHINE: SKY     :PK WND
================================================================================
1   2   3   4   5  6A  6B    7    8   9   10  11  12  13   14  15   16   17  18
                                     12Z  AVG MX 2MIN
DY MAX MIN AVG DEP HDD CDD  WTR  SNW DPTH SPD SPD DIR MIN PSBL S-S WX    SPD DR
================================================================================

 1  80  66  73   1   0   8 0.00  0.0    0  5.8 15 310   M    M   5 8      18 170
 2  81  65  73   1   0   8 0.00  0.0    0  5.5 12 290   M    M   4 8      16 290
 3  86  66  76   4   0  11 0.00  0.0    0  4.5 13 310   M    M   3 8      16 310
 4  80  65  73   1   0   8 0.00  0.0    0  4.5 13 200   M    M   3 18     16 190
 5  91  68  80   8   0  15 0.00  0.0    0  5.0 14 310   M    M   0 8      17 300
 6  90  69  80   8   0  15 0.00  0.0    0  5.3 15 310   M    M   0        18 310
 7  82  68  75   3   0  10 0.00  0.0    0  3.7 10 210   M    M   0        15 230
 8  82  67  75   2   0  10 0.00  0.0    0  4.8 12 300   M    M   4        15 180
 9  84  67  76   3   0  11 0.00  0.0    0  5.3 14 310   M    M   2        18 270
10  83  67  75   2   0  10 0.00  0.0    0  6.4 16 300   M    M   4        20 290
11  83  67  75   2   0  10 0.00  0.0    0  6.4 16 310   M    M   3        20 310
12  81  65  73   0   0   8 0.00  0.0    0  4.8 13 290   M    M   0        15 310
13  78  68  73   0   0   8 0.00  0.0    0  5.9 14 170   M    M   0        18 170
14  77  68  73   0   0   8 0.01  0.0    0  5.2 14 160   M    M   8        20 190
15  77  68  73   0   0   8    T  0.0    0  5.5 13 220   M    M   8        17 210
16  81  67  74   1   0   9 0.00  0.0    0  6.1 15 310   M    M   5        18 310
17  80  67  74   0   0   9 0.00  0.0    0  7.5 17 300   M    M   4         M  M
18  79  65  72  -2   0   7 0.00  0.0    0  6.0 15 310   M    M   2        25 280
19  74  66  70  -4   0   5 0.00  0.0    0  3.6 10 310   M    M   4        18 210
20  80  67  74   0   0   9 0.00  0.0    0  6.0 17 290   M    M   4        22 290
21  82  66  74   0   0   9 0.00  0.0    0  6.7 18 310   M    M   2        22 310
================================================================================
SM 1711 1402         0 196  0.01     0.0 114.5          M       65
================================================================================
AV 81.5 66.8                               5.5 FASTST   M    M   3    MAX(MPH)
                                 MISC ---->    18   M               # 25  280
================================================================================
NOTES:
# LAST OF SEVERAL OCCURRENCES

COLUMN 17 PEAK WIND IN M.P.H.

PRELIMINARY LOCAL CLIMATOLOGICAL DATA (WS FORM: F-6) , PAGE 2

                                          STATION:  LONG BEACH AIRPORT CA
                                          MONTH:    JULY
                                          YEAR:     2014
                                          LATITUDE:   33 49 N
                                          LONGITUDE: 118  9 W

[TEMPERATURE DATA]      [PRECIPITATION DATA]       SYMBOLS USED IN COLUMN 16

AVERAGE MONTHLY: 74.1   TOTAL FOR MONTH:   0.01    1 = FOG OR MIST
DPTR FM NORMAL:   1.2   DPTR FM NORMAL:   -0.01    2 = FOG REDUCING VISIBILITY
HIGHEST:    91 ON  5    GRTST 24HR  0.96 ON  6- 7      TO 1/4 MILE OR LESS
LOWEST:     65 ON 18,12                            3 = THUNDER
                        SNOW, ICE PELLETS, HAIL    4 = ICE PELLETS
                        TOTAL MONTH:   0.0 INCH    5 = HAIL
                        GRTST 24HR     0.0         6 = FREEZING RAIN OR DRIZZLE
                        GRTST DEPTH:   0           7 = DUSTSTORM OR SANDSTORM:
                                                       VSBY 1/2 MILE OR LESS
                                                   8 = SMOKE OR HAZE
[NO. OF DAYS WITH]      [WEATHER - DAYS WITH]      9 = BLOWING SNOW
                                                   X = TORNADO
MAX 32 OR BELOW:   0    0.01 INCH OR MORE:   1
MAX 90 OR ABOVE:   2    0.10 INCH OR MORE:   0
MIN 32 OR BELOW:   0    0.50 INCH OR MORE:   0
MIN  0 OR BELOW:   0    1.00 INCH OR MORE:   0

[HDD (BASE 65) ]
TOTAL THIS MO.     0    CLEAR  (SCALE 0-3)   9
DPTR FM NORMAL     0    PTCLDY (SCALE 4-7)  12
TOTAL FM JUL 1     0    CLOUDY (SCALE 8-10)  0
DPTR FM NORMAL     0

[CDD (BASE 65) ]
TOTAL THIS MO.   196
DPTR FM NORMAL    31    [PRESSURE DATA]
TOTAL FM JAN 1   611    HIGHEST SLP M ON M
DPTR FM NORMAL   222    LOWEST  SLP 29.76 ON  1

[REMARKS]




U.S. Dept. of Commerce
NOAA National Weather Service
1325 East West Highway
Silver Spring, MD 20910
E-mail: w-nws.webmaster@noaa.gov
Page last modified: May 16, 2007
NATIONAL WEATHER SERVICE: for Safety, for Work, for Fun - FOR LIFE