533
CXUS51 KOKX 290701
CF6LGA
PRELIMINARY LOCAL CLIMATOLOGICAL DATA (WS FORM: F-6)

                                          STATION:   LAGUARDIA NY
                                          MONTH:     SEPTEMBER
                                          YEAR:      2014
                                          LATITUDE:   40 46 N
                                          LONGITUDE:  73 54 W

  TEMPERATURE IN F:       :PCPN:    SNOW:  WIND      :SUNSHINE: SKY     :PK WND
================================================================================
1   2   3   4   5  6A  6B    7    8   9   10  11  12  13   14  15   16   17  18
                                     12Z  AVG MX 2MIN
DY MAX MIN AVG DEP HDD CDD  WTR  SNW DPTH SPD SPD DIR MIN PSBL S-S WX    SPD DR
================================================================================

 1  88  76  82   8   0  17    T  0.0    0  6.1 12 230   M    M   7        16 220
 2  93  79  86  12   0  21 0.00  0.0    0  9.6 24 250   M    M   5        38 230
 3  86  73  80   7   0  15 0.00  0.0    0  8.5 21 310   M    M   6        26 260
 4  86  71  79   6   0  14 0.00  0.0    0  8.1 17 180   M    M   2        23 180
 5  85  73  79   6   0  14 0.00  0.0    0  8.7 18 170   M    M   4        21 200
 6  91  68  80   8   0  15 0.21  0.0    0 10.6 28 240   M    M   6 38     37 250
 7  80  66  73   1   0   8    T  0.0    0  8.0 16 360   M    M   6        22  80
 8  77  65  71  -1   0   6 0.00  0.0    0 12.0 18  90   M    M   7        23  90
 9  73  64  69  -3   0   4 0.00  0.0    0 14.1 22  50   M    M   8        33  50
10  77  63  70  -1   0   5 0.00  0.0    0 10.0 16  70   M    M   7        21  50
11  84  69  77   6   0  12 0.00  0.0    0 11.5 20 330   M    M   7        26 330
12  76  62  69  -1   0   4 0.00  0.0    0 10.6 16  60   M    M   5        25  50
13  70  61  66  -4   0   1 0.19  0.0    0 11.9 21 110   M    M   8 1      24 320
14  71  55  63  -7   2   0 0.00  0.0    0  7.5 20 330   M    M   5        23 320
15  73  55  64  -6   1   0 0.00  0.0    0  8.0 14 190   M    M   4        18  60
16  70  58  64  -5   1   0 0.42  0.0    0  5.7 14 320   M    M   8 1      16 350
17  73  59  66  -3   0   1 0.00  0.0    0  4.9 13 270   M    M   2        16 310
18  75  59  67  -1   0   2 0.00  0.0    0  5.8 16  30   M    M   3        20  30
19  66  55  61  -7   4   0 0.00  0.0    0 12.6 21  50   M    M   4        32  60
20  74  58  66  -2   0   1 0.00  0.0    0  9.7 21 160   M    M   7        26 150
21  77  67  72   5   0   7 0.21  0.0    0  4.0 17 260   M    M   9 1      22 250
22  72  57  65  -2   0   0    T  0.0    0 14.4 24 320   M    M   5        30 320
23  73  54  64  -2   1   0 0.00  0.0    0  5.7 16 310   M    M   3        20 310
24  70  60  65  -1   0   0 0.00  0.0    0 10.9 18  40   M    M   6        23 100
25  64  58  61  -5   4   0 0.17  0.0    0 14.9 29  50   M    M   9 1      33  50
26  77  60  69   4   0   4 0.00  0.0    0  6.9 15  60   M    M   2        18  60
27  83  65  74   9   0   9 0.00  0.0    0  3.5 13 360   M    M   0        17  10
28  84  65  75  10   0  10 0.00  0.0    0  4.9 15 160   M    M   5        17 160
================================================================================
SM 2168 1775        13 170  1.20     0.0 249.1          M      150
================================================================================
AV 77.4 63.4                               8.9 FASTST   M    M   5    MAX(MPH)
                                 MISC ---->  # 29  50               # 38  230
================================================================================
NOTES:
# LAST OF SEVERAL OCCURRENCES

COLUMN 17 PEAK WIND IN M.P.H.

PRELIMINARY LOCAL CLIMATOLOGICAL DATA (WS FORM: F-6) , PAGE 2

                                          STATION:  LAGUARDIA NY
                                          MONTH:    SEPTEMBER
                                          YEAR:     2014
                                          LATITUDE:   40 46 N
                                          LONGITUDE:  73 54 W

[TEMPERATURE DATA]      [PRECIPITATION DATA]       SYMBOLS USED IN COLUMN 16

AVERAGE MONTHLY: 70.4   TOTAL FOR MONTH:   1.20    1 = FOG OR MIST
DPTR FM NORMAL:   0.9   DPTR FM NORMAL:   -2.25    2 = FOG REDUCING VISIBILITY
HIGHEST:    93 ON  2    GRTST 24HR  0.79 ON 31- 1      TO 1/4 MILE OR LESS
LOWEST:     54 ON 23                               3 = THUNDER
                        SNOW, ICE PELLETS, HAIL    4 = ICE PELLETS
                        TOTAL MONTH:   0.0 INCH    5 = HAIL
                        GRTST 24HR     0.0         6 = FREEZING RAIN OR DRIZZLE
                        GRTST DEPTH:   0           7 = DUSTSTORM OR SANDSTORM:
                                                       VSBY 1/2 MILE OR LESS
                                                   8 = SMOKE OR HAZE
[NO. OF DAYS WITH]      [WEATHER - DAYS WITH]      9 = BLOWING SNOW
                                                   X = TORNADO
MAX 32 OR BELOW:   0    0.01 INCH OR MORE:   5
MAX 90 OR ABOVE:   2    0.10 INCH OR MORE:   5
MIN 32 OR BELOW:   0    0.50 INCH OR MORE:   0
MIN  0 OR BELOW:   0    1.00 INCH OR MORE:   0

[HDD (BASE 65) ]
TOTAL THIS MO.    13    CLEAR  (SCALE 0-3)   5
DPTR FM NORMAL   -13    PTCLDY (SCALE 4-7)  21
TOTAL FM JUL 1    13    CLOUDY (SCALE 8-10)  2
DPTR FM NORMAL   -14

[CDD (BASE 65) ]
TOTAL THIS MO.   170
DPTR FM NORMAL    15    [PRESSURE DATA]
TOTAL FM JAN 1  1157    HIGHEST SLP M ON M
DPTR FM NORMAL   -31    LOWEST  SLP 29.61 ON 21

[REMARKS]




U.S. Dept. of Commerce
NOAA National Weather Service
1325 East West Highway
Silver Spring, MD 20910
E-mail: w-nws.webmaster@noaa.gov
Page last modified: May 16, 2007
NATIONAL WEATHER SERVICE: for Safety, for Work, for Fun - FOR LIFE