581
CXUS51 KOKX 010701
CF6LGA
PRELIMINARY LOCAL CLIMATOLOGICAL DATA (WS FORM: F-6)

                                          STATION:   LAGUARDIA NY
                                          MONTH:     NOVEMBER
                                          YEAR:      2014
                                          LATITUDE:   40 46 N
                                          LONGITUDE:  73 54 W

  TEMPERATURE IN F:       :PCPN:    SNOW:  WIND      :SUNSHINE: SKY     :PK WND
================================================================================
1   2   3   4   5  6A  6B    7    8   9   10  11  12  13   14  15   16   17  18
                                     12Z  AVG MX 2MIN
DY MAX MIN AVG DEP HDD CDD  WTR  SNW DPTH SPD SPD DIR MIN PSBL S-S WX    SPD DR
================================================================================

 1  48  43  46  -7  19   0 0.18  0.0    0 17.5 26 360   M    M  10        35 360
 2  48  42  45  -8  20   0    T  0.0    0 22.6 35 350   M    M   7        47 340
 3  62  41  52   0  13   0 0.00  0.0    0 13.5 26 300   M    M   3        33 310
 4  69  55  62  10   3   0 0.00  0.0    0  9.0 17 260   M    M   8        23 270
 5  64  57  61   9   4   0 0.00  0.0    0  9.4 21 270   M    M   9        28 260
 6  59  48  54   3  11   0 0.34  0.0    0  6.5 16 310   M    M  10 18     23  60
 7  52  41  47  -4  18   0    T  0.0    0 18.7 29 310   M    M   7        38 320
 8  48  38  43  -8  22   0 0.00  0.0    0 10.0 18 290   M    M   6        24 290
 9  57  47  52   2  13   0 0.00  0.0    0  5.4 16 240   M    M   7        90  90
10  61  42  52   2  13   0 0.00  0.0    0  4.4 14 170   M    M   3        16 180
11  64  47  56   6   9   0 0.00  0.0    0  5.8 15 150   M    M   7 18     18 170
12  66  46  56   6   9   0    T  0.0    0  7.5 22 320   M    M   7 128    28 320
13  48  37  43  -6  22   0 0.17  0.0    0  6.4 14 320   M    M   6 1      16 320
14  43  36  40  -9  25   0 0.03  0.0    0 15.3 23 310   M    M   5        32 300
15  42  34  38 -10  27   0 0.00  0.0    0  9.2 17 330   M    M   2        22 320
16  44  35  40  -8  25   0 0.02  0.0    0  6.5 14 190   M    M   8        17 190
17  53  39  46  -2  19   0 1.49  0.0    0  7.3 26 300   M    M  10 1      33 290
18  46  24  35 -13  30   0 0.00  0.0    0 20.6 31 270   M    M   2        43 280
19  35  22  29 -18  36   0 0.00  0.0    0 12.8 24 270   M    M   2        33 270
20  46  32  39  -8  26   0 0.00  0.0    0 14.3 26 290   M    M   6        33 280
21  37  28  33 -13  32   0 0.00  0.0    0 15.4 29 310   M    M   1        35 290
22  44  29  37  -9  28   0 0.00  0.0    0 11.5 20 220   M    M   4        25 220
23  55  44  50   4  15   0 0.00  0.0    0  7.5 17 230   M    M   8 1      22 240
24  66  49  58  12   7   0 0.61  0.0    0 14.2 33 170   M    M   6 1      46 160
25  67  51  59  14   6   0 0.00  0.0    0 10.6 23 270   M    M  10        28 270
26  51  34  43  -2  22   0 1.07  0.4    0 13.8 25 330   M    M  10 14     31 330
27  38  35  37  -7  28   0 0.01    T    0 10.4 24 330   M    M  10 18     31 330
28  37  29  33 -11  32   0 0.00  0.0    0 14.4 26 320   M    M   3        33 320
29  44  29  37  -7  28   0 0.00  0.0    0  6.0 14 210   M    M   8        18 200
30  54  44  49   6  16   0    T  0.0    0  8.3 16 210   M    M   9        20 200
================================================================================
SM 1548 1178       578   0  3.92     0.4 334.8          M      194
================================================================================
AV 51.6 39.3                              11.2 FASTST   M    M   6    MAX(MPH)
                                 MISC ---->  # 35 350               # 90   90
================================================================================
NOTES:
# LAST OF SEVERAL OCCURRENCES

COLUMN 17 PEAK WIND IN M.P.H.

PRELIMINARY LOCAL CLIMATOLOGICAL DATA (WS FORM: F-6) , PAGE 2

                                          STATION:  LAGUARDIA NY
                                          MONTH:    NOVEMBER
                                          YEAR:     2014
                                          LATITUDE:   40 46 N
                                          LONGITUDE:  73 54 W

[TEMPERATURE DATA]      [PRECIPITATION DATA]       SYMBOLS USED IN COLUMN 16

AVERAGE MONTHLY: 45.4   TOTAL FOR MONTH:   3.92    1 = FOG OR MIST
DPTR FM NORMAL:  -2.9   DPTR FM NORMAL:    0.51    2 = FOG REDUCING VISIBILITY
HIGHEST:    69 ON  4    GRTST 24HR  1.51 ON 16-17      TO 1/4 MILE OR LESS
LOWEST:     22 ON 19                               3 = THUNDER
                        SNOW, ICE PELLETS, HAIL    4 = ICE PELLETS
                        TOTAL MONTH:   0.4 INCH    5 = HAIL
                        GRTST 24HR   0.4 ON   M    6 = FREEZING RAIN OR DRIZZLE
                        GRTST DEPTH:   0           7 = DUSTSTORM OR SANDSTORM:
                                                       VSBY 1/2 MILE OR LESS
                                                   8 = SMOKE OR HAZE
[NO. OF DAYS WITH]      [WEATHER - DAYS WITH]      9 = BLOWING SNOW
                                                   X = TORNADO
MAX 32 OR BELOW:   0    0.01 INCH OR MORE:   9
MAX 90 OR ABOVE:   0    0.10 INCH OR MORE:   6
MIN 32 OR BELOW:   7    0.50 INCH OR MORE:   3
MIN  0 OR BELOW:   0    1.00 INCH OR MORE:   2

[HDD (BASE 65) ]
TOTAL THIS MO.   578    CLEAR  (SCALE 0-3)   6
DPTR FM NORMAL    75    PTCLDY (SCALE 4-7)  15
TOTAL FM JUL 1   754    CLOUDY (SCALE 8-10)  9
DPTR FM NORMAL   -21

[CDD (BASE 65) ]
TOTAL THIS MO.     0
DPTR FM NORMAL    -1    [PRESSURE DATA]
TOTAL FM JAN 1  1192    HIGHEST SLP M ON M
DPTR FM NORMAL   -22    LOWEST  SLP 29.50 ON 17

[REMARKS]
#FINAL-11-14#




U.S. Dept. of Commerce
NOAA National Weather Service
1325 East West Highway
Silver Spring, MD 20910
E-mail: w-nws.webmaster@noaa.gov
Page last modified: May 16, 2007
NATIONAL WEATHER SERVICE: for Safety, for Work, for Fun - FOR LIFE