575
CXUS54 KLCH 011410
CF6LFT
PRELIMINARY LOCAL CLIMATOLOGICAL DATA (WS FORM: F-6)

                                          STATION:   LAFAYETTE
                                          MONTH:     AUGUST
                                          YEAR:      2014
                                          LATITUDE:   30 12 N
                                          LONGITUDE:  92  0 W

  TEMPERATURE IN F:       :PCPN:    SNOW:  WIND      :SUNSHINE: SKY     :PK WND
================================================================================
1   2   3   4   5  6A  6B    7    8   9   10  11  12  13   14  15   16   17  18
                                     12Z  AVG MX 2MIN
DY MAX MIN AVG DEP HDD CDD  WTR  SNW DPTH SPD SPD DIR MIN PSBL S-S WX    SPD DR
================================================================================

 1  86  74  80  -4   0  15 1.21  0.0    0  3.5 21 230   M    M   7 13     29 250
 2  88  75  82  -2   0  17 0.18  0.0    0  5.1 18 190   M    M   6 13     24 190
 3  86  76  81  -3   0  16 0.22  0.0    0  3.0 16 260   M    M   7 13     18 260
 4  91  73  82  -2   0  17 0.00  0.0    0  2.5 12  40   M    M   3        16  40
 5  93  76  85   1   0  20 0.40  0.0    0  1.9 21 330   M    M   3 13     24 330
 6  94  77  86   2   0  21 0.00  0.0    0  3.8 15 190   M    M   2        19 190
 7  91  77  84   0   0  19 0.06  0.0    0  4.9 26 220   M    M   2 3      35 210
 8  92  77  85   1   0  20 0.01  0.0    0  6.2 24 210   M    M   1 3      31 210
 9  91  74  83  -1   0  18 1.87  0.0    0  4.7 28 180   M    M   4 13     37 180
10  88  76  82  -2   0  17 0.20  0.0    0  2.8 21 340   M    M   2 3      23 340
11  90  73  82  -2   0  17 0.17  0.0    0  4.9 32  10   M    M   2 3      41  40
12  92  73  83  -1   0  18 0.00  0.0    0  3.1 13 310   M    M   2        15 300
13  89  72  81  -3   0  16 0.00  0.0    0  6.6 15  20   M    M   1        19  20
14  90  68  79  -5   0  14 0.00  0.0    0  3.5 12  10   M    M   0        16 360
15  91  69  80  -4   0  15 0.00  0.0    0  1.7  8 200   M    M   4        11  40
16  93  75  84   0   0  19 0.01  0.0    0  6.0 18 190   M    M   2 3      26 200
17  92  75  84   0   0  19 0.66  0.0    0  3.8 24 240   M    M   3 38     30 230
18  94  74  84   0   0  19 0.00  0.0    0  7.4 17 210   M    M   2        22 230
19  93  74  84   0   0  19 1.22  0.0    0  4.7 24 270   M    M   3 13     33 280
20  92  73  83  -1   0  18 0.49  0.0    0  2.7 18 190   M    M   1 3      23 190
21  93  76  85   1   0  20 0.06  0.0    0  1.9 18 220   M    M   2 38     23 220
22  94  74  84   0   0  19 0.00  0.0    0  1.7  8 200   M    M   1        10 210
23  95  77  86   2   0  21 0.00  0.0    0  2.0  9 350   M    M   2        11 290
24  94  79  87   4   0  22 0.00  0.0    0  4.3 12 340   M    M   1        15  20
25  94  75  85   2   0  20 0.38  0.0    0  4.9 24 330   M    M   1 3      31 340
26  88  75  82  -1   0  17 0.00  0.0    0  4.6 12  40   M    M   3        17  60
27  91  75  83   0   0  18 0.00  0.0    0  4.1 12  40   M    M   2        17 130
28  91  76  84   1   0  19 0.02  0.0    0  2.8 13 230   M    M   1 13     16 230
29  84  75  80  -3   0  15 0.13  0.0    0  3.7 18 190   M    M   2 1      25 190
30  79  74  77  -6   0  12 1.19  0.0    0  4.9 28 200   M    M   3 13     36 210
31  91  74  83   0   0  18 0.00  0.0    0  4.7 16 190   M    M   2 3      20 200
================================================================================
SM 2810 2311         0 555  8.48     0.0 122.4          M       77
================================================================================
AV 90.6 74.5                               3.9 FASTST   M    M   2    MAX(MPH)
                                 MISC ---->  # 32  10               # 41   40
================================================================================
NOTES:
# LAST OF SEVERAL OCCURRENCES

COLUMN 17 PEAK WIND IN M.P.H.

PRELIMINARY LOCAL CLIMATOLOGICAL DATA (WS FORM: F-6) , PAGE 2

                                          STATION:  LAFAYETTE
                                          MONTH:    AUGUST
                                          YEAR:     2014
                                          LATITUDE:   30 12 N
                                          LONGITUDE:  92  0 W

[TEMPERATURE DATA]      [PRECIPITATION DATA]       SYMBOLS USED IN COLUMN 16

AVERAGE MONTHLY: 82.6   TOTAL FOR MONTH:   8.48    1 = FOG OR MIST
DPTR FM NORMAL:  -1.0   DPTR FM NORMAL:    3.86    2 = FOG REDUCING VISIBILITY
HIGHEST:    95 ON 23    GRTST 24HR  2.07 ON  9-10      TO 1/4 MILE OR LESS
LOWEST:     68 ON 14                               3 = THUNDER
                        SNOW, ICE PELLETS, HAIL    4 = ICE PELLETS
                        TOTAL MONTH:   0.0 INCH    5 = HAIL
                        GRTST 24HR     0.0         6 = FREEZING RAIN OR DRIZZLE
                        GRTST DEPTH:   0           7 = DUSTSTORM OR SANDSTORM:
                                                       VSBY 1/2 MILE OR LESS
                                                   8 = SMOKE OR HAZE
[NO. OF DAYS WITH]      [WEATHER - DAYS WITH]      9 = BLOWING SNOW
                                                   X = TORNADO
MAX 32 OR BELOW:   0    0.01 INCH OR MORE:  18
MAX 90 OR ABOVE:  23    0.10 INCH OR MORE:  13
MIN 32 OR BELOW:   0    0.50 INCH OR MORE:   5
MIN  0 OR BELOW:   0    1.00 INCH OR MORE:   4

[HDD (BASE 65) ]
TOTAL THIS MO.     0    CLEAR  (SCALE 0-3)  24
DPTR FM NORMAL     0    PTCLDY (SCALE 4-7)   7
TOTAL FM JUL 1     0    CLOUDY (SCALE 8-10)  0
DPTR FM NORMAL     0

[CDD (BASE 65) ]
TOTAL THIS MO.   555
DPTR FM NORMAL   -22    [PRESSURE DATA]
TOTAL FM JAN 1  2057    HIGHEST SLP 30.15 ON 21
DPTR FM NORMAL  -204    LOWEST  SLP 29.84 ON 25

[REMARKS]
#FINAL-08-14#




U.S. Dept. of Commerce
NOAA National Weather Service
1325 East West Highway
Silver Spring, MD 20910
E-mail: w-nws.webmaster@noaa.gov
Page last modified: May 16, 2007
NATIONAL WEATHER SERVICE: for Safety, for Work, for Fun - FOR LIFE