561
CXUS54 KSHV 020311
CF6LFK
PRELIMINARY LOCAL CLIMATOLOGICAL DATA (WS FORM: F-6)

                                          STATION:   LUFKIN
                                          MONTH:     JULY
                                          YEAR:      2014
                                          LATITUDE:   31 14 N
                                          LONGITUDE:  94 45 W

  TEMPERATURE IN F:       :PCPN:    SNOW:  WIND      :SUNSHINE: SKY     :PK WND
================================================================================
1   2   3   4   5  6A  6B    7    8   9   10  11  12  13   14  15   16   17  18
                                     12Z  AVG MX 2MIN
DY MAX MIN AVG DEP HDD CDD  WTR  SNW DPTH SPD SPD DIR MIN PSBL S-S WX    SPD DR
================================================================================

 1  95  75  85   3   0  20 0.00  0.0    0  3.7  9 170   M    M   4 12     14 180
 2  96  75  86   4   0  21    T  0.0    0  4.2 13 320   M    M   3 138    19 310
 3  94  73  84   2   0  19 1.12  0.0    0  3.5 24  80   M    M   1 13     34  90
 4  90  73  82   0   0  17 0.00  0.0    0  4.4 12 100   M    M   2 18     16 100
 5  93  71  82   0   0  17 0.00  0.0    0  2.7 10 140   M    M   1        13 130
 6  94  71  83   1   0  18 0.00  0.0    0  4.0 12 170   M    M   1 18     16 200
 7  96  74  85   3   0  20 0.00  0.0    0  4.5 14 210   M    M   1 18     18 200
 8  96  75  86   4   0  21 0.00  0.0    0  5.9 13 220   M    M   2 1      18 220
 9  97  76  87   5   0  22 0.00  0.0    0  4.7 12 210   M    M   0        17 250
10  96  73  85   2   0  20 0.00  0.0    0  5.3 16 190   M    M   1 1      20 190
11  98  71  85   2   0  20 0.00  0.0    0  2.6  8 210   M    M   1        12 140
12  98  75  87   4   0  22 0.00  0.0    0  2.4  9 210   M    M   2 1      13 120
13 100  76  88   5   0  23 0.01  0.0    0  3.4 13 130   M    M   2 3      16 100
14  98  73  86   3   0  21 0.00  0.0    0  4.4 12 260   M    M   0        15 220
15  91  75  83   0   0  18 2.07  0.0    0  4.2 17 260   M    M   5 138    22 260
16  91  73  82  -1   0  17 0.00  0.0    0  5.8 10  60   M    M   1 1      13 130
17  84  70  77  -6   0  12 3.97  0.0    0  7.7 22 160   M    M   7 123    29 150
18  78  71  75  -8   0  10 0.01  0.0    0  5.0 10  20   M    M   9 18     14  10
19  80  70  75  -8   0  10 0.00  0.0    0  2.8  8 340   M    M   9        11  20
20  92  67  80  -3   0  15 0.00  0.0    0  2.6  8 340   M    M   5 128    11 100
21  95  73  84   1   0  19 0.00  0.0    0  3.6  8  70   M    M   5 18      9  50
22  94  74  84   1   0  19 0.00  0.0    0  3.5 10  80   M    M   3 18     13  70
23  95  73  84   1   0  19 0.00  0.0    0  3.3 22  20   M    M   1 18     31  10
24  94  71  83   0   0  18 0.00  0.0    0  4.1 12 320   M    M   0        21 220
25  96  73  85   2   0  20 0.00  0.0    0  2.5  8 170   M    M   1 1      12 290
26  98  77  88   5   0  23 0.00  0.0    0  5.2 12 220   M    M   1 1      16 250
27  97  76  87   4   0  22 0.00  0.0    0  4.9 13 200   M    M   1 1      17 240
28  97  77  87   4   0  22    T  0.0    0  5.2 21 350   M    M   1 13     32 350
29  94  75  85   2   0  20 0.00  0.0    0  2.5  9  80   M    M   2        12  90
30  94  73  84   1   0  19 0.00  0.0    0  6.0 12 100   M    M   2 1      14 120
31  89  73  81  -2   0  16 1.96  0.0    0  6.1 17 150   M    M   6 13     22 140
================================================================================
SM 2900 2272         0 580  9.14     0.0 130.7          M       80
================================================================================
AV 93.5 73.3                               4.2 FASTST   M    M   3    MAX(MPH)
                                 MISC ---->  # 24  80               # 34   90
================================================================================
NOTES:
# LAST OF SEVERAL OCCURRENCES

COLUMN 17 PEAK WIND IN M.P.H.

PRELIMINARY LOCAL CLIMATOLOGICAL DATA (WS FORM: F-6) , PAGE 2

                                          STATION:  LUFKIN
                                          MONTH:    JULY
                                          YEAR:     2014
                                          LATITUDE:   31 14 N
                                          LONGITUDE:  94 45 W

[TEMPERATURE DATA]      [PRECIPITATION DATA]       SYMBOLS USED IN COLUMN 16

AVERAGE MONTHLY: 83.4   TOTAL FOR MONTH:   9.14    1 = FOG OR MIST
DPTR FM NORMAL:   0.6   DPTR FM NORMAL:    6.09    2 = FOG REDUCING VISIBILITY
HIGHEST:   100 ON 13    GRTST 24HR  3.97 ON 17-17      TO 1/4 MILE OR LESS
LOWEST:     67 ON 20                               3 = THUNDER
                        SNOW, ICE PELLETS, HAIL    4 = ICE PELLETS
                        TOTAL MONTH:   0.0 INCH    5 = HAIL
                        GRTST 24HR     0.0         6 = FREEZING RAIN OR DRIZZLE
                        GRTST DEPTH:   0           7 = DUSTSTORM OR SANDSTORM:
                                                       VSBY 1/2 MILE OR LESS
                                                   8 = SMOKE OR HAZE
[NO. OF DAYS WITH]      [WEATHER - DAYS WITH]      9 = BLOWING SNOW
                                                   X = TORNADO
MAX 32 OR BELOW:   0    0.01 INCH OR MORE:   6
MAX 90 OR ABOVE:  27    0.10 INCH OR MORE:   4
MIN 32 OR BELOW:   0    0.50 INCH OR MORE:   4
MIN  0 OR BELOW:   0    1.00 INCH OR MORE:   4

[HDD (BASE 65) ]
TOTAL THIS MO.     0    CLEAR  (SCALE 0-3)  23
DPTR FM NORMAL     0    PTCLDY (SCALE 4-7)   6
TOTAL FM JUL 1     0    CLOUDY (SCALE 8-10)  2
DPTR FM NORMAL     0

[CDD (BASE 65) ]
TOTAL THIS MO.   580
DPTR FM NORMAL    30    [PRESSURE DATA]
TOTAL FM JAN 1  1615    HIGHEST SLP 30.21 ON  5
DPTR FM NORMAL   144    LOWEST  SLP 29.84 ON 17

[REMARKS]
#FINAL-07-14#




U.S. Dept. of Commerce
NOAA National Weather Service
1325 East West Highway
Silver Spring, MD 20910
E-mail: w-nws.webmaster@noaa.gov
Page last modified: May 16, 2007
NATIONAL WEATHER SERVICE: for Safety, for Work, for Fun - FOR LIFE