790
CXUS54 KSHV 011300
CF6LFK
PRELIMINARY LOCAL CLIMATOLOGICAL DATA (WS FORM: F-6)

                                          STATION:   LUFKIN
                                          MONTH:     NOVEMBER
                                          YEAR:      2014
                                          LATITUDE:   31 14 N
                                          LONGITUDE:  94 45 W

  TEMPERATURE IN F:       :PCPN:    SNOW:  WIND      :SUNSHINE: SKY     :PK WND
================================================================================
1   2   3   4   5  6A  6B    7    8   9   10  11  12  13   14  15   16   17  18
                                     12Z  AVG MX 2MIN
DY MAX MIN AVG DEP HDD CDD  WTR  SNW DPTH SPD SPD DIR MIN PSBL S-S WX    SPD DR
================================================================================

 1  64  41  53 -10  12   0 0.00  0.0    0  4.1 14  60   M    M   0 8      22  80
 2  69  38  54  -9  11   0 0.00  0.0    0  6.4 15 120   M    M   0        19 140
 3  78  49  64   2   1   0 0.00  0.0    0 10.3 17 150   M    M   1        23 150
 4  84  62  73  11   0   8 0.16  0.0    0  8.4 17 190   M    M   7 1      23 190
 5  66  62  64   2   1   0 0.83  0.0    0  5.1 10 260   M    M  10 18     14 250
 6  72  53  63   2   2   0 0.07  0.0    0  4.5 12 350   M    M   4 18     15 340
 7  67  45  56  -5   9   0 0.00  0.0    0  3.9 13  70   M    M   0        18  20
 8  72  44  58  -3   7   0    T  0.0    0  3.3 13 310   M    M   0 18     16 340
 9  72  41  57  -3   8   0 0.00  0.0    0  2.8  9 210   M    M   0 18     12 250
10  81  43  62   2   3   0 0.00  0.0    0  8.8 21 170   M    M   1 128    29 200
11  67  45  56  -4   9   0 0.00  0.0    0  6.1 18 330   M    M   5 1      24 330
12  56  39  48 -12  17   0 0.00  0.0    0  8.8 16 350   M    M   1        25 340
13  49  31  40 -19  25   0 0.00  0.0    0  9.3 17 340   M    M   7        23 330
14  49  29  39 -20  26   0 0.00  0.0    0  4.4  9  10   M    M   7        14  20
15  50  42  46 -12  19   0 0.08  0.0    0  6.8 12 100   M    M  10 1      15 120
16  49  41  45 -13  20   0 1.72  0.0    0  7.1 17 320   M    M  10 138    26 320
17  51  30  41 -17  24   0 0.00  0.0    0  9.0 18 310   M    M   3 18     28 350
18  54  30  42 -15  23   0 0.00  0.0    0  2.9 10  80   M    M   0        13  80
19  68  29  49  -8  16   0 0.00  0.0    0  6.6 18 200   M    M   1 8      26 210
20  75  46  61   4   4   0 0.03  0.0    0  6.6 15 150   M    M   7 12     23 170
21  67  59  63   7   2   0 0.47  0.0    0  8.9 16 140   M    M   9 1      23 140
22  71  56  64   8   1   0 0.41  0.0    0 10.1 25 120   M    M   7 1      32 110
23  79  60  70  14   0   5 0.30  0.0    0  8.1 21 220   M    M   5 1      27 210
24  66  39  53  -2  12   0 0.00  0.0    0  6.0 15 310   M    M   0 8      24 320
25  65  36  51  -4  14   0 0.00  0.0    0  2.0 10 270   M    M   0        15 250
26  74  40  57   2   8   0 0.00  0.0    0  6.6 20 240   M    M   0        28 250
27  67  41  54   0  11   0 0.00  0.0    0  4.1 13  20   M    M   0        18  10
28  72  39  56   2   9   0 0.00  0.0    0  7.2 15 200   M    M   1        22 190
29  80  52  66  12   0   1 0.00  0.0    0  9.9 24 210   M    M   6 12     32 220
30  81  62  72  18   0   7 0.00  0.0    0  9.9 22 200   M    M   5 1      28 190
================================================================================
SM 2015 1324       294  21  4.07     0.0 198.0          M      107
================================================================================
AV 67.2 44.1                               6.6 FASTST   M    M   4    MAX(MPH)
                                 MISC ---->  # 25 120               # 32  110
================================================================================
NOTES:
# LAST OF SEVERAL OCCURRENCES

COLUMN 17 PEAK WIND IN M.P.H.

PRELIMINARY LOCAL CLIMATOLOGICAL DATA (WS FORM: F-6) , PAGE 2

                                          STATION:  LUFKIN
                                          MONTH:    NOVEMBER
                                          YEAR:     2014
                                          LATITUDE:   31 14 N
                                          LONGITUDE:  94 45 W

[TEMPERATURE DATA]      [PRECIPITATION DATA]       SYMBOLS USED IN COLUMN 16

AVERAGE MONTHLY: 55.7   TOTAL FOR MONTH:   4.07    1 = FOG OR MIST
DPTR FM NORMAL:  -2.6   DPTR FM NORMAL:   -0.94    2 = FOG REDUCING VISIBILITY
HIGHEST:    84 ON  4    GRTST 24HR  1.80 ON 15-16      TO 1/4 MILE OR LESS
LOWEST:     29 ON 19,14                            3 = THUNDER
                        SNOW, ICE PELLETS, HAIL    4 = ICE PELLETS
                        TOTAL MONTH:   0.0 INCH    5 = HAIL
                        GRTST 24HR     0.0         6 = FREEZING RAIN OR DRIZZLE
                        GRTST DEPTH:   0           7 = DUSTSTORM OR SANDSTORM:
                                                       VSBY 1/2 MILE OR LESS
                                                   8 = SMOKE OR HAZE
[NO. OF DAYS WITH]      [WEATHER - DAYS WITH]      9 = BLOWING SNOW
                                                   X = TORNADO
MAX 32 OR BELOW:   0    0.01 INCH OR MORE:   9
MAX 90 OR ABOVE:   0    0.10 INCH OR MORE:   6
MIN 32 OR BELOW:   5    0.50 INCH OR MORE:   2
MIN  0 OR BELOW:   0    1.00 INCH OR MORE:   1

[HDD (BASE 65) ]
TOTAL THIS MO.   294    CLEAR  (SCALE 0-3)  16
DPTR FM NORMAL    53    PTCLDY (SCALE 4-7)  10
TOTAL FM JUL 1   296    CLOUDY (SCALE 8-10)  4
DPTR FM NORMAL   -11

[CDD (BASE 65) ]
TOTAL THIS MO.    21
DPTR FM NORMAL   -18    [PRESSURE DATA]
TOTAL FM JAN 1  2968    HIGHEST SLP 30.56 ON 27
DPTR FM NORMAL   385    LOWEST  SLP 29.34 ON 23

[REMARKS]
#FINAL-11-14#




U.S. Dept. of Commerce
NOAA National Weather Service
1325 East West Highway
Silver Spring, MD 20910
E-mail: w-nws.webmaster@noaa.gov
Page last modified: May 16, 2007
NATIONAL WEATHER SERVICE: for Safety, for Work, for Fun - FOR LIFE