106
CXUS54 KSHV 271300
CF6LFK
PRELIMINARY LOCAL CLIMATOLOGICAL DATA (WS FORM: F-6)

                                          STATION:   LUFKIN
                                          MONTH:     AUGUST
                                          YEAR:      2014
                                          LATITUDE:   31 14 N
                                          LONGITUDE:  94 45 W

  TEMPERATURE IN F:       :PCPN:    SNOW:  WIND      :SUNSHINE: SKY     :PK WND
================================================================================
1   2   3   4   5  6A  6B    7    8   9   10  11  12  13   14  15   16   17  18
                                     12Z  AVG MX 2MIN
DY MAX MIN AVG DEP HDD CDD  WTR  SNW DPTH SPD SPD DIR MIN PSBL S-S WX    SPD DR
================================================================================

 1  79  72  76  -7   0  11    T  0.0    0  5.1 10 300   M    M  10 18     15 320
 2  86  72  79  -4   0  14 0.00  0.0    0  4.7 12 350   M    M   9 8      15 360
 3  91  74  83   0   0  18 0.00  0.0    0  4.3 12  90   M    M   7 18     15  50
 4  95  76  86   3   0  21 0.43  0.0    0  4.8 23  30   M    M   4 18     29  30
 5  95  75  85   2   0  20 0.00  0.0    0  2.5  9 120   M    M   2 128    12 360
 6  96  77  87   4   0  22 0.00  0.0    0  4.3 10 190   M    M   2 18     15 190
 7  96  77  87   4   0  22 0.00  0.0    0  5.0 12 210   M    M   3 1      17 220
 8  97  78  88   5   0  23 0.00  0.0    0  6.4 14 200   M    M   2 1      18 210
 9  98  77  88   5   0  23 0.00  0.0    0  4.5 13 250   M    M   2 1      16 250
10  98  78  88   5   0  23 0.00  0.0    0  4.2 12 110   M    M   1 1      14 110
11  98  75  87   4   0  22 0.78  0.0    0  4.2 23 300   M    M   1 138    38 290
12  96  73  85   2   0  20 0.00  0.0    0  4.2 15 330   M    M   1 8      22 340
13  92  69  81  -2   0  16 0.00  0.0    0  3.9 10  80   M    M   0        16  80
14  92  67  80  -3   0  15 0.00  0.0    0  4.0 10 100   M    M   1        13  90
15  95  71  83   0   0  18 0.00  0.0    0  4.3  9 190   M    M   2        13 200
16  99  77  88   5   0  23 0.00  0.0    0  5.7 14 220   M    M   2 18     20 210
17  97  77  87   4   0  22 0.61  0.0    0  6.6 16 250   M    M   3 13     24 260
18  98  77  88   5   0  23    T  0.0    0  4.3 21 210   M    M   3 123    29 220
19  95  75  85   2   0  20 0.43  0.0    0  5.9 24 160   M    M   4 138    32 170
20  96  74  85   2   0  20 0.22  0.0    0  6.1 28 150   M    M   1 13     32 150
21  97  76  87   4   0  22 0.00  0.0    0  7.4 15 150   M    M   3 12     19 190
22  96  75  86   3   0  21 0.00  0.0    0  4.5 10 150   M    M   3 1      13 130
23  96  75  86   4   0  21 0.00  0.0    0  3.2 12 150   M    M   2 18     14 210
24  97  76  87   5   0  22 0.00  0.0    0  3.5  9 130   M    M   0 1      12 100
25  98  76  87   5   0  22 0.00  0.0    0  2.9 17 110   M    M   1 138    21 110
26  95  75  85   3   0  20 0.00  0.0    0  3.4 13 100   M    M   1 3      15 100
================================================================================
SM 2468 1944         0 524  2.47     0.0 119.9          M       70
================================================================================
AV 94.9 74.8                               4.6 FASTST   M    M   3    MAX(MPH)
                                 MISC ---->  # 28 150               # 38  290
================================================================================
NOTES:
# LAST OF SEVERAL OCCURRENCES

COLUMN 17 PEAK WIND IN M.P.H.

PRELIMINARY LOCAL CLIMATOLOGICAL DATA (WS FORM: F-6) , PAGE 2

                                          STATION:  LUFKIN
                                          MONTH:    AUGUST
                                          YEAR:     2014
                                          LATITUDE:   31 14 N
                                          LONGITUDE:  94 45 W

[TEMPERATURE DATA]      [PRECIPITATION DATA]       SYMBOLS USED IN COLUMN 16

AVERAGE MONTHLY: 84.8   TOTAL FOR MONTH:   2.47    1 = FOG OR MIST
DPTR FM NORMAL:   2.0   DPTR FM NORMAL:   -0.30    2 = FOG REDUCING VISIBILITY
HIGHEST:    99 ON 16    GRTST 24HR  1.94 ON 31- 1      TO 1/4 MILE OR LESS
LOWEST:     67 ON 14                               3 = THUNDER
                        SNOW, ICE PELLETS, HAIL    4 = ICE PELLETS
                        TOTAL MONTH:   0.0 INCH    5 = HAIL
                        GRTST 24HR     0.0         6 = FREEZING RAIN OR DRIZZLE
                        GRTST DEPTH:   0           7 = DUSTSTORM OR SANDSTORM:
                                                       VSBY 1/2 MILE OR LESS
                                                   8 = SMOKE OR HAZE
[NO. OF DAYS WITH]      [WEATHER - DAYS WITH]      9 = BLOWING SNOW
                                                   X = TORNADO
MAX 32 OR BELOW:   0    0.01 INCH OR MORE:   5
MAX 90 OR ABOVE:  24    0.10 INCH OR MORE:   5
MIN 32 OR BELOW:   0    0.50 INCH OR MORE:   2
MIN  0 OR BELOW:   0    1.00 INCH OR MORE:   0

[HDD (BASE 65) ]
TOTAL THIS MO.     0    CLEAR  (SCALE 0-3)  21
DPTR FM NORMAL     0    PTCLDY (SCALE 4-7)   3
TOTAL FM JUL 1     0    CLOUDY (SCALE 8-10)  2
DPTR FM NORMAL     0

[CDD (BASE 65) ]
TOTAL THIS MO.   524
DPTR FM NORMAL    59    [PRESSURE DATA]
TOTAL FM JAN 1  2139    HIGHEST SLP M ON M
DPTR FM NORMAL   203    LOWEST  SLP 29.83 ON  7

[REMARKS]




U.S. Dept. of Commerce
NOAA National Weather Service
1325 East West Highway
Silver Spring, MD 20910
E-mail: w-nws.webmaster@noaa.gov
Page last modified: May 16, 2007
NATIONAL WEATHER SERVICE: for Safety, for Work, for Fun - FOR LIFE