191
CXUS54 KSHV 011300
CF6LFK
PRELIMINARY LOCAL CLIMATOLOGICAL DATA (WS FORM: F-6)

                                          STATION:   LUFKIN
                                          MONTH:     JANUARY
                                          YEAR:      2015
                                          LATITUDE:   31 14 N
                                          LONGITUDE:  94 45 W

  TEMPERATURE IN F:       :PCPN:    SNOW:  WIND      :SUNSHINE: SKY     :PK WND
================================================================================
1   2   3   4   5  6A  6B    7    8   9   10  11  12  13   14  15   16   17  18
                                     12Z  AVG MX 2MIN
DY MAX MIN AVG DEP HDD CDD  WTR  SNW DPTH SPD SPD DIR MIN PSBL S-S WX    SPD DR
================================================================================

 1  45  39  42  -7  23   0 2.06  0.0    0  5.8 18 100   M    M  10 138    22 110
 2  54  44  49   0  16   0 0.99  0.0    0  5.1  9  80   M    M  10 123    12  40
 3  54  38  46  -2  19   0 1.52  0.0    0  4.2 23 280   M    M   7 123    30 290
 4  51  32  42  -6  23   0 0.00  0.0    0  6.4 17 350   M    M   3 12     26 360
 5  53  30  42  -6  23   0 0.00  0.0    0  3.9 12  10   M    M   0        17  10
 6  67  30  49   0  16   0 0.00  0.0    0  2.1  9 220   M    M   1 8      12 210
 7  57  33  45  -4  20   0 0.00  0.0    0  9.2 21  30   M    M   2        30  50
 8  45  25  35 -14  30   0 0.00  0.0    0  5.8 14  20   M    M   1        20 360
 9  40  35  38 -11  27   0 0.42  0.0    0  2.8 10  20   M    M  10 18     14 360
10  45  37  41  -8  24   0 0.05  0.0    0  5.1 14  70   M    M  10        18  70
11  45  39  42  -7  23   0 0.57  0.0    0  3.6 20 250   M    M  10 128    22 250
12  48  45  47  -2  18   0 0.00  0.0    0  5.9 13 360   M    M  10 18     18 360
13  48  42  45  -4  20   0 0.00  0.0    0  6.9 14  10   M    M  10 8      20  10
14  44  36  40  -9  25   0 0.00  0.0    0  3.4 10  20   M    M   9        13 360
15  58  35  47  -2  18   0 0.00  0.0    0  3.7 13 320   M    M   4        18 310
16  63  30  47  -2  18   0 0.00  0.0    0  0.9  8 180   M    M   0 18     11 240
17  69  32  51   2  14   0 0.00  0.0    0  5.6 18 200   M    M   0 18     25 200
18  73  34  54   5  11   0 0.00  0.0    0  2.5  8  10   M    M   0        12 360
19  71  32  52   3  13   0 0.00  0.0    0  4.9 15 190   M    M   0        19 200
20  75  44  60  11   5   0 0.00  0.0    0  3.8 12 150   M    M   5 128    13 150
21  66  52  59  10   6   0 0.03  0.0    0  8.9 18  80   M    M   8 18     24  90
22  54  43  49   0  16   0 1.55    M    0 11.9 22  70   M    M   9 1      34  40
23  45  35  40  -9  25   0 0.17    M    0  7.0 16 360   M    M   8 18     24 350
24  61  30  46  -3  19   0 0.00  0.0    0  3.2 12 250   M    M   0 18     16 210
25  71  36  54   4  11   0 0.00  0.0    0  6.9 22 280   M    M   0        30 330
26  70  35  53   3  12   0 0.00  0.0    0  4.6 12 250   M    M   0        18 300
27  81  43  62  12   3   0 0.00  0.0    0  1.7  8  80   M    M   0        11  20
28  79  43  61  11   4   0 0.00  0.0    0  6.9 17 150   M    M   0        23 150
29  78  54  66  16   0   1 0.00  0.0    0  7.9 16  10   M    M   4 1      23  20
30  63  45  54   4  11   0 0.00  0.0    0  7.7 18  70   M    M   0        25  10
31  64  41  53   3  12   0    T  0.0    0  8.2 21 130   M    M   4        28 140
================================================================================
SM 1837 1169       505   1  7.36     0.0 166.5          M      135
================================================================================
AV 59.3 37.7                               5.4 FASTST   M    M   4    MAX(MPH)
                                 MISC ---->  # 23 280               # 34   40
================================================================================
NOTES:
# LAST OF SEVERAL OCCURRENCES

COLUMN 17 PEAK WIND IN M.P.H.

PRELIMINARY LOCAL CLIMATOLOGICAL DATA (WS FORM: F-6) , PAGE 2

                                          STATION:  LUFKIN
                                          MONTH:    JANUARY
                                          YEAR:     2015
                                          LATITUDE:   31 14 N
                                          LONGITUDE:  94 45 W

[TEMPERATURE DATA]      [PRECIPITATION DATA]       SYMBOLS USED IN COLUMN 16

AVERAGE MONTHLY: 48.5   TOTAL FOR MONTH:   7.36    1 = FOG OR MIST
DPTR FM NORMAL:  -0.5   DPTR FM NORMAL:    3.18    2 = FOG REDUCING VISIBILITY
HIGHEST:    81 ON 27    GRTST 24HR  2.06 ON  1- 1      TO 1/4 MILE OR LESS
LOWEST:     25 ON  8                               3 = THUNDER
                        SNOW, ICE PELLETS, HAIL    4 = ICE PELLETS
                        TOTAL MONTH:   0.0 INCH    5 = HAIL
                        GRTST 24HR     0.0         6 = FREEZING RAIN OR DRIZZLE
                        GRTST DEPTH:   0           7 = DUSTSTORM OR SANDSTORM:
                                                       VSBY 1/2 MILE OR LESS
                                                   8 = SMOKE OR HAZE
[NO. OF DAYS WITH]      [WEATHER - DAYS WITH]      9 = BLOWING SNOW
                                                   X = TORNADO
MAX 32 OR BELOW:   0    0.01 INCH OR MORE:   9
MAX 90 OR ABOVE:   0    0.10 INCH OR MORE:   7
MIN 32 OR BELOW:   8    0.50 INCH OR MORE:   5
MIN  0 OR BELOW:   0    1.00 INCH OR MORE:   3

[HDD (BASE 65) ]
TOTAL THIS MO.   505    CLEAR  (SCALE 0-3)  15
DPTR FM NORMAL     3    PTCLDY (SCALE 4-7)   7
TOTAL FM JUL 1  1125    CLOUDY (SCALE 8-10)  9
DPTR FM NORMAL  -155

[CDD (BASE 65) ]
TOTAL THIS MO.     1
DPTR FM NORMAL    -7    [PRESSURE DATA]
TOTAL FM JAN 1     1    HIGHEST SLP 30.85 ON  7
DPTR FM NORMAL     1    LOWEST  SLP 29.81 ON  3

[REMARKS]
#FINAL-01-15#




U.S. Dept. of Commerce
NOAA National Weather Service
1325 East West Highway
Silver Spring, MD 20910
E-mail: w-nws.webmaster@noaa.gov
Page last modified: May 16, 2007
NATIONAL WEATHER SERVICE: for Safety, for Work, for Fun - FOR LIFE