307
CXUS53 KLMK 240800
CF6LEX
PRELIMINARY LOCAL CLIMATOLOGICAL DATA (WS FORM: F-6)

                                          STATION:   LEXINGTON KY
                                          MONTH:     APRIL
                                          YEAR:      2014
                                          LATITUDE:   38  1 N
                                          LONGITUDE:  84 36 W

  TEMPERATURE IN F:       :PCPN:    SNOW:  WIND      :SUNSHINE: SKY     :PK WND
================================================================================
1   2   3   4   5  6A  6B    7    8   9   10  11  12  13   14  15   16   17  18
                                     12Z  AVG MX 2MIN
DY MAX MIN AVG DEP HDD CDD  WTR  SNW DPTH SPD SPD DIR MIN PSBL S-S WX    SPD DR
================================================================================

 1  79  54  67  16   0   2 0.00  0.0    0 11.7 24 220   M    M   3        30 240
 2  75  48  62  11   3   0    T  0.0    0  9.8 21 360   M    M   6        26  10
 3  72  55  64  13   1   0 0.98  0.0    0 11.1 29 180   M    M   7 13     38 190
 4  66  44  55   3  10   0 0.40  0.0    0 16.4 32 250   M    M   8 13     41 260
 5  54  39  47  -5  18   0 0.00  0.0    0  6.8 18 310   M    M   5        24 290
 6  63  37  50  -2  15   0 0.00  0.0    0  9.2 15  60   M    M   0        19  90
 7  65  46  56   3   9   0 0.16  0.0    0 15.3 35 240   M    M   8 1      50 240
 8  62  44  53   0  12   0 0.06  0.0    0  7.9 22 280   M    M   8 13     28 280
 9  64  41  53   0  12   0 0.00  0.0    0  6.7 14 310   M    M   2 18     20 280
10  75  43  59   5   6   0 0.00  0.0    0 13.9 26 200   M    M   0 8      36 190
11  73  56  65  11   0   0 0.03  0.0    0 10.6 22 220   M    M   5 3      28 220
12  79  51  65  11   0   0 0.00  0.0    0  8.9 23 210   M    M   1        27 200
13  83  64  74  20   0   9 0.00  0.0    0 15.8 30 210   M    M   0        39 200
14  73  46  60   5   5   0 0.16  0.0    0 16.7 29 210   M    M   8 1      39 210
15  46  29  38 -17  27   0 0.21  0.3    T 11.1 22 320   M    M   8 1      30 310
16  54  27  41 -15  24   0 0.00  0.0    0  9.0 17  80   M    M   0        24  80
17  68  41  55  -1  10   0 0.00  0.0    0  7.4 18 180   M    M   0        23 170
18  71  45  58   2   7   0 0.00  0.0    0  5.2 12 260   M    M   1 8      15 190
19  73  46  60   4   5   0 0.00  0.0    0 11.2 21  20   M    M   0        25  50
20  76  46  61   4   4   0 0.00  0.0    0  4.2 10 220   M    M   0        14 210
21  80  50  65   8   0   0 0.00  0.0    0  7.0 12 210   M    M   1        18 210
22  73  47  60   3   5   0 0.03  0.0    0 10.5 22 310   M    M   6 18     29 320
23  63  39  51  -7  14   0 0.00  0.0    0  5.1 14  30   M    M   0        16  10
================================================================================
SM 1587 1038       187  11  2.03     0.3 231.5          M       77
================================================================================
AV 69.0 45.1                              10.1 FASTST   M    M   3    MAX(MPH)
                                 MISC ---->  # 35 240               # 50  240
================================================================================
NOTES:
# LAST OF SEVERAL OCCURRENCES

COLUMN 17 PEAK WIND IN M.P.H.

PRELIMINARY LOCAL CLIMATOLOGICAL DATA (WS FORM: F-6) , PAGE 2

                                          STATION:  LEXINGTON KY
                                          MONTH:    APRIL
                                          YEAR:     2014
                                          LATITUDE:   38  1 N
                                          LONGITUDE:  84 36 W

[TEMPERATURE DATA]      [PRECIPITATION DATA]       SYMBOLS USED IN COLUMN 16

AVERAGE MONTHLY: 57.1   TOTAL FOR MONTH:   2.03    1 = FOG OR MIST
DPTR FM NORMAL:   2.8   DPTR FM NORMAL:   -0.63    2 = FOG REDUCING VISIBILITY
HIGHEST:    83 ON 13    GRTST 24HR  1.29 ON  3- 4      TO 1/4 MILE OR LESS
LOWEST:     27 ON 16                               3 = THUNDER
                        SNOW, ICE PELLETS, HAIL    4 = ICE PELLETS
                        TOTAL MONTH:   0.3 INCH    5 = HAIL
                        GRTST 24HR   0.3 ON   M    6 = FREEZING RAIN OR DRIZZLE
                        GRTST DEPTH:   T           7 = DUSTSTORM OR SANDSTORM:
                                                       VSBY 1/2 MILE OR LESS
                                                   8 = SMOKE OR HAZE
[NO. OF DAYS WITH]      [WEATHER - DAYS WITH]      9 = BLOWING SNOW
                                                   X = TORNADO
MAX 32 OR BELOW:   0    0.01 INCH OR MORE:   8
MAX 90 OR ABOVE:   0    0.10 INCH OR MORE:   5
MIN 32 OR BELOW:   2    0.50 INCH OR MORE:   1
MIN  0 OR BELOW:   0    1.00 INCH OR MORE:   0

[HDD (BASE 65) ]
TOTAL THIS MO.   187    CLEAR  (SCALE 0-3)  13
DPTR FM NORMAL   -75    PTCLDY (SCALE 4-7)   8
TOTAL FM JUL 1  4746    CLOUDY (SCALE 8-10)  2
DPTR FM NORMAL   308

[CDD (BASE 65) ]
TOTAL THIS MO.    11
DPTR FM NORMAL    -3    [PRESSURE DATA]
TOTAL FM JAN 1    11    HIGHEST SLP M ON M
DPTR FM NORMAL    -5    LOWEST  SLP 29.36 ON  7

[REMARKS]




U.S. Dept. of Commerce
NOAA National Weather Service
1325 East West Highway
Silver Spring, MD 20910
E-mail: w-nws.webmaster@noaa.gov
Page last modified: May 16, 2007
NATIONAL WEATHER SERVICE: for Safety, for Work, for Fun - FOR LIFE