866
CXUS53 KLMK 011301
CF6LEX
PRELIMINARY LOCAL CLIMATOLOGICAL DATA (WS FORM: F-6)

                                          STATION:   LEXINGTON KY
                                          MONTH:     NOVEMBER
                                          YEAR:      2014
                                          LATITUDE:   38  1 N
                                          LONGITUDE:  84 36 W

  TEMPERATURE IN F:       :PCPN:    SNOW:  WIND      :SUNSHINE: SKY     :PK WND
================================================================================
1   2   3   4   5  6A  6B    7    8   9   10  11  12  13   14  15   16   17  18
                                     12Z  AVG MX 2MIN
DY MAX MIN AVG DEP HDD CDD  WTR  SNW DPTH SPD SPD DIR MIN PSBL S-S WX    SPD DR
================================================================================

 1  41  30  36 -16  29   0 0.02    T    0 12.2 23 340   M    M   6 1      31 340
 2  52  27  40 -12  25   0 0.00  0.0    0  4.4  9  50   M    M   0        12  70
 3  69  33  51   0  14   0 0.00  0.0    0  8.9 20 210   M    M   2        24 210
 4  65  50  58   7   7   0    T  0.0    0 10.0 22 210   M    M   3        27 210
 5  54  52  53   2  12   0 0.42  0.0    0  5.1 12 170   M    M   9 1      14 170
 6  53  41  47  -3  18   0 0.03  0.0    0 14.8 23 290   M    M   9 1      33 290
 7  46  32  39 -11  26   0 0.00  0.0    0  6.4 16 330   M    M   6        25 330
 8  55  32  44  -5  21   0 0.00  0.0    0 10.3 25 220   M    M   3        30 220
 9  53  32  43  -6  22   0 0.00  0.0    0  5.5 12 200   M    M   2        15 200
10  65  37  51   2  14   0 0.00  0.0    0 10.4 20 190   M    M   0        24 190
11  67  37  52   4  13   0 0.07  0.0    0 12.9 24 200   M    M   6 1      30 210
12  37  34  36 -12  29   0 0.00  0.0    0  6.9 18 310   M    M  10 1      26 310
13  34  25  30 -18  35   0    T    T    0  8.7 16 330   M    M  10        22 320
14  33  16  25 -22  40   0    T    T    0  3.2 10 340   M    M   3 18     13 340
15  38  14  26 -21  39   0 0.01  0.1    0  4.3 12 160   M    M   2 1      14 160
16  42  31  37  -9  28   0 0.23  0.0    0  5.7 15 210   M    M  10 18     20 230
17  38  18  28 -18  37   0 0.59  1.5    T 10.5 24 270   M    M   8 16     32 290
18  22  12  17 -28  48   0    T    T    1  9.8 20 270   M    M   3 1      24 270
19  47  11  29 -16  36   0 0.00  0.0    1 14.2 30 220   M    M   3        39 240
20  34  22  28 -16  37   0 0.00  0.0    0  8.5 17 250   M    M   3        22 260
21  39  14  27 -17  38   0 0.00  0.0    0  4.5 10 130   M    M   0 18     14 130
22  63  32  48   4  17   0    T  0.0    0 11.8 24 210   M    M   5        31 200
23  58  48  53  10  12   0 0.94  0.0    0 12.9 25 200   M    M   9 1      34 190
24  63  39  51   8  14   0 0.05  0.0    0 17.4 40 230   M    M   7 1      55 220
25  48  32  40  -2  25   0 0.00  0.0    0  7.1 15 280   M    M   0        21 240
26  44  26  35  -7  30   0 0.00  0.0    0  4.6 10  40   M    M   2 18     12  40
27  34  27  31 -11  34   0    T    T    T  9.6 17 280   M    M  10 1      23 290
28  36  24  30 -11  35   0 0.00  0.0    0  8.7 16 150   M    M   5        19 150
29  57  33  45   4  20   0 0.00  0.0    0 15.2 26 220   M    M   6        37 220
30  66  56  61  21   4   0 0.00  0.0    0 17.2 31 210   M    M  10        38 210
================================================================================
SM 1453  917       759   0  2.36     1.6 281.7          M      152
================================================================================
AV 48.4 30.6                               9.4 FASTST   M    M   5    MAX(MPH)
                                 MISC ---->  # 40 230               # 55  220
================================================================================
NOTES:
# LAST OF SEVERAL OCCURRENCES

COLUMN 17 PEAK WIND IN M.P.H.

PRELIMINARY LOCAL CLIMATOLOGICAL DATA (WS FORM: F-6) , PAGE 2

                                          STATION:  LEXINGTON KY
                                          MONTH:    NOVEMBER
                                          YEAR:     2014
                                          LATITUDE:   38  1 N
                                          LONGITUDE:  84 36 W

[TEMPERATURE DATA]      [PRECIPITATION DATA]       SYMBOLS USED IN COLUMN 16

AVERAGE MONTHLY: 39.5   TOTAL FOR MONTH:   2.36    1 = FOG OR MIST
DPTR FM NORMAL:  -6.8   DPTR FM NORMAL:   -1.17    2 = FOG REDUCING VISIBILITY
HIGHEST:    69 ON  3    GRTST 24HR  0.99 ON 23-24      TO 1/4 MILE OR LESS
LOWEST:     11 ON 19                               3 = THUNDER
                        SNOW, ICE PELLETS, HAIL    4 = ICE PELLETS
                        TOTAL MONTH:   1.6 INCHES  5 = HAIL
                        GRTST 24HR   1.5 ON 17-17  6 = FREEZING RAIN OR DRIZZLE
                        GRTST DEPTH:   1 ON 19,18  7 = DUSTSTORM OR SANDSTORM:
                                                       VSBY 1/2 MILE OR LESS
                                                   8 = SMOKE OR HAZE
[NO. OF DAYS WITH]      [WEATHER - DAYS WITH]      9 = BLOWING SNOW
                                                   X = TORNADO
MAX 32 OR BELOW:   1    0.01 INCH OR MORE:   9
MAX 90 OR ABOVE:   0    0.10 INCH OR MORE:   4
MIN 32 OR BELOW:  19    0.50 INCH OR MORE:   2
MIN  0 OR BELOW:   0    1.00 INCH OR MORE:   0

[HDD (BASE 65) ]
TOTAL THIS MO.   759    CLEAR  (SCALE 0-3)  11
DPTR FM NORMAL   198    PTCLDY (SCALE 4-7)  10
TOTAL FM JUL 1  1007    CLOUDY (SCALE 8-10)  9
DPTR FM NORMAL   120

[CDD (BASE 65) ]
TOTAL THIS MO.     0
DPTR FM NORMAL    -2    [PRESSURE DATA]
TOTAL FM JAN 1  1274    HIGHEST SLP 30.54 ON 21
DPTR FM NORMAL    84    LOWEST  SLP 29.33 ON 23

[REMARKS]
#FINAL-11-14#




U.S. Dept. of Commerce
NOAA National Weather Service
1325 East West Highway
Silver Spring, MD 20910
E-mail: w-nws.webmaster@noaa.gov
Page last modified: May 16, 2007
NATIONAL WEATHER SERVICE: for Safety, for Work, for Fun - FOR LIFE