264
CXUS52 KMLB 311119
CF6LEE
PRELIMINARY LOCAL CLIMATOLOGICAL DATA (WS FORM: F-6)

                                          STATION:   LEESBURG
                                          MONTH:     JULY
                                          YEAR:      2014
                                          LATITUDE:   28 49 N
                                          LONGITUDE:  81 49 W

  TEMPERATURE IN F:       :PCPN:    SNOW:  WIND      :SUNSHINE: SKY     :PK WND
================================================================================
1   2   3   4   5  6A  6B    7    8   9   10  11  12  13   14  15   16   17  18
                                     12Z  AVG MX 2MIN
DY MAX MIN AVG DEP HDD CDD  WTR  SNW DPTH SPD SPD DIR MIN PSBL S-S WX    SPD DR
================================================================================

 1  97  76  87   5   0  22 0.00  0.0    0  9.5 24  60   M    M   2        28  60
 2  88  75  82   0   0  17 0.19  0.0    0  5.9 23 330   M    M   3 138    29 340
 3  95  74  85   3   0  20 0.14  0.0    0  7.4 20 250   M    M   3 13     28 240
 4  90  73  82   0   0  17    T  0.0    0  5.2 15 270   M    M   2 3      22 240
 5  92  73  83   1   0  18 1.44  0.0    0  5.8 20 100   M    M   2 13     27  80
 6  89  74  82   0   0  17 0.04  0.0    0  6.8 20 140   M    M   3 3      25 140
 7  89  74  82   0   0  17 0.01  0.0    0  4.7  9 170   M    M   1 8      14 150
 8  91  74  83   0   0  18 0.41  0.0    0  4.7 21  80   M    M   2 138    30  80
 9  88  74  81  -2   0  16 0.09  0.0    0  4.7 12 280   M    M   2 13     23 160
10  93  73  83   0   0  18 0.61  0.0    0  5.3 17  70   M    M   2 13     22 220
11  91  73  82  -1   0  17 1.32  0.0    0  5.8 26 260   M    M   2 123    34 280
12  94  75  85   2   0  20 0.02  0.0    0  4.1 21  20   M    M   2 3      26  20
13  91  76  84   1   0  19 0.00  0.0    0  4.6 17 110   M    M   0        22 100
14  92  76  84   1   0  19 0.04  0.0    0  6.0 20 240   M    M   1 13     27 250
15  89  75  82  -1   0  17 0.33  0.0    0  6.7 17 250   M    M   3 13     29 260
16  83  74  79  -4   0  14 0.49  0.0    0  8.7 20 290   M    M   4 13     25 270
17  92  75  84   1   0  19    T  0.0    0  5.2 13 330   M    M   2 3      18 350
18  94  74  84   1   0  19 0.00  0.0    0  3.8 14  70   M    M   0 1      17  80
19  94  78  86   3   0  21 0.00  0.0    0  5.3 10 290   M    M   0        15 160
20  94  78  86   3   0  21 0.00  0.0    0  6.9 14  50   M    M   2 3      18  60
21  94  75  85   2   0  20 0.14  0.0    0  5.1 22 120   M    M   1 13     40  80
22  93  74  84   1   0  19 0.44  0.0    0  4.7 25 120   M    M   1 13     30 120
23  92  76  84   1   0  19 0.02  0.0    0  4.1 15 230   M    M   0 138    19 230
24  92  79  86   3   0  21    T  0.0    0  4.8 13 250   M    M   3        20 290
25  92  77  85   2   0  20 0.42  0.0    0  4.7 15 240   M    M   2 138    22 200
26  92  77  85   2   0  20 0.00  0.0    0  5.3 14 280   M    M   1 3      17 280
27  91  78  85   2   0  20    T  0.0    0  6.3 14 290   M    M   1 3      19 290
28  92  79  86   3   0  21 0.01  0.0    0  8.6 20 290   M    M   2 3      27 280
29  92  77  85   2   0  20 0.26  0.0    0  7.2 21 100   M    M   2 138    27 260
30  94  74  84   1   0  19 0.00  0.0    0  5.4 10 360   M    M   1        14 350
================================================================================
SM 2750 2260         0 565  6.42     0.0 173.3          M       52
================================================================================
AV 91.7 75.3                               5.8 FASTST   M    M   2    MAX(MPH)
                                 MISC ---->  # 26 260               # 40   80
================================================================================
NOTES:
# LAST OF SEVERAL OCCURRENCES

COLUMN 17 PEAK WIND IN M.P.H.

PRELIMINARY LOCAL CLIMATOLOGICAL DATA (WS FORM: F-6) , PAGE 2

                                          STATION:  LEESBURG
                                          MONTH:    JULY
                                          YEAR:     2014
                                          LATITUDE:   28 49 N
                                          LONGITUDE:  81 49 W

[TEMPERATURE DATA]      [PRECIPITATION DATA]       SYMBOLS USED IN COLUMN 16

AVERAGE MONTHLY: 83.5   TOTAL FOR MONTH:   6.42    1 = FOG OR MIST
DPTR FM NORMAL:   0.7   DPTR FM NORMAL:   -0.13    2 = FOG REDUCING VISIBILITY
HIGHEST:    97 ON  1    GRTST 24HR  1.44 ON  5- 5      TO 1/4 MILE OR LESS
LOWEST:     73 ON 11,10                            3 = THUNDER
                        SNOW, ICE PELLETS, HAIL    4 = ICE PELLETS
                        TOTAL MONTH:   0.0 INCH    5 = HAIL
                        GRTST 24HR     0.0         6 = FREEZING RAIN OR DRIZZLE
                        GRTST DEPTH:   0           7 = DUSTSTORM OR SANDSTORM:
                                                       VSBY 1/2 MILE OR LESS
                                                   8 = SMOKE OR HAZE
[NO. OF DAYS WITH]      [WEATHER - DAYS WITH]      9 = BLOWING SNOW
                                                   X = TORNADO
MAX 32 OR BELOW:   0    0.01 INCH OR MORE:  19
MAX 90 OR ABOVE:  24    0.10 INCH OR MORE:  12
MIN 32 OR BELOW:   0    0.50 INCH OR MORE:   3
MIN  0 OR BELOW:   0    1.00 INCH OR MORE:   2

[HDD (BASE 65) ]
TOTAL THIS MO.     0    CLEAR  (SCALE 0-3)  28
DPTR FM NORMAL     0    PTCLDY (SCALE 4-7)   2
TOTAL FM JUL 1     0    CLOUDY (SCALE 8-10)  0
DPTR FM NORMAL     0

[CDD (BASE 65) ]
TOTAL THIS MO.   565
DPTR FM NORMAL    30    [PRESSURE DATA]
TOTAL FM JAN 1  1928    HIGHEST SLP M ON M
DPTR FM NORMAL   140    LOWEST  SLP 29.86 ON  2

[REMARKS]




U.S. Dept. of Commerce
NOAA National Weather Service
1325 East West Highway
Silver Spring, MD 20910
E-mail: w-nws.webmaster@noaa.gov
Page last modified: May 16, 2007
NATIONAL WEATHER SERVICE: for Safety, for Work, for Fun - FOR LIFE