904
CXUS52 KMLB 011237
CF6LEE
PRELIMINARY LOCAL CLIMATOLOGICAL DATA (WS FORM: F-6)

                                          STATION:   LEESBURG
                                          MONTH:     JANUARY
                                          YEAR:      2015
                                          LATITUDE:   28 49 N
                                          LONGITUDE:  81 49 W

  TEMPERATURE IN F:       :PCPN:    SNOW:  WIND      :SUNSHINE: SKY     :PK WND
================================================================================
1   2   3   4   5  6A  6B    7    8   9   10  11  12  13   14  15   16   17  18
                                     12Z  AVG MX 2MIN
DY MAX MIN AVG DEP HDD CDD  WTR  SNW DPTH SPD SPD DIR MIN PSBL S-S WX    SPD DR
================================================================================

 1  70  55  63   5   2   0 0.00  0.0    0  8.0 13  20   M    M  10        16  30
 2  78  58  68  10   0   3    T  0.0    0  5.2 12 100   M    M   7 12     17 110
 3  83  66  75  17   0  10 0.00  0.0    0  5.9 12 180   M    M   6 12     17 150
 4  83  68  76  18   0  11 0.00  0.0    0  7.6 18 180   M    M   6        24 180
 5  69  52  61   3   4   0 0.00  0.0    0  8.7 17 360   M    M   5        22 360
 6  75  50  63   5   2   0 0.00  0.0    0  5.8 13 290   M    M   1        17 290
 7  67  48  58   0   7   0 0.00  0.0    0  8.8 24 350   M    M   0        30 340
 8  56  33  45 -13  20   0 0.00  0.0    0 15.0 23  40   M    M   2        31 350
 9  57  43  50  -8  15   0 0.00  0.0    0  7.8 17 360   M    M   7 18     20 360
10  66  40  53  -5  12   0 0.00  0.0    0  8.5 16  40   M    M   0        21  60
11  76  49  63   5   2   0 0.04    M    0  5.8 15  60   M    M   3 18     21  70
12  76  60  68  10   0   3 0.80  0.0    0  4.6 25 320   M    M   9 123    32 310
13  75  58  67   9   0   2 0.00  0.0    0  6.1 14  20   M    M   9 12     18  30
14  67  53  60   2   5   0 0.00  0.0    0  9.3 15  10   M    M   9 1      20  10
15  58  50  54  -4  11   0 0.16  0.0    0  6.2 14 340   M    M  10 1      17 330
16  62  47  55  -3  10   0    T  0.0    0  7.5 16 360   M    M   5 1      20 360
17  73  44  59   1   6   0 0.00  0.0    0  5.3 12 120   M    M   1        15 110
18  69  52  61   3   4   0 0.00  0.0    0  7.3 16 310   M    M   1 1      22 320
19  70  44  57  -1   8   0 0.00  0.0    0  3.3 13  60   M    M   0        16  70
20  73  47  60   2   5   0 0.00  0.0    0  3.3 12 160   M    M   1 1      16 160
21  75  52  64   6   1   0 0.00  0.0    0  2.5 10 100   M    M   2 128    14 100
22  78  52  65   6   0   0 0.00  0.0    0  5.4 14 100   M    M   2 12     19 100
23  76  63  70  11   0   5 0.55  0.0    0  9.1 20 180   M    M   7 13     26 190
24  69  48  59   0   6   0 0.22  0.0    0 13.8 26 280   M    M   5 13     34 280
25  63  39  51  -8  14   0 0.00  0.0    0  6.1 14 270   M    M   0        17 270
26  63  49  56  -3   9   0 0.07  0.0    0 13.7 29 290   M    M   1 1      43 300
27  65  44  55  -4  10   0 0.00  0.0    0 11.2 25 280   M    M   0 8      33 280
28  61  41  51  -8  14   0 0.00  0.0    0  8.1 15  50   M    M   0        22 340
29  69  40  55  -5  10   0 0.00  0.0    0  3.6  8 310   M    M   0        12 160
30  73  47  60   0   5   0 0.00  0.0    0  6.6 15 360   M    M   2        19  10
31  70  41  56  -4   9   0 0.00  0.0    0  8.1 15  40   M    M   0        18  50
================================================================================
SM 2165 1533       191  34  1.84     0.0 228.2          M      111
================================================================================
AV 69.8 49.5                               7.4 FASTST   M    M   4    MAX(MPH)
                                 MISC ---->  # 29 290               # 43  300
================================================================================
NOTES:
# LAST OF SEVERAL OCCURRENCES

COLUMN 17 PEAK WIND IN M.P.H.

PRELIMINARY LOCAL CLIMATOLOGICAL DATA (WS FORM: F-6) , PAGE 2

                                          STATION:  LEESBURG
                                          MONTH:    JANUARY
                                          YEAR:     2015
                                          LATITUDE:   28 49 N
                                          LONGITUDE:  81 49 W

[TEMPERATURE DATA]      [PRECIPITATION DATA]       SYMBOLS USED IN COLUMN 16

AVERAGE MONTHLY: 59.6   TOTAL FOR MONTH:   1.84    1 = FOG OR MIST
DPTR FM NORMAL:   1.2   DPTR FM NORMAL:   -0.90    2 = FOG REDUCING VISIBILITY
HIGHEST:    83 ON  4, 3 GRTST 24HR  0.84 ON 11-12      TO 1/4 MILE OR LESS
LOWEST:     33 ON  8                               3 = THUNDER
                        SNOW, ICE PELLETS, HAIL    4 = ICE PELLETS
                        TOTAL MONTH:   0.0 INCH    5 = HAIL
                        GRTST 24HR     0.0         6 = FREEZING RAIN OR DRIZZLE
                        GRTST DEPTH:   0           7 = DUSTSTORM OR SANDSTORM:
                                                       VSBY 1/2 MILE OR LESS
                                                   8 = SMOKE OR HAZE
[NO. OF DAYS WITH]      [WEATHER - DAYS WITH]      9 = BLOWING SNOW
                                                   X = TORNADO
MAX 32 OR BELOW:   0    0.01 INCH OR MORE:   6
MAX 90 OR ABOVE:   0    0.10 INCH OR MORE:   4
MIN 32 OR BELOW:   0    0.50 INCH OR MORE:   2
MIN  0 OR BELOW:   0    1.00 INCH OR MORE:   0

[HDD (BASE 65) ]
TOTAL THIS MO.   191    CLEAR  (SCALE 0-3)  17
DPTR FM NORMAL   -42    PTCLDY (SCALE 4-7)   9
TOTAL FM JUL 1   448    CLOUDY (SCALE 8-10)  5
DPTR FM NORMAL   -26

[CDD (BASE 65) ]
TOTAL THIS MO.    34
DPTR FM NORMAL     6    [PRESSURE DATA]
TOTAL FM JAN 1    34    HIGHEST SLP 30.47 ON  8
DPTR FM NORMAL     3    LOWEST  SLP 29.78 ON 24

[REMARKS]
#FINAL-01-15#




U.S. Dept. of Commerce
NOAA National Weather Service
1325 East West Highway
Silver Spring, MD 20910
E-mail: w-nws.webmaster@noaa.gov
Page last modified: May 16, 2007
NATIONAL WEATHER SERVICE: for Safety, for Work, for Fun - FOR LIFE