076
CXUS52 KMLB 011226
CF6LEE
PRELIMINARY LOCAL CLIMATOLOGICAL DATA (WS FORM: F-6)

                                          STATION:   LEESBURG
                                          MONTH:     NOVEMBER
                                          YEAR:      2014
                                          LATITUDE:   28 49 N
                                          LONGITUDE:  81 49 W

  TEMPERATURE IN F:       :PCPN:    SNOW:  WIND      :SUNSHINE: SKY     :PK WND
================================================================================
1   2   3   4   5  6A  6B    7    8   9   10  11  12  13   14  15   16   17  18
                                     12Z  AVG MX 2MIN
DY MAX MIN AVG DEP HDD CDD  WTR  SNW DPTH SPD SPD DIR MIN PSBL S-S WX    SPD DR
================================================================================

 1  62  48  55 -16  10   0    T  0.0    0 12.7 23 290   M    M   1        32 320
 2  67  41  54 -16  11   0 0.00  0.0    0  7.8 15 340   M    M   0        19 360
 3  75  46  61  -9   4   0 0.00  0.0    0  7.3 16  50   M    M   1        22  50
 4  81  51  66  -4   0   1 0.00  0.0    0  6.5 15  60   M    M   2        20 120
 5  82  58  70   0   0   5 0.00  0.0    0  4.7 12 110   M    M   2 1      15 100
 6  82  58  70   1   0   5 0.00  0.0    0  3.4 13 290   M    M   1 18     18 290
 7  75  51  63  -6   2   0 0.00  0.0    0  7.0 13  10   M    M   1 1      15  20
 8  74  50  62  -7   3   0 0.18  0.0    0  5.0 14 350   M    M   3 1      23 260
 9  68  56  62  -6   3   0 0.31  0.0    0  6.3 12 340   M    M   5 1      15 320
10  72  58  65  -3   0   0 0.06  0.0    0  6.9 13 340   M    M   4 1      19 360
11  80  56  68   0   0   3 0.00  0.0    0  8.4 17 340   M    M   0        21 340
12  77  54  66  -2   0   1 0.00  0.0    0  3.5 10 350   M    M   0        16  10
13  80  57  69   1   0   4 0.00  0.0    0  2.7  9 340   M    M   0 1      14 330
14  71  49  60  -7   5   0 0.00  0.0    0  6.8 13 350   M    M   4 1      16 330
15  75  45  60  -7   5   0 0.00  0.0    0  7.6 15  40   M    M   1        19  40
16  81  52  67   0   0   2 0.00  0.0    0  3.9  9 160   M    M   1 1      13 140
17  81  67  74   7   0   9 0.87  0.0    0  8.0 28 210   M    M   6 13     38 210
18  68  41  55 -11  10   0 0.03  0.0    0 10.2 21 350   M    M   6 13     25 340
19  60  36  48 -18  17   0 0.00  0.0    0 10.1 17 360   M    M   1        22 360
20  64  37  51 -15  14   0 0.00  0.0    0  5.8 13  50   M    M   0        19  20
21  73  48  61  -5   4   0 0.00  0.0    0  9.8 21  60   M    M   2        27  50
22  70  59  65  -1   0   0 0.09  0.0    0  8.1 16 100   M    M  10 1      23 100
23  83  68  76  10   0  11 0.04  0.0    0  8.6 17 190   M    M   7 1      24 170
24  87  68  78  13   0  13 0.00  0.0    0  7.0 16 230   M    M   4 1      21 230
25  73  66  70   5   0   5 5.40  0.0    0  6.2 23  20   M    M   7 13     31  30
26  71  49  60  -5   5   0 0.30  0.0    0  7.9 21 300   M    M   6 1      27 300
27  68  45  57  -8   8   0 0.00  0.0    0  8.3 15 300   M    M   0        22 310
28  60  39  50 -14  15   0 0.00  0.0    0  9.2 15  40   M    M   0        22  10
29  72  41  57  -7   8   0 0.00  0.0    0  4.3 10  60   M    M   0        13  60
30  77  49  63  -1   2   0 0.00  0.0    0  4.0 12  90   M    M   1 1      17  90
================================================================================
SM 2209 1543       126  59  7.28     0.0 208.0          M       76
================================================================================
AV 73.6 51.4                               6.9 FASTST   M    M   3    MAX(MPH)
                                 MISC ---->  # 28 210               # 38  210
================================================================================
NOTES:
# LAST OF SEVERAL OCCURRENCES

COLUMN 17 PEAK WIND IN M.P.H.

PRELIMINARY LOCAL CLIMATOLOGICAL DATA (WS FORM: F-6) , PAGE 2

                                          STATION:  LEESBURG
                                          MONTH:    NOVEMBER
                                          YEAR:     2014
                                          LATITUDE:   28 49 N
                                          LONGITUDE:  81 49 W

[TEMPERATURE DATA]      [PRECIPITATION DATA]       SYMBOLS USED IN COLUMN 16

AVERAGE MONTHLY: 62.5   TOTAL FOR MONTH:   7.28    1 = FOG OR MIST
DPTR FM NORMAL:  -4.6   DPTR FM NORMAL:    5.40    2 = FOG REDUCING VISIBILITY
HIGHEST:    87 ON 24    GRTST 24HR  5.69 ON 25-26      TO 1/4 MILE OR LESS
LOWEST:     36 ON 19                               3 = THUNDER
                        SNOW, ICE PELLETS, HAIL    4 = ICE PELLETS
                        TOTAL MONTH:   0.0 INCH    5 = HAIL
                        GRTST 24HR     0.0         6 = FREEZING RAIN OR DRIZZLE
                        GRTST DEPTH:   0           7 = DUSTSTORM OR SANDSTORM:
                                                       VSBY 1/2 MILE OR LESS
                                                   8 = SMOKE OR HAZE
[NO. OF DAYS WITH]      [WEATHER - DAYS WITH]      9 = BLOWING SNOW
                                                   X = TORNADO
MAX 32 OR BELOW:   0    0.01 INCH OR MORE:   9
MAX 90 OR ABOVE:   0    0.10 INCH OR MORE:   5
MIN 32 OR BELOW:   0    0.50 INCH OR MORE:   2
MIN  0 OR BELOW:   0    1.00 INCH OR MORE:   1

[HDD (BASE 65) ]
TOTAL THIS MO.   126    CLEAR  (SCALE 0-3)  20
DPTR FM NORMAL    71    PTCLDY (SCALE 4-7)   9
TOTAL FM JUL 1   126    CLOUDY (SCALE 8-10)  1
DPTR FM NORMAL    65

[CDD (BASE 65) ]
TOTAL THIS MO.    59
DPTR FM NORMAL   -61    [PRESSURE DATA]
TOTAL FM JAN 1  3421    HIGHEST SLP 30.43 ON 19
DPTR FM NORMAL   141    LOWEST  SLP 29.83 ON 26

[REMARKS]
#FINAL-11-14#




U.S. Dept. of Commerce
NOAA National Weather Service
1325 East West Highway
Silver Spring, MD 20910
E-mail: w-nws.webmaster@noaa.gov
Page last modified: May 16, 2007
NATIONAL WEATHER SERVICE: for Safety, for Work, for Fun - FOR LIFE