273
CXUS54 KLCH 232210
CF6LCH
PRELIMINARY LOCAL CLIMATOLOGICAL DATA (WS FORM: F-6)

                                          STATION:   LAKE CHARLES
                                          MONTH:     JULY
                                          YEAR:      2014
                                          LATITUDE:   30  7 N
                                          LONGITUDE:  93 13 W

  TEMPERATURE IN F:       :PCPN:    SNOW:  WIND      :SUNSHINE: SKY     :PK WND
================================================================================
1   2   3   4   5  6A  6B    7    8   9   10  11  12  13   14  15   16   17  18
                                     12Z  AVG MX 2MIN
DY MAX MIN AVG DEP HDD CDD  WTR  SNW DPTH SPD SPD DIR MIN PSBL S-S WX    SPD DR
================================================================================

 1  90  77  84   2   0  19 0.00  0.0    0  4.8 12 220   M    M   2 18     17 190
 2  92  74  83   1   0  18    T  0.0    0  3.2 16  10   M    M   1 138    20  10
 3  93  71  82   0   0  17    T  0.0    0  5.2 32  20   M    M   1 138    42  20
 4  89  72  81  -1   0  16 0.00  0.0    0  8.5 15  70   M    M   0        21  70
 5  91  69  80  -3   0  15 0.00  0.0    0  4.4 10  80   M    M   0        15 140
 6  91  71  81  -2   0  16 0.00  0.0    0  2.7 12 200   M    M   1 18     14 200
 7  91  71  81  -2   0  16 0.00  0.0    0  4.4 13 210   M    M   1 138    17 210
 8  91  76  84   1   0  19 0.15  0.0    0  4.3 15  60   M    M   2 138    17  60
 9  94  76  85   2   0  20    T  0.0    0  4.6 12 220   M    M   0 18     17 210
10  92  74  83   0   0  18 0.00  0.0    0  3.2 16 220   M    M   1 138    26 210
11  94  73  84   1   0  19 0.01  0.0    0  2.1 18 140   M    M   1 138    26 150
12  96  74  85   2   0  20 0.67  0.0    0  3.3 31 110   M    M   1 1238   39 110
13  92  72  82  -1   0  17 0.01  0.0    M  4.0 24 340   M    M   0 138    28 340
14  91  72  82  -1   0  17 0.00  0.0    0  4.3 13 210   M    M   0 18     18 320
15  84  73  79  -4   0  14 0.00  0.0    0  4.4 15 330   M    M   2 1      20 320
16  89  73  81  -2   0  16 0.00  0.0    0  5.9 15  50   M    M   1 18     19  60
17  81  71  76  -7   0  11 0.21  0.0    0  7.7 15 150   M    M   4 138    20 150
18  81  74  78  -5   0  13 4.23  0.0    0  6.4 21 130   M    M   4 13     29 260
19  85  72  79  -4   0  14 1.12  0.0    0  5.4 12  30   M    M   8 128    14  30
20  88  74  81  -2   0  16    T  0.0    0  4.2 10  20   M    M   6 18     13  20
21  93  77  85   2   0  20 0.21  0.0    0  2.7 12  10   M    M   6 138    15 360
22  92  76  84   1   0  19 0.00  0.0    0  3.5 14  30   M    M   2 138    17  40
================================================================================
SM 1980 1612         0 370  6.61     0.0  99.2          M       44
================================================================================
AV 90.0 73.3                               4.5 FASTST   M    M   2    MAX(MPH)
                                 MISC ---->  # 32  20               # 42   20
================================================================================
NOTES:
# LAST OF SEVERAL OCCURRENCES

COLUMN 17 PEAK WIND IN M.P.H.

PRELIMINARY LOCAL CLIMATOLOGICAL DATA (WS FORM: F-6) , PAGE 2

                                          STATION:  LAKE CHARLES
                                          MONTH:    JULY
                                          YEAR:     2014
                                          LATITUDE:   30  7 N
                                          LONGITUDE:  93 13 W

[TEMPERATURE DATA]      [PRECIPITATION DATA]       SYMBOLS USED IN COLUMN 16

AVERAGE MONTHLY: 81.6   TOTAL FOR MONTH:   6.61    1 = FOG OR MIST
DPTR FM NORMAL:  -1.2   DPTR FM NORMAL:    2.53    2 = FOG REDUCING VISIBILITY
HIGHEST:    96 ON 12    GRTST 24HR  4.33 ON 17-18      TO 1/4 MILE OR LESS
LOWEST:     69 ON  5                               3 = THUNDER
                        SNOW, ICE PELLETS, HAIL    4 = ICE PELLETS
                        TOTAL MONTH:   0.0 INCH    5 = HAIL
                        GRTST 24HR     0.0         6 = FREEZING RAIN OR DRIZZLE
                        GRTST DEPTH:   0           7 = DUSTSTORM OR SANDSTORM:
                                                       VSBY 1/2 MILE OR LESS
                                                   8 = SMOKE OR HAZE
[NO. OF DAYS WITH]      [WEATHER - DAYS WITH]      9 = BLOWING SNOW
                                                   X = TORNADO
MAX 32 OR BELOW:   0    0.01 INCH OR MORE:   8
MAX 90 OR ABOVE:  15    0.10 INCH OR MORE:   6
MIN 32 OR BELOW:   0    0.50 INCH OR MORE:   3
MIN  0 OR BELOW:   0    1.00 INCH OR MORE:   2

[HDD (BASE 65) ]
TOTAL THIS MO.     0    CLEAR  (SCALE 0-3)  17
DPTR FM NORMAL     0    PTCLDY (SCALE 4-7)   4
TOTAL FM JUL 1     0    CLOUDY (SCALE 8-10)  1
DPTR FM NORMAL     0

[CDD (BASE 65) ]
TOTAL THIS MO.   370
DPTR FM NORMAL   -23    [PRESSURE DATA]
TOTAL FM JAN 1  1285    HIGHEST SLP M ON M
DPTR FM NORMAL  -126    LOWEST  SLP 29.86 ON 18

[REMARKS]




U.S. Dept. of Commerce
NOAA National Weather Service
1325 East West Highway
Silver Spring, MD 20910
E-mail: w-nws.webmaster@noaa.gov
Page last modified: May 16, 2007
NATIONAL WEATHER SERVICE: for Safety, for Work, for Fun - FOR LIFE