355
CXUS54 KLCH 020510
CF6LCH
PRELIMINARY LOCAL CLIMATOLOGICAL DATA (WS FORM: F-6)

                                          STATION:   LAKE CHARLES
                                          MONTH:     NOVEMBER
                                          YEAR:      2014
                                          LATITUDE:   30  7 N
                                          LONGITUDE:  93 13 W

  TEMPERATURE IN F:       :PCPN:    SNOW:  WIND      :SUNSHINE: SKY     :PK WND
================================================================================
1   2   3   4   5  6A  6B    7    8   9   10  11  12  13   14  15   16   17  18
                                     12Z  AVG MX 2MIN
DY MAX MIN AVG DEP HDD CDD  WTR  SNW DPTH SPD SPD DIR MIN PSBL S-S WX    SPD DR
================================================================================

 1  62  41  52 -14  13   0 0.00  0.0    0  9.2 17  60   M    M   0        25  40
 2  66  37  52 -13  13   0 0.00  0.0    0  5.6 13 100   M    M   0        16  90
 3  75  47  61  -4   4   0 0.00  0.0    0 10.6 21 140   M    M   1        24 140
 4  82  61  72   7   0   7    T  0.0    0  8.2 17 160   M    M   2        23 190
 5  81  63  72   8   0   7 0.88  0.0    0  6.4 15 150   M    M   3 1      19 140
 6  69  58  64   0   1   0 0.43  0.0    0  7.3 16  10   M    M   6 1      20  10
 7  64  49  57  -7   8   0 0.00  0.0    0  7.2 18  50   M    M   0        22  70
 8  68  47  58  -5   7   0 0.00  0.0    0  3.6 12 320   M    M   1        15 320
 9  71  48  60  -3   5   0 0.00  0.0    0  4.1 12  80   M    M   0 1      16  90
10  75  47  61  -2   4   0 0.00  0.0    0  7.2 18 190   M    M   2 1      26 210
11  78  50  64   2   1   0    T  0.0    0  9.1 21  10   M    M   7 1      26  20
12  52  46  49 -13  16   0 0.08    M    0 13.4 20  10   M    M   9 1      25  10
13  48  37  43 -19  22   0 0.15    M    0 14.6 25  10   M    M   6 1      31  10
14  50  33  42 -20  23   0 0.00  0.0    0  8.9 17  40   M    M   1        22  50
15  57  39  48 -13  17   0 0.00  0.0    0 10.2 16 130   M    M  10        21 130
16  71  46  59  -2   6   0 1.56    M    0 11.1 22 340   M    M  10 123    30  10
17  50  37  44 -17  21   0    T    M    0 14.6 28 350   M    M   5        40 340
18  52  32  42 -18  23   0 0.00  0.0    0  6.5 15  40   M    M   0        20 360
19  63  30  47 -13  18   0 0.00  0.0    0  6.4 17 160   M    M   2        22 200
20  72  45  59  -1   6   0 0.00  0.0    0  8.4 18 150   M    M   3 1      23 160
21  71  58  65   5   0   0 0.00  0.0    0 13.7 20 120   M    M  10        24 120
22  72  53  63   4   2   0 0.58  0.0    0 12.9 25 130   M    M   3 13     32 130
23  72  61  67   8   0   2 3.37  0.0    0 11.2 22 310   M    M   4 13     32 230
24  64  49  57  -2   8   0 0.00  0.0    0 10.6 20  10   M    M   1        26 340
25  60  39  50  -8  15   0 0.00  0.0    0  5.3 14  20   M    M   1        18  20
26  70  37  54  -4  11   0 0.00  0.0    0  6.7 21 240   M    M   0        30 240
27  65  42  54  -4  11   0 0.00  0.0    0  7.7 18  40   M    M   0 8      22  40
28  64  37  51  -7  14   0 0.00  0.0    0  7.1 15 150   M    M   1 12     18 150
29  75  50  63   6   2   0 0.00  0.0    0  8.6 21 210   M    M   3 12     30 210
30  77  56  67  10   0   2 0.00  0.0    0  7.2 18 200   M    M   3 1      28 210
================================================================================
SM 1996 1375       271  18  7.05     0.0 263.6          M       94
================================================================================
AV 66.5 45.8                               8.8 FASTST   M    M   3    MAX(MPH)
                                 MISC ---->  # 28 350               # 40  340
================================================================================
NOTES:
# LAST OF SEVERAL OCCURRENCES

COLUMN 17 PEAK WIND IN M.P.H.

PRELIMINARY LOCAL CLIMATOLOGICAL DATA (WS FORM: F-6) , PAGE 2

                                          STATION:  LAKE CHARLES
                                          MONTH:    NOVEMBER
                                          YEAR:     2014
                                          LATITUDE:   30  7 N
                                          LONGITUDE:  93 13 W

[TEMPERATURE DATA]      [PRECIPITATION DATA]       SYMBOLS USED IN COLUMN 16

AVERAGE MONTHLY: 56.2   TOTAL FOR MONTH:   7.05    1 = FOG OR MIST
DPTR FM NORMAL:  -4.9   DPTR FM NORMAL:    2.62    2 = FOG REDUCING VISIBILITY
HIGHEST:    82 ON  4    GRTST 24HR  3.95 ON 22-23      TO 1/4 MILE OR LESS
LOWEST:     30 ON 19                               3 = THUNDER
                        SNOW, ICE PELLETS, HAIL    4 = ICE PELLETS
                        TOTAL MONTH:   0.0 INCH    5 = HAIL
                        GRTST 24HR     0.0         6 = FREEZING RAIN OR DRIZZLE
                        GRTST DEPTH:   0           7 = DUSTSTORM OR SANDSTORM:
                                                       VSBY 1/2 MILE OR LESS
                                                   8 = SMOKE OR HAZE
[NO. OF DAYS WITH]      [WEATHER - DAYS WITH]      9 = BLOWING SNOW
                                                   X = TORNADO
MAX 32 OR BELOW:   0    0.01 INCH OR MORE:   7
MAX 90 OR ABOVE:   0    0.10 INCH OR MORE:   6
MIN 32 OR BELOW:   2    0.50 INCH OR MORE:   4
MIN  0 OR BELOW:   0    1.00 INCH OR MORE:   2

[HDD (BASE 65) ]
TOTAL THIS MO.   271    CLEAR  (SCALE 0-3)  19
DPTR FM NORMAL   100    PTCLDY (SCALE 4-7)   7
TOTAL FM JUL 1   276    CLOUDY (SCALE 8-10)  4
DPTR FM NORMAL    69

[CDD (BASE 65) ]
TOTAL THIS MO.    18
DPTR FM NORMAL   -38    [PRESSURE DATA]
TOTAL FM JAN 1  2687    HIGHEST SLP 30.58 ON 18
DPTR FM NORMAL  -102    LOWEST  SLP 29.58 ON 23

[REMARKS]
#FINAL-11-14#




U.S. Dept. of Commerce
NOAA National Weather Service
1325 East West Highway
Silver Spring, MD 20910
E-mail: w-nws.webmaster@noaa.gov
Page last modified: May 16, 2007
NATIONAL WEATHER SERVICE: for Safety, for Work, for Fun - FOR LIFE