725
CXUS52 KILM 311000
CF6LBT
PRELIMINARY LOCAL CLIMATOLOGICAL DATA (WS FORM: F-6)

                                          STATION:   LUMBERTON NC
                                          MONTH:     JANUARY
                                          YEAR:      2015
                                          LATITUDE:   34 35 N
                                          LONGITUDE:  79  4 W

  TEMPERATURE IN F:       :PCPN:    SNOW:  WIND      :SUNSHINE: SKY     :PK WND
================================================================================
1   2   3   4   5  6A  6B    7    8   9   10  11  12  13   14  15   16   17  18
                                     12Z  AVG MX 2MIN
DY MAX MIN AVG DEP HDD CDD  WTR  SNW DPTH SPD SPD DIR MIN PSBL S-S WX    SPD DR
================================================================================

 1  54  28  41  -3  24   0 0.00    M    M  3.2 12 230   M    M   0 18     17 250
 2  56  43  50   6  15   0 0.05    M    M  2.1  9 250   M    M   6 1      11 250
 3  55  48  52   9  13   0 0.08    M    M  3.1 12  60   M    M   9 12     15  60
 4  75  55  65  22   0   0 0.25    M    M 12.5 24 250   M    M   8 128    32 240
 5  62  35  49   6  16   0 0.00    M    M  7.3 22 310   M    M   1        28 310
 6  60  30  45   2  20   0 0.00    M    M  5.7 24 250   M    M   0        30 270
 7  44  23  34  -9  31   0 0.00    M    M  9.5 25 350   M    M   2        33 340
 8  30  15  23 -20  42   0 0.00    M    M  6.7 24 350   M    M   0        31 360
 9  50  18  34  -9  31   0 0.00    M    M  7.7 21 240   M    M   3        25 230
10  45  24  35  -8  30   0 0.00    M    M  4.8 16  40   M    M   0        19  40
11  50  21  36  -7  29   0 0.00    M    M  4.5 10  90   M    M   5        14  90
12  56  44  50   7  15   0 1.85    M    M  4.3 24 290   M    M  10 123    31 280
13  51  37  44   1  21   0 0.10    M    M 12.3 23  40   M    M  10 128    29  30
14  37  33  35  -8  30   0    T    M    M  9.1 18  10   M    M  10 1      21  20
15  41  35  38  -5  27   0 0.07    M    M  2.4  9 290   M    M  10 12     10 290
16  56  35  46   3  19   0 0.03    M    M  5.8 15 320   M    M   4 1      19 310
17  57  31  44   1  21   0 0.00    M    M  2.9 12  70   M    M   1 1      17  70
18  64  40  52   9  13   0 1.14    M    M  6.4 24 260   M    M   5 18     32 270
19  63  35  49   6  16   0 0.00    M    M  6.1 13 240   M    M   0        17 240
20  65  41  53  10  12   0 0.00    M    M  7.0 14 230   M    M   0        19 230
21  64  39  52   9  13   0 0.00    M    M  3.8 12 350   M    M   0        15 320
22  62  37  50   6  15   0 0.00    M    M  2.3  7  30   M    M   2 18      9  40
23  50  39  45   1  20   0 0.49    M    M  7.9 14  70   M    M   9 1      19  70
24  51  36  44   0  21   0 0.62    M    M  7.5 17 280   M    M   7 1      23 270
25  56  31  44   0  21   0 0.00    M    M  4.5 12 150   M    M   1        16 130
26  56  40  48   4  17   0 0.01    M    M  6.1 15 320   M    M   8        18 310
27  47  32  40  -4  25   0 0.00    M    M  9.8 20 310   M    M   5        24 310
28  48  27  38  -6  27   0 0.00    M    M  6.1 16  10   M    M   0        20 350
29  53  25  39  -5  26   0    T    M    M  4.1 13 200   M    M   2 1      16 220
30  52  35  44   0  21   0 0.00    M    M 13.1 24 310   M    M   2        32 330
================================================================================
SM 1610 1012       631   0  4.69    M    188.6          M      120
================================================================================
AV 53.7 33.7                               6.3 FASTST   M    M   4    MAX(MPH)
                                 MISC ---->  # 25 350               # 33  340
================================================================================
NOTES:
# LAST OF SEVERAL OCCURRENCES

COLUMN 17 PEAK WIND IN M.P.H.

PRELIMINARY LOCAL CLIMATOLOGICAL DATA (WS FORM: F-6) , PAGE 2

                                          STATION:  LUMBERTON NC
                                          MONTH:    JANUARY
                                          YEAR:     2015
                                          LATITUDE:   34 35 N
                                          LONGITUDE:  79  4 W

[TEMPERATURE DATA]      [PRECIPITATION DATA]       SYMBOLS USED IN COLUMN 16

AVERAGE MONTHLY: 43.7   TOTAL FOR MONTH:   4.69    1 = FOG OR MIST
DPTR FM NORMAL:   0.3   DPTR FM NORMAL:    1.84    2 = FOG REDUCING VISIBILITY
HIGHEST:    75 ON  4    GRTST 24HR  1.85 ON 12-12      TO 1/4 MILE OR LESS
LOWEST:     15 ON  8                               3 = THUNDER
                        SNOW, ICE PELLETS, HAIL    4 = ICE PELLETS
                        TOTAL MONTH:    M          5 = HAIL
                        GRTST 24HR    M  ON   M    6 = FREEZING RAIN OR DRIZZLE
                        GRTST DEPTH:  M  ON   M    7 = DUSTSTORM OR SANDSTORM:
                                                       VSBY 1/2 MILE OR LESS
                                                   8 = SMOKE OR HAZE
[NO. OF DAYS WITH]      [WEATHER - DAYS WITH]      9 = BLOWING SNOW
                                                   X = TORNADO
MAX 32 OR BELOW:   1    0.01 INCH OR MORE:  11
MAX 90 OR ABOVE:   0    0.10 INCH OR MORE:   6
MIN 32 OR BELOW:  12    0.50 INCH OR MORE:   3
MIN  0 OR BELOW:   0    1.00 INCH OR MORE:   2

[HDD (BASE 65) ]
TOTAL THIS MO.   631    CLEAR  (SCALE 0-3)  15
DPTR FM NORMAL   -20    PTCLDY (SCALE 4-7)   9
TOTAL FM JUL 1  1684    CLOUDY (SCALE 8-10)  6
DPTR FM NORMAL   -17

[CDD (BASE 65) ]
TOTAL THIS MO.     0
DPTR FM NORMAL     0    [PRESSURE DATA]
TOTAL FM JAN 1     0    HIGHEST SLP M ON M
DPTR FM NORMAL     0    LOWEST  SLP 29.47 ON 24

[REMARKS]




U.S. Dept. of Commerce
NOAA National Weather Service
1325 East West Highway
Silver Spring, MD 20910
E-mail: w-nws.webmaster@noaa.gov
Page last modified: May 16, 2007
NATIONAL WEATHER SERVICE: for Safety, for Work, for Fun - FOR LIFE