376
CXUS52 KILM 011000
CF6LBT
PRELIMINARY LOCAL CLIMATOLOGICAL DATA (WS FORM: F-6)

                                          STATION:   LUMBERTON NC
                                          MONTH:     NOVEMBER
                                          YEAR:      2014
                                          LATITUDE:   34 35 N
                                          LONGITUDE:  79  4 W

  TEMPERATURE IN F:       :PCPN:    SNOW:  WIND      :SUNSHINE: SKY     :PK WND
================================================================================
1   2   3   4   5  6A  6B    7    8   9   10  11  12  13   14  15   16   17  18
                                     12Z  AVG MX 2MIN
DY MAX MIN AVG DEP HDD CDD  WTR  SNW DPTH SPD SPD DIR MIN PSBL S-S WX    SPD DR
================================================================================

 1  53  46  50  -8  15   0 0.15    M    M 10.8 26  20   M    M   9 13     35  10
 2  57  32  45 -13  20   0 0.00    M    M 10.8 22 290   M    M   0        31 330
 3  66  27  47 -11  18   0 0.00    M    M  1.6 12 280   M    M   0        19 270
 4  68  34  51  -7  14   0 0.00    M    M  3.3 12 210   M    M   0        16 230
 5  74  49  62   5   3   0 0.00    M    M  4.4 12 220   M    M   0 1      17 200
 6  80  57  69  12   0   4 0.00    M    M  9.0 23 230   M    M   4 1      31 250
 7  66  37  52  -5  13   0 0.00    M    M  6.5 22 330   M    M   1        28 330
 8  61  33  47  -9  18   0 0.00    M    M  1.2  9 100   M    M   0        12 110
 9  64  37  51  -5  14   0 0.00    M    M  2.1  9 360   M    M   2        14  10
10  69  34  52  -4  13   0 0.00    M    M  4.7 13  50   M    M   1 18     20  40
11  75  52  64   8   1   0 0.00    M    M  6.3 16  20   M    M   5 12     21  10
12  81  53  67  12   0   2 0.00    M    M  1.1  9  20   M    M   5 12     11  10
13  66  51  59   4   6   0 0.01    M    M  6.2 18  40   M    M   9 18     24  20
14  50  28  39 -16  26   0 0.00    M    M  8.8 17  10   M    M   7 18     29  20
15  50  27  39 -15  26   0 0.00    M    M  4.5 12  30   M    M   0        16 360
16  52  27  40 -14  25   0 0.04    M    M  4.1  9 340   M    M   9 18     13  90
17  75  45  60   6   5   0 0.01    M    M 10.6 25 220   M    M   8 12     36 240
18  55  20  38 -16  27   0 0.00    M    M  8.2 21 300   M    M   1        27 290
19  47  15  31 -22  34   0 0.00    M    M  3.1 12 220   M    M   0 8      14 220
20  64  26  45  -8  20   0 0.00    M    M  8.2 21 250   M    M   0 8      28 240
21  58  32  45  -8  20   0 0.00    M    M  5.8 14  20   M    M   0        17  10
22  61  24  43  -9  22   0 0.00    M    M  2.0  8 110   M    M   0        11  80
23  68  41  55   3  10   0 0.75    M    M  6.9 22 140   M    M   8 18     29 140
24  72  64  68  16   0   3 0.08    M    M  6.4 18 210   M    M   8 13     27 240
25  66  54  60   8   5   0 0.83    M    M  5.0 14  20   M    M   9 1      17  20
26  54  39  47  -4  18   0 0.97    M    M  9.1 25  20   M    M   8 1      33  20
27  54  33  44  -7  21   0 0.00    M    M  7.9 25 330   M    M   3 1      32 340
28  49  29  39 -12  26   0 0.00    M    M  4.8 17 360   M    M   0 1      22  10
29  57  28  43  -7  22   0 0.00    M    M  2.9 10 230   M    M   0 1      14 220
30  70  34  52   2  13   0 0.00    M    M  4.8 15 230   M    M   0 1      21 230
================================================================================
SM 1882 1108       455   9  2.84    M    171.1          M       97
================================================================================
AV 62.7 36.9                               5.7 FASTST   M    M   3    MAX(MPH)
                                 MISC ---->  # 26  20               # 36  240
================================================================================
NOTES:
# LAST OF SEVERAL OCCURRENCES

COLUMN 17 PEAK WIND IN M.P.H.

PRELIMINARY LOCAL CLIMATOLOGICAL DATA (WS FORM: F-6) , PAGE 2

                                          STATION:  LUMBERTON NC
                                          MONTH:    NOVEMBER
                                          YEAR:     2014
                                          LATITUDE:   34 35 N
                                          LONGITUDE:  79  4 W

[TEMPERATURE DATA]      [PRECIPITATION DATA]       SYMBOLS USED IN COLUMN 16

AVERAGE MONTHLY: 49.8   TOTAL FOR MONTH:   2.84    1 = FOG OR MIST
DPTR FM NORMAL:  -4.5   DPTR FM NORMAL:   -0.03    2 = FOG REDUCING VISIBILITY
HIGHEST:    81 ON 12    GRTST 24HR  1.42 ON 25-26      TO 1/4 MILE OR LESS
LOWEST:     15 ON 19                               3 = THUNDER
                        SNOW, ICE PELLETS, HAIL    4 = ICE PELLETS
                        TOTAL MONTH:    M          5 = HAIL
                        GRTST 24HR    M  ON   M    6 = FREEZING RAIN OR DRIZZLE
                        GRTST DEPTH:  M  ON   M    7 = DUSTSTORM OR SANDSTORM:
                                                       VSBY 1/2 MILE OR LESS
                                                   8 = SMOKE OR HAZE
[NO. OF DAYS WITH]      [WEATHER - DAYS WITH]      9 = BLOWING SNOW
                                                   X = TORNADO
MAX 32 OR BELOW:   0    0.01 INCH OR MORE:   8
MAX 90 OR ABOVE:   0    0.10 INCH OR MORE:   4
MIN 32 OR BELOW:  12    0.50 INCH OR MORE:   3
MIN  0 OR BELOW:   0    1.00 INCH OR MORE:   0

[HDD (BASE 65) ]
TOTAL THIS MO.   455    CLEAR  (SCALE 0-3)  18
DPTR FM NORMAL   121    PTCLDY (SCALE 4-7)   8
TOTAL FM JUL 1   543    CLOUDY (SCALE 8-10)  4
DPTR FM NORMAL    77

[CDD (BASE 65) ]
TOTAL THIS MO.     9
DPTR FM NORMAL    -4    [PRESSURE DATA]
TOTAL FM JAN 1  2061    HIGHEST SLP 30.57 ON 22
DPTR FM NORMAL   154    LOWEST  SLP 29.62 ON 17

[REMARKS]
#FINAL-11-14#




U.S. Dept. of Commerce
NOAA National Weather Service
1325 East West Highway
Silver Spring, MD 20910
E-mail: w-nws.webmaster@noaa.gov
Page last modified: May 16, 2007
NATIONAL WEATHER SERVICE: for Safety, for Work, for Fun - FOR LIFE