329
CXUS55 KLBF 301200
CF6LBF
PRELIMINARY LOCAL CLIMATOLOGICAL DATA (WS FORM: F-6)

                                          STATION:   NORTH PLATTE NE
                                          MONTH:     JANUARY
                                          YEAR:      2015
                                          LATITUDE:   41  7 N
                                          LONGITUDE: 100 41 W

  TEMPERATURE IN F:       :PCPN:    SNOW:  WIND      :SUNSHINE: SKY     :PK WND
================================================================================
1   2   3   4   5  6A  6B    7    8   9   10  11  12  13   14  15   16   17  18
                                     12Z  AVG MX 2MIN
DY MAX MIN AVG DEP HDD CDD  WTR  SNW DPTH SPD SPD DIR MIN PSBL S-S WX    SPD DR
================================================================================

 1  26  -5  11 -13  54   0 0.00  0.0    4  6.7 13 300   M    M   0        14 300
 2  34   5  20  -4  45   0 0.00  0.0    3  2.9 12 200   M    M   6 1      15 210
 3  33   6  20  -4  45   0 0.04  1.2    2 14.5 32 340   M    M   5 18     42 340
 4  13 -11   1 -23  64   0 0.00  0.0    3  5.2 22 330   M    M   3        30 330
 5  38  -2  18  -6  47   0 0.00  0.0    3  9.4 24  10   M    M   4        30 360
 6  31   4  18  -6  47   0    T  0.1    3  9.4 28  30   M    M   4        35  30
 7  12   4   8 -17  57   0 0.01  0.2    2 12.0 24 350   M    M   4        29 350
 8  45  11  28   3  37   0    T    T    2 13.7 30 340   M    M   4        43 330
 9  21  -1  10 -15  55   0 0.00  0.0    1  6.8 20 330   M    M   0        26 320
10  38   5  22  -3  43   0 0.00  0.0    1  5.6 14 180   M    M   0        18 190
11  38  11  25   0  40   0 0.00  0.0    T  7.0 24 360   M    M   1        30 350
12  21  15  18  -7  47   0 0.00  0.0    T  8.4 21  30   M    M  10        24  20
13  27  13  20  -5  45   0 0.00  0.0    T  7.6 17 220   M    M   7        23 220
14  38   6  22  -3  43   0 0.00  0.0    T  5.7 10 300   M    M   0 1      12 250
15  49  15  32   7  33   0 0.00  0.0    T  8.0 16 300   M    M   0        20 300
16  55  14  35  10  30   0 0.00  0.0    T  5.1 13 260   M    M   0        15 260
17  48  22  35  10  30   0 0.00  0.0    T 14.9 38 310   M    M   1        44 310
18  58  15  37  12  28   0 0.00  0.0    0  5.6 15 300   M    M   0        18 310
19  53  23  38  13  27   0 0.00  0.0    0  8.3 24 340   M    M   3        30 340
20  48  18  33   8  32   0 0.00  0.0    0  9.9 26 300   M    M   1        33 300
21  43  14  29   4  36   0 0.00  0.0    0  8.8 22 350   M    M   3        27 340
22  44  10  27   2  38   0 0.00  0.0    0  4.2 16 270   M    M   1 1      20 250
23  54  11  33   8  32   0 0.00  0.0    0  8.8 23 350   M    M   3        28 340
24  53  20  37  12  28   0 0.01  0.0    0 12.4 40 330   M    M   3        53 320
25  52  25  39  14  26   0 0.00  0.0    0 10.4 25 330   M    M   2        36 320
26  68  26  47  21  18   0 0.00  0.0    0  9.5 25 320   M    M   0        33 320
27  74  22  48  22  17   0 0.00  0.0    0  3.5 10 290   M    M   0        12 290
28  66  25  46  20  19   0 0.00  0.0    0 15.3 33 320   M    M   1        41 330
29  47  17  32   6  33   0 0.00  0.0    0  8.4 30 350   M    M   1        42 350
================================================================================
SM 1227  338      1096   0  0.06     1.5 248.0          M       67
================================================================================
AV 42.3 11.7                               8.6 FASTST   M    M   2    MAX(MPH)
                                 MISC ---->  # 40 330               # 53  320
================================================================================
NOTES:
# LAST OF SEVERAL OCCURRENCES

COLUMN 17 PEAK WIND IN M.P.H.

PRELIMINARY LOCAL CLIMATOLOGICAL DATA (WS FORM: F-6) , PAGE 2

                                          STATION:  NORTH PLATTE NE
                                          MONTH:    JANUARY
                                          YEAR:     2015
                                          LATITUDE:   41  7 N
                                          LONGITUDE: 100 41 W

[TEMPERATURE DATA]      [PRECIPITATION DATA]       SYMBOLS USED IN COLUMN 16

AVERAGE MONTHLY: 27.0   TOTAL FOR MONTH:   0.06    1 = FOG OR MIST
DPTR FM NORMAL:   2.1   DPTR FM NORMAL:   -0.26    2 = FOG REDUCING VISIBILITY
HIGHEST:    74 ON 27    GRTST 24HR  0.04 ON  3- 3      TO 1/4 MILE OR LESS
LOWEST:    -11 ON  4                               3 = THUNDER
                        SNOW, ICE PELLETS, HAIL    4 = ICE PELLETS
                        TOTAL MONTH:   1.5 INCHES  5 = HAIL
                        GRTST 24HR   1.2 ON   M    6 = FREEZING RAIN OR DRIZZLE
                        GRTST DEPTH:   4 ON  1     7 = DUSTSTORM OR SANDSTORM:
                                                       VSBY 1/2 MILE OR LESS
                                                   8 = SMOKE OR HAZE
[NO. OF DAYS WITH]      [WEATHER - DAYS WITH]      9 = BLOWING SNOW
                                                   X = TORNADO
MAX 32 OR BELOW:   7    0.01 INCH OR MORE:   3
MAX 90 OR ABOVE:   0    0.10 INCH OR MORE:   0
MIN 32 OR BELOW:  29    0.50 INCH OR MORE:   0
MIN  0 OR BELOW:   4    1.00 INCH OR MORE:   0

[HDD (BASE 65) ]
TOTAL THIS MO.  1096    CLEAR  (SCALE 0-3)  20
DPTR FM NORMAL   -65    PTCLDY (SCALE 4-7)   8
TOTAL FM JUL 1  3783    CLOUDY (SCALE 8-10)  1
DPTR FM NORMAL  -158

[CDD (BASE 65) ]
TOTAL THIS MO.     0
DPTR FM NORMAL     0    [PRESSURE DATA]
TOTAL FM JAN 1     0    HIGHEST SLP M ON M
DPTR FM NORMAL     0    LOWEST  SLP 29.78 ON 17

[REMARKS]




U.S. Dept. of Commerce
NOAA National Weather Service
1325 East West Highway
Silver Spring, MD 20910
E-mail: w-nws.webmaster@noaa.gov
Page last modified: May 16, 2007
NATIONAL WEATHER SERVICE: for Safety, for Work, for Fun - FOR LIFE