262
CXUS55 KLBF 301200
CF6LBF
PRELIMINARY LOCAL CLIMATOLOGICAL DATA (WS FORM: F-6)

                                          STATION:   NORTH PLATTE NE
                                          MONTH:     SEPTEMBER
                                          YEAR:      2014
                                          LATITUDE:   41  7 N
                                          LONGITUDE: 100 41 W

  TEMPERATURE IN F:       :PCPN:    SNOW:  WIND      :SUNSHINE: SKY     :PK WND
================================================================================
1   2   3   4   5  6A  6B    7    8   9   10  11  12  13   14  15   16   17  18
                                     12Z  AVG MX 2MIN
DY MAX MIN AVG DEP HDD CDD  WTR  SNW DPTH SPD SPD DIR MIN PSBL S-S WX    SPD DR
================================================================================

 1  77  48  63  -5   2   0 0.08  0.0    0  5.9 26 360   M    M   1 13     35 350
 2  83  44  64  -4   1   0 0.00  0.0    0  7.6 20 160   M    M   2 12     28 180
 3  89  67  78  10   0  13 0.00  0.0    0  9.6 16 170   M    M   3 1      24 170
 4  78  61  70   3   0   5 0.00  0.0    0 11.7 24 360   M    M   0        34 360
 5  69  49  59  -8   6   0 0.26  0.0    0  4.4 14 330   M    M   5 1      17 320
 6  75  49  62  -5   3   0 0.00  0.0    0  5.4 10 180   M    M   2        14 190
 7  80  53  67   1   0   2 0.00  0.0    0 10.2 20 180   M    M   0        26 200
 8  90  56  73   7   0   8 0.00  0.0    0  5.2 12 240   M    M   0        18 170
 9  77  56  67   2   0   2 0.05  0.0    0  7.2 23 350   M    M   5 13     29 350
10  59  47  53 -12  12   0 0.05  0.0    0 11.8 20 340   M    M  10 1      27 330
11  47  33  40 -24  25   0 0.34    T    0 11.4 17  20   M    M   8 13     24  60
12  53  34  44 -20  21   0 0.04    T    0  5.9 12 310   M    M   7        16 360
13  61  34  48 -16  17   0 0.00  0.0    0  9.9 22 190   M    M   2        29 180
14  73  37  55  -8  10   0 0.00  0.0    0  7.8 18 170   M    M   1        24 120
15  67  43  55  -8  10   0 0.00  0.0    0  8.7 23  10   M    M   2 8      32 360
16  77  43  60  -2   5   0 0.00  0.0    0  8.4 26 160   M    M   1 1      36 160
17  85  46  66   4   0   1 0.00  0.0    0  5.7 16 120   M    M   4 128    20 120
18  73  56  65   4   0   0 0.00  0.0    0  7.3 15 160   M    M   7 12     21 170
19  93  53  73  12   0   8 0.00  0.0    0  7.7 22 200   M    M   2 123    29 210
20  85  50  68   8   0   3 0.01  0.0    0  8.1 15 320   M    M   0 3      20  30
21  77  42  60   0   5   0 0.00  0.0    0  3.8 14  20   M    M   2        17  30
22  71  47  59   0   6   0 0.29  0.0    0  9.5 18 170   M    M   7 1      25 170
23  84  54  69  10   0   4 0.00  0.0    0  8.3 17 190   M    M   2        22 200
24  87  53  70  12   0   5 0.00  0.0    0  3.8  8 100   M    M   3 12     10 100
25  89  52  71  13   0   6 0.00  0.0    0  5.0 15 190   M    M   0 12     21 190
26  86  51  69  11   0   4 0.00  0.0    0  8.8 22 160   M    M   0 1      28 160
27  84  51  68  11   0   3 0.00  0.0    0 11.5 23 190   M    M   0        31 170
28  85  54  70  13   0   5 0.00  0.0    0 10.4 21 160   M    M   1 1      29 160
29  83  56  70  14   0   5 0.27  0.0    0 14.5 36 210   M    M   5 138    44 200
================================================================================
SM 2237 1419       123  74  1.39    T    235.5          M       82
================================================================================
AV 77.1 48.9                               8.1 FASTST   M    M   3    MAX(MPH)
                                 MISC ---->  # 36 210               # 44  200
================================================================================
NOTES:
# LAST OF SEVERAL OCCURRENCES

COLUMN 17 PEAK WIND IN M.P.H.

PRELIMINARY LOCAL CLIMATOLOGICAL DATA (WS FORM: F-6) , PAGE 2

                                          STATION:  NORTH PLATTE NE
                                          MONTH:    SEPTEMBER
                                          YEAR:     2014
                                          LATITUDE:   41  7 N
                                          LONGITUDE: 100 41 W

[TEMPERATURE DATA]      [PRECIPITATION DATA]       SYMBOLS USED IN COLUMN 16

AVERAGE MONTHLY: 63.0   TOTAL FOR MONTH:   1.39    1 = FOG OR MIST
DPTR FM NORMAL:   0.5   DPTR FM NORMAL:    0.03    2 = FOG REDUCING VISIBILITY
HIGHEST:    93 ON 19    GRTST 24HR  0.37 ON 11-12      TO 1/4 MILE OR LESS
LOWEST:     33 ON 11                               3 = THUNDER
                        SNOW, ICE PELLETS, HAIL    4 = ICE PELLETS
                        TOTAL MONTH:    T          5 = HAIL
                        GRTST 24HR    T  ON 12-12  6 = FREEZING RAIN OR DRIZZLE
                        GRTST DEPTH:   0           7 = DUSTSTORM OR SANDSTORM:
                                                       VSBY 1/2 MILE OR LESS
                                                   8 = SMOKE OR HAZE
[NO. OF DAYS WITH]      [WEATHER - DAYS WITH]      9 = BLOWING SNOW
                                                   X = TORNADO
MAX 32 OR BELOW:   0    0.01 INCH OR MORE:   9
MAX 90 OR ABOVE:   2    0.10 INCH OR MORE:   4
MIN 32 OR BELOW:   0    0.50 INCH OR MORE:   0
MIN  0 OR BELOW:   0    1.00 INCH OR MORE:   0

[HDD (BASE 65) ]
TOTAL THIS MO.   123    CLEAR  (SCALE 0-3)  20
DPTR FM NORMAL   -19    PTCLDY (SCALE 4-7)   7
TOTAL FM JUL 1   140    CLOUDY (SCALE 8-10)  2
DPTR FM NORMAL   -22

[CDD (BASE 65) ]
TOTAL THIS MO.    74
DPTR FM NORMAL     3    [PRESSURE DATA]
TOTAL FM JAN 1   743    HIGHEST SLP M ON M
DPTR FM NORMAL   -23    LOWEST  SLP 29.56 ON  3

[REMARKS]




U.S. Dept. of Commerce
NOAA National Weather Service
1325 East West Highway
Silver Spring, MD 20910
E-mail: w-nws.webmaster@noaa.gov
Page last modified: May 16, 2007
NATIONAL WEATHER SERVICE: for Safety, for Work, for Fun - FOR LIFE