002
CXUS55 KLBF 261200
CF6LBF
PRELIMINARY LOCAL CLIMATOLOGICAL DATA (WS FORM: F-6)

                                          STATION:   NORTH PLATTE NE
                                          MONTH:     JULY
                                          YEAR:      2014
                                          LATITUDE:   41  7 N
                                          LONGITUDE: 100 41 W

  TEMPERATURE IN F:       :PCPN:    SNOW:  WIND      :SUNSHINE: SKY     :PK WND
================================================================================
1   2   3   4   5  6A  6B    7    8   9   10  11  12  13   14  15   16   17  18
                                     12Z  AVG MX 2MIN
DY MAX MIN AVG DEP HDD CDD  WTR  SNW DPTH SPD SPD DIR MIN PSBL S-S WX    SPD DR
================================================================================

 1  78  50  64  -9   1   0 0.00  0.0    0 12.2 22 330   M    M   1        29 320
 2  80  46  63 -10   2   0 0.00  0.0    0  4.5 12 320   M    M   0        20 320
 3  82  56  69  -4   0   4 0.00  0.0    0  9.4 20 160   M    M   4        26 130
 4  88  64  76   3   0  11 0.00  0.0    0 11.5 23 180   M    M   2        28 180
 5  95  59  77   3   0  12 0.00  0.0    0  4.4 13 210   M    M   0        17 210
 6  92  61  77   3   0  12 0.00  0.0    0  6.5 20  70   M    M   0        23  60
 7  85  57  71  -3   0   6 0.00  0.0    0  7.1 26  20   M    M   2        35  10
 8  85  55  70  -4   0   5 0.00  0.0    0  8.4 20 330   M    M   1        26 320
 9  89  53  71  -3   0   6 0.08  0.0    0 11.3 29 120   M    M   1 3      37 110
10  89  63  76   2   0  11 0.00  0.0    0 14.2 28 140   M    M   2 18     38 130
11  89  67  78   4   0  13 0.03  0.0    0  6.8 23 280   M    M   4 13     29 290
12  84  63  74   0   0   9    T  0.0    0  6.0 18  10   M    M   6        23  10
13  89  59  74   0   0   9 0.00  0.0    0  4.4 14 310   M    M   2 1      18 310
14  77  50  64 -11   1   0 0.00  0.0    0  9.0 23 360   M    M   0        30  10
15  76  44  60 -15   5   0 0.00  0.0    0  5.8 15 110   M    M   4        18 110
16  68  51  60 -15   5   0    T  0.0    0  6.5 13 180   M    M   9        17 120
17  75  48  62 -13   3   0 0.00  0.0    0  7.1 16 180   M    M   5 1      22 190
18  78  56  67  -8   0   2 0.00  0.0    0 10.6 20 190   M    M   5        26 190
19  87  63  75   0   0  10 0.00  0.0    0  9.2 17 150   M    M   3 1      23 130
20  98  66  82   7   0  17 0.00  0.0    0  5.7 12 270   M    M   3 8      17 130
21  99  61  80   5   0  15 0.00  0.0    0  5.8 16 300   M    M   0 3      19 290
22  92  69  81   6   0  16 0.00  0.0    0 10.9 24 230   M    M   0        31 230
23  83  64  74  -1   0   9 0.03  0.0    0 10.6 22  90   M    M   2 13     25  80
24 100  63  82   7   0  17    T  0.0    0 11.0 29 290   M    M   0 3      35 280
25  95  62  79   4   0  14 0.00  0.0    0  6.2 20 360   M    M   0        25 350
================================================================================
SM 2153 1450        17 198  0.14     0.0 205.1          M       56
================================================================================
AV 86.1 58.0                               8.2 FASTST   M    M   2    MAX(MPH)
                                 MISC ---->  # 29 120               # 38  130
================================================================================
NOTES:
# LAST OF SEVERAL OCCURRENCES

COLUMN 17 PEAK WIND IN M.P.H.

PRELIMINARY LOCAL CLIMATOLOGICAL DATA (WS FORM: F-6) , PAGE 2

                                          STATION:  NORTH PLATTE NE
                                          MONTH:    JULY
                                          YEAR:     2014
                                          LATITUDE:   41  7 N
                                          LONGITUDE: 100 41 W

[TEMPERATURE DATA]      [PRECIPITATION DATA]       SYMBOLS USED IN COLUMN 16

AVERAGE MONTHLY: 72.1   TOTAL FOR MONTH:   0.14    1 = FOG OR MIST
DPTR FM NORMAL:  -2.3   DPTR FM NORMAL:   -2.32    2 = FOG REDUCING VISIBILITY
HIGHEST:   100 ON 24    GRTST 24HR  0.08 ON  9- 9      TO 1/4 MILE OR LESS
LOWEST:     44 ON 15                               3 = THUNDER
                        SNOW, ICE PELLETS, HAIL    4 = ICE PELLETS
                        TOTAL MONTH:   0.0 INCH    5 = HAIL
                        GRTST 24HR     0.0         6 = FREEZING RAIN OR DRIZZLE
                        GRTST DEPTH:   0           7 = DUSTSTORM OR SANDSTORM:
                                                       VSBY 1/2 MILE OR LESS
                                                   8 = SMOKE OR HAZE
[NO. OF DAYS WITH]      [WEATHER - DAYS WITH]      9 = BLOWING SNOW
                                                   X = TORNADO
MAX 32 OR BELOW:   0    0.01 INCH OR MORE:   3
MAX 90 OR ABOVE:   7    0.10 INCH OR MORE:   0
MIN 32 OR BELOW:   0    0.50 INCH OR MORE:   0
MIN  0 OR BELOW:   0    1.00 INCH OR MORE:   0

[HDD (BASE 65) ]
TOTAL THIS MO.    17    CLEAR  (SCALE 0-3)  18
DPTR FM NORMAL    17    PTCLDY (SCALE 4-7)   6
TOTAL FM JUL 1    17    CLOUDY (SCALE 8-10)  1
DPTR FM NORMAL    17

[CDD (BASE 65) ]
TOTAL THIS MO.   198
DPTR FM NORMAL   -38    [PRESSURE DATA]
TOTAL FM JAN 1   378    HIGHEST SLP M ON M
DPTR FM NORMAL   -24    LOWEST  SLP 29.66 ON 20

[REMARKS]




U.S. Dept. of Commerce
NOAA National Weather Service
1325 East West Highway
Silver Spring, MD 20910
E-mail: w-nws.webmaster@noaa.gov
Page last modified: May 16, 2007
NATIONAL WEATHER SERVICE: for Safety, for Work, for Fun - FOR LIFE