343
CXUS54 KLUB 280812
CF6LBB
PRELIMINARY LOCAL CLIMATOLOGICAL DATA (WS FORM: F-6)

                                          STATION:   LUBBOCK
                                          MONTH:     JULY
                                          YEAR:      2014
                                          LATITUDE:   33 39 N
                                          LONGITUDE: 101 49 W

  TEMPERATURE IN F:       :PCPN:    SNOW:  WIND      :SUNSHINE: SKY     :PK WND
================================================================================
1   2   3   4   5  6A  6B    7    8   9   10  11  12  13   14  15   16   17  18
                                     12Z  AVG MX 2MIN
DY MAX MIN AVG DEP HDD CDD  WTR  SNW DPTH SPD SPD DIR MIN PSBL S-S WX    SPD DR
================================================================================

 1  88  66  77  -3   0  12 0.15  0.0    0 14.6 36 120   M    M   7 13     46 120
 2  79  63  71  -9   0   6 1.93  0.0    0 12.1 28 190   M    M   9 13     35 230
 3  80  65  73  -7   0   8 0.08  0.0    0 10.4 20 130   M    M   7 13     24 130
 4  89  66  78  -2   0  13 0.00  0.0    0 13.2 23 150   M    M   5        29 150
 5  91  67  79  -1   0  14 0.00  0.0    0 13.3 23 200   M    M   4        30 170
 6  90  68  79  -1   0  14 0.00  0.0    0 11.3 21 200   M    M   6        29 200
 7  92  67  80   0   0  15 0.00  0.0    0 10.1 18 190   M    M   3        23 200
 8  92  69  81   1   0  16 0.00  0.0    0 10.0 22 200   M    M   3        29 200
 9  93  69  81   1   0  16 0.00  0.0    0 10.7 22 120   M    M   4        28 130
10  92  73  83   3   0  18 0.00  0.0    0 14.8 22 160   M    M   3        27 180
11  89  68  79  -1   0  14 0.00  0.0    0 14.2 26 170   M    M   2        31 180
12  91  70  81   1   0  16 0.00  0.0    0 13.6 22 180   M    M   5 8      31 190
13  94  71  83   3   0  18 0.00  0.0    0  8.8 18 190   M    M   2        23 200
14  90  67  79  -1   0  14 0.14  0.0    0  7.9 28  20   M    M   7 13     37  20
15  79  66  73  -7   0   8 0.14  0.0    0  9.9 16 130   M    M   8 13     19 110
16  91  67  79  -1   0  14 0.01  0.0    0 12.3 26 130   M    M   8 13     34 140
17  73  64  69 -11   0   4 0.01  0.0    0 10.4 18  40   M    M  10 138    25  30
18  82  62  72  -8   0   7 0.00  0.0    0  7.6 18 130   M    M   6 1      23 130
19  91  63  77  -3   0  12    T  0.0    0 11.3 21 130   M    M   6 1      25 130
20  97  72  85   5   0  20 0.00  0.0    0 12.0 20 130   M    M   5        26 160
21  98  73  86   6   0  21 0.00  0.0    0 12.2 23 120   M    M   4 8      29 120
22  96  72  84   4   0  19 0.00  0.0    0  8.0 28 120   M    M   7 8      34 120
23  96  67  82   2   0  17 0.00  0.0    0  5.9 14  40   M    M   2 8      17 100
24  98  68  83   3   0  18 0.00  0.0    0  7.5 16 130   M    M   1 8      19 140
25 100  74  87   7   0  22 0.00  0.0    0 12.4 20 180   M    M   1        24 180
26  99  72  86   6   0  21 0.00  0.0    0 12.5 21 210   M    M   1        29 170
27  98  74  86   6   0  21 0.00  0.0    0  9.7 20 200   M    M   3        25 200
================================================================================
SM 2448 1843         0 398  2.46     0.0 296.7          M      129
================================================================================
AV 90.7 68.3                              11.0 FASTST   M    M   5    MAX(MPH)
                                 MISC ---->  # 36 120               # 46  120
================================================================================
NOTES:
# LAST OF SEVERAL OCCURRENCES

COLUMN 17 PEAK WIND IN M.P.H.

PRELIMINARY LOCAL CLIMATOLOGICAL DATA (WS FORM: F-6) , PAGE 2

                                          STATION:  LUBBOCK
                                          MONTH:    JULY
                                          YEAR:     2014
                                          LATITUDE:   33 39 N
                                          LONGITUDE: 101 49 W

[TEMPERATURE DATA]      [PRECIPITATION DATA]       SYMBOLS USED IN COLUMN 16

AVERAGE MONTHLY: 79.5   TOTAL FOR MONTH:   2.46    1 = FOG OR MIST
DPTR FM NORMAL:  -0.5   DPTR FM NORMAL:    0.77    2 = FOG REDUCING VISIBILITY
HIGHEST:   100 ON 25    GRTST 24HR  1.96 ON  2- 3      TO 1/4 MILE OR LESS
LOWEST:     62 ON 18                               3 = THUNDER
                        SNOW, ICE PELLETS, HAIL    4 = ICE PELLETS
                        TOTAL MONTH:   0.0 INCH    5 = HAIL
                        GRTST 24HR     0.0         6 = FREEZING RAIN OR DRIZZLE
                        GRTST DEPTH:   0           7 = DUSTSTORM OR SANDSTORM:
                                                       VSBY 1/2 MILE OR LESS
                                                   8 = SMOKE OR HAZE
[NO. OF DAYS WITH]      [WEATHER - DAYS WITH]      9 = BLOWING SNOW
                                                   X = TORNADO
MAX 32 OR BELOW:   0    0.01 INCH OR MORE:   7
MAX 90 OR ABOVE:  19    0.10 INCH OR MORE:   4
MIN 32 OR BELOW:   0    0.50 INCH OR MORE:   1
MIN  0 OR BELOW:   0    1.00 INCH OR MORE:   1

[HDD (BASE 65) ]
TOTAL THIS MO.     0    CLEAR  (SCALE 0-3)   9
DPTR FM NORMAL     0    PTCLDY (SCALE 4-7)  15
TOTAL FM JUL 1     0    CLOUDY (SCALE 8-10)  3
DPTR FM NORMAL     0

[CDD (BASE 65) ]
TOTAL THIS MO.   398
DPTR FM NORMAL    -7    [PRESSURE DATA]
TOTAL FM JAN 1  1084    HIGHEST SLP M ON M
DPTR FM NORMAL    59    LOWEST  SLP 29.64 ON  1

[REMARKS]




U.S. Dept. of Commerce
NOAA National Weather Service
1325 East West Highway
Silver Spring, MD 20910
E-mail: w-nws.webmaster@noaa.gov
Page last modified: May 16, 2007
NATIONAL WEATHER SERVICE: for Safety, for Work, for Fun - FOR LIFE