099
CXUS54 KLUB 221238
CF6LBB

PRELIMINARY LOCAL CLIMATOLOGICAL DATA (WS FORM: F-6)

                                          STATION:   LUBBOCK
                                          MONTH:     SEPTEMBER
                                          YEAR:      2014
                                          LATITUDE:   33 39 N
                                          LONGITUDE: 101 49 W

  TEMPERATURE IN F:       :PCPN:    SNOW:  WIND      :SUNSHINE: SKY     :PK WND
================================================================================
1   2   3   4   5  6A  6B    7    8   9   10  11  12  13   14  15   16   17  18
                                     12Z  AVG MX 2MIN
DY MAX MIN AVG DEP HDD CDD  WTR  SNW DPTH SPD SPD DIR MIN PSBL S-S WX    SPD DR
================================================================================

 1 104  76  90  14   0  25 0.00  0.0    0 15.1 26 200   M    M   1        33 190
 2 100  71  86  10   0  21 0.00  0.0    0 13.7 24 190   M    M   2 3      30 190
 3  95  72  84   8   0  19 0.00  0.0    0 16.1 29 160   M    M   2        35 160
 4  90  68  79   3   0  14 0.00  0.0    0 18.2 29 180   M    M   6        37 180
 5  84  63  74  -1   0   9 0.17  0.0    0 11.4 25 130   M    M   8 1      30 130
 6  64  57  61 -14   4   0 0.94  0.0    0 11.7 20  20   M    M   9 1      26  20
 7  78  61  70  -5   0   5    T  0.0    0  5.2  9 180   M    M   8 1      13 230
 8  86  63  75   1   0  10 0.00  0.0    0 10.7 20 170   M    M   5 18     27 190
 9  95  70  83   9   0  18 0.00  0.0    0 16.7 28 190   M    M   2        33 190
10  91  67  79   5   0  14 0.00  0.0    0 12.4 22 200   M    M   2        28  40
11  73  60  67  -6   0   2 0.36  0.0    0  9.1 15 100   M    M   8 13     19  70
12  64  49  57 -16   8   0 0.19    M    0 15.0 25  20   M    M   8 13     33  20
13  62  47  55 -18  10   0 0.02  0.0    0  8.1 16  30   M    M  10 1      21  40
14  66  57  62 -10   3   0 0.03  0.0    0  9.2 15 200   M    M  10 1      18 200
15  78  62  70  -2   0   5 0.00  0.0    0  8.6 20 200   M    M   9        23 200
16  80  64  72   0   0   7 0.10  0.0    0  5.8 18 190   M    M  10 13     20 190
17  83  65  74   3   0   9 1.07  0.0    0  6.9 33 340   M    M  10 13     46 340
18  74  64  69  -2   0   4 0.09  0.0    0 10.5 22 110   M    M  10 13     26 110
19  75  66  71   1   0   6 0.11  0.0    0  8.8 16 130   M    M  10 1      18 120
20  79  67  73   3   0   8 0.23  0.0    0  8.4 16 140   M    M   6 1      19 140
21  75  66  71   1   0   6 0.69  0.0    0  5.7 16 180   M    M  10 123    20 170
================================================================================
SM 1696 1335        25 182  4.00     0.0 227.3          M      146
================================================================================
AV 80.8 63.6                              10.8 FASTST   M    M   7    MAX(MPH)
                                 MISC ---->  # 33 340               # 46  340
================================================================================
NOTES:
# LAST OF SEVERAL OCCURRENCES

COLUMN 17 PEAK WIND IN M.P.H.

PRELIMINARY LOCAL CLIMATOLOGICAL DATA (WS FORM: F-6) , PAGE 2

                                          STATION:  LUBBOCK
                                          MONTH:    SEPTEMBER
                                          YEAR:     2014
                                          LATITUDE:   33 39 N
                                          LONGITUDE: 101 49 W

[TEMPERATURE DATA]      [PRECIPITATION DATA]       SYMBOLS USED IN COLUMN 16

AVERAGE MONTHLY: 72.2   TOTAL FOR MONTH:   4.00    1 = FOG OR MIST
DPTR FM NORMAL:  -1.1   DPTR FM NORMAL:    2.20    2 = FOG REDUCING VISIBILITY
HIGHEST:   104 ON  1    GRTST 24HR  1.15 ON 16-17      TO 1/4 MILE OR LESS
LOWEST:     47 ON 13                               3 = THUNDER
                        SNOW, ICE PELLETS, HAIL    4 = ICE PELLETS
                        TOTAL MONTH:   0.0 INCH    5 = HAIL
                        GRTST 24HR     0.0         6 = FREEZING RAIN OR DRIZZLE
                        GRTST DEPTH:   0           7 = DUSTSTORM OR SANDSTORM:
                                                       VSBY 1/2 MILE OR LESS
                                                   8 = SMOKE OR HAZE
[NO. OF DAYS WITH]      [WEATHER - DAYS WITH]      9 = BLOWING SNOW
                                                   X = TORNADO
MAX 32 OR BELOW:   0    0.01 INCH OR MORE:  12
MAX 90 OR ABOVE:   6    0.10 INCH OR MORE:   9
MIN 32 OR BELOW:   0    0.50 INCH OR MORE:   3
MIN  0 OR BELOW:   0    1.00 INCH OR MORE:   1

[HDD (BASE 65) ]
TOTAL THIS MO.    25    CLEAR  (SCALE 0-3)   5
DPTR FM NORMAL    17    PTCLDY (SCALE 4-7)   4
TOTAL FM JUL 1    25    CLOUDY (SCALE 8-10) 12
DPTR FM NORMAL    17

[CDD (BASE 65) ]
TOTAL THIS MO.   182
DPTR FM NORMAL     2    [PRESSURE DATA]
TOTAL FM JAN 1  1811    HIGHEST SLP M ON M
DPTR FM NORMAL   105    LOWEST  SLP 29.64 ON  1

[REMARKS]







U.S. Dept. of Commerce
NOAA National Weather Service
1325 East West Highway
Silver Spring, MD 20910
E-mail: w-nws.webmaster@noaa.gov
Page last modified: May 16, 2007
NATIONAL WEATHER SERVICE: for Safety, for Work, for Fun - FOR LIFE