494
CXUS54 KLUB 010812
CF6LBB
PRELIMINARY LOCAL CLIMATOLOGICAL DATA (WS FORM: F-6)

                                          STATION:   LUBBOCK
                                          MONTH:     NOVEMBER
                                          YEAR:      2014
                                          LATITUDE:   33 39 N
                                          LONGITUDE: 101 49 W

  TEMPERATURE IN F:       :PCPN:    SNOW:  WIND      :SUNSHINE: SKY     :PK WND
================================================================================
1   2   3   4   5  6A  6B    7    8   9   10  11  12  13   14  15   16   17  18
                                     12Z  AVG MX 2MIN
DY MAX MIN AVG DEP HDD CDD  WTR  SNW DPTH SPD SPD DIR MIN PSBL S-S WX    SPD DR
================================================================================

 1  66  34  50  -6  15   0 0.00  0.0    0 14.9 29 180   M    M   5        35 180
 2  68  54  61   5   4   0 0.00  0.0    0 17.5 28 170   M    M   8        35 180
 3  70  55  63   8   2   0 0.88  0.0    0 14.1 30 180   M    M  10 13     38 170
 4  56  41  49  -6  16   0 2.01  0.0    0 12.3 26  40   M    M   9 13     35  40
 5  60  42  51  -3  14   0 0.00  0.0    0  4.7 10 330   M    M   9 18     13 320
 6  67  38  53  -1  12   0 0.00  0.0    0  8.6 16  60   M    M   2        21  60
 7  67  39  53   0  12   0 0.00  0.0    0 12.4 26 220   M    M   2        33 210
 8  66  43  55   2  10   0 0.00  0.0    0 10.8 22  40   M    M   1        29  10
 9  76  44  60   7   5   0 0.00  0.0    0 16.7 26 240   M    M   3        32 230
10  81  35  58   6   7   0 0.00  0.0    0 19.4 33  10   M    M   2 8      44  10
11  43  25  34 -18  31   0 0.00  0.0    0 14.3 29 360   M    M   0        37  20
12  27  19  23 -28  42   0 0.00  0.0    0 13.7 21  60   M    M   6        27  50
13  29  18  24 -27  41   0    T    T    T  7.6 17  10   M    M  10        21 360
14  44  23  34 -16  31   0 0.00  0.0    0 13.2 20 180   M    M   8        24 170
15  72  29  51   1  14   0 0.00  0.0    0 11.4 26 250   M    M   4        35 250
16  39  16  28 -22  37   0 0.06  0.5    1 16.1 30  20   M    M   8 168    37  20
17  42  12  27 -22  38   0 0.00  0.0    1  8.1 17 230   M    M   1        19 210
18  53  21  37 -12  28   0 0.00  0.0    0 10.8 21 220   M    M   1        26 200
19  62  26  44  -4  21   0 0.00  0.0    0  8.4 15 330   M    M   4        18 240
20  71  31  51   3  14   0 0.00  0.0    0  7.7 16 240   M    M   4 8      21 200
21  66  28  47   0  18   0 0.00  0.0    0  6.8 16 160   M    M   4        19 160
22  67  40  54   7  11   0 0.00  0.0    0  6.1 14 150   M    M   6 18     17 150
23  67  35  51   5  14   0 0.00  0.0    0 18.7 40 290   M    M   4        49 290
24  55  25  40  -6  25   0 0.00  0.0    0  7.0 13 360   M    M   4        16 280
25  55  26  41  -5  24   0 0.00  0.0    0 13.4 30 240   M    M   2        37 250
26  59  33  46   1  19   0 0.00  0.0    0  9.3 21  10   M    M   2        27 350
27  59  28  44  -1  21   0 0.00  0.0    0 10.4 20 190   M    M   1        24 170
28  77  38  58  14   7   0 0.00  0.0    0 14.0 22 220   M    M   4        25 220
29  80  37  59  15   6   0 0.00  0.0    0 13.3 20 250   M    M   0        26 220
30  80  32  56  12   9   0 0.00  0.0    0 13.7 29 270   M    M   4        35 290
================================================================================
SM 1824  967       548   0  2.95     0.5 355.4          M      128
================================================================================
AV 60.8 32.2                              11.8 FASTST   M    M   4    MAX(MPH)
                                 MISC ---->  # 40 290               # 49  290
================================================================================
NOTES:
# LAST OF SEVERAL OCCURRENCES

COLUMN 17 PEAK WIND IN M.P.H.

PRELIMINARY LOCAL CLIMATOLOGICAL DATA (WS FORM: F-6) , PAGE 2

                                          STATION:  LUBBOCK
                                          MONTH:    NOVEMBER
                                          YEAR:     2014
                                          LATITUDE:   33 39 N
                                          LONGITUDE: 101 49 W

[TEMPERATURE DATA]      [PRECIPITATION DATA]       SYMBOLS USED IN COLUMN 16

AVERAGE MONTHLY: 46.5   TOTAL FOR MONTH:   2.95    1 = FOG OR MIST
DPTR FM NORMAL:  -3.3   DPTR FM NORMAL:    2.10    2 = FOG REDUCING VISIBILITY
HIGHEST:    81 ON 10    GRTST 24HR  2.89 ON  3- 4      TO 1/4 MILE OR LESS
LOWEST:     12 ON 17                               3 = THUNDER
                        SNOW, ICE PELLETS, HAIL    4 = ICE PELLETS
                        TOTAL MONTH:   0.5 INCH    5 = HAIL
                        GRTST 24HR   0.5 ON 16-16  6 = FREEZING RAIN OR DRIZZLE
                        GRTST DEPTH:   1 ON 17,16  7 = DUSTSTORM OR SANDSTORM:
                                                       VSBY 1/2 MILE OR LESS
                                                   8 = SMOKE OR HAZE
[NO. OF DAYS WITH]      [WEATHER - DAYS WITH]      9 = BLOWING SNOW
                                                   X = TORNADO
MAX 32 OR BELOW:   2    0.01 INCH OR MORE:   3
MAX 90 OR ABOVE:   0    0.10 INCH OR MORE:   2
MIN 32 OR BELOW:  15    0.50 INCH OR MORE:   2
MIN  0 OR BELOW:   0    1.00 INCH OR MORE:   1

[HDD (BASE 65) ]
TOTAL THIS MO.   548    CLEAR  (SCALE 0-3)  11
DPTR FM NORMAL    88    PTCLDY (SCALE 4-7)  15
TOTAL FM JUL 1   675    CLOUDY (SCALE 8-10)  4
DPTR FM NORMAL    33

[CDD (BASE 65) ]
TOTAL THIS MO.     0
DPTR FM NORMAL    -3    [PRESSURE DATA]
TOTAL FM JAN 1  1917    HIGHEST SLP M ON M
DPTR FM NORMAL   113    LOWEST  SLP 29.45 ON 10

[REMARKS]
#FINAL-11-14#




U.S. Dept. of Commerce
NOAA National Weather Service
1325 East West Highway
Silver Spring, MD 20910
E-mail: w-nws.webmaster@noaa.gov
Page last modified: May 16, 2007
NATIONAL WEATHER SERVICE: for Safety, for Work, for Fun - FOR LIFE