458
CXUS55 KLOX 281655
CF6LAX
PRELIMINARY LOCAL CLIMATOLOGICAL DATA (WS FORM: F-6)

                                          STATION:   LOS ANGELES INTL AIRPORT CA
                                          MONTH:     NOVEMBER
                                          YEAR:      2014
                                          LATITUDE:   33 55 N
                                          LONGITUDE: 118 24 W

  TEMPERATURE IN F:       :PCPN:    SNOW:  WIND      :SUNSHINE: SKY     :PK WND
================================================================================
1   2   3   4   5  6A  6B    7    8   9   10  11  12  13   14  15   16   17  18
                                     12Z  AVG MX 2MIN
DY MAX MIN AVG DEP HDD CDD  WTR  SNW DPTH SPD SPD DIR MIN PSBL S-S WX    SPD DR
================================================================================

 1  65  56  61  -3   4   0 0.20  0.0    0  9.7 28 270   M    M   5 1      32 270
 2  67  51  59  -5   6   0 0.00  0.0    0  6.4 15 260   M    M   1        23 250
 3  74  52  63  -1   2   0 0.00  0.0    0  6.0 22 240   M    M   1        26 230
 4  74  51  63   0   2   0 0.00  0.0    0  4.6 14 250   M    M   2        17 230
 5  81  54  68   5   0   3 0.00  0.0    0  4.5 13 270   M    M   0        16 280
 6  88  62  75  12   0  10 0.00  0.0    0  5.2 13 260   M    M   0        17 280
 7  86  61  74  11   0   9 0.00  0.0    0  6.0 14 270   M    M   1        18 280
 8  83  57  70   7   0   5 0.00  0.0    0  5.0 12 260   M    M   1        15 280
 9  68  62  65   3   0   0 0.00  0.0    0  5.9 14 260   M    M   7 18     21 280
10  67  61  64   2   1   0 0.00  0.0    0  4.8 10 260   M    M   8 1       M  M
11  66  62  64   2   1   0 0.00  0.0    0  7.6 13 270   M    M   9        17 250
12  67  59  63   1   2   0 0.00  0.0    0  7.9 17 280   M    M   6        25 290
13  66  55  61  -1   4   0    T  0.0    0  4.2 14 270   M    M   7 1      18 250
14  69  61  65   4   0   0    T  0.0    0  5.0 15 260   M    M   7 18     18 260
15  69  57  63   2   2   0 0.00  0.0    0  6.2 17 270   M    M   5 18     18 270
16  72  56  64   3   1   0 0.00  0.0    0  5.7 13 240   M    M   3 1      20 190
17  77  55  66   5   0   1 0.00  0.0    0  4.5 17 280   M    M   5        22 280
18  76  54  65   5   0   0 0.00  0.0    0  5.8 15  50   M    M   6        17  40
19  70  54  62   2   3   0 0.00  0.0    0  6.4 14 270   M    M   5        17 230
20  68  53  61   1   4   0    T  0.0    0  7.3 18 270   M    M   6        22 260
21  69  57  63   3   2   0 0.00  0.0    0  7.7 15 240   M    M   4        20 240
22  70  53  62   2   3   0 0.00  0.0    0  4.8 14 270   M    M   4        18 250
23  79  57  68   8   0   3 0.00  0.0    0   M  18  10   M    M   5        25 360
24  79  56  68   9   0   3 0.00  0.0    0  4.4 10 220   M    M   3         M  M
25  78  55  67   8   0   2 0.00  0.0    0  4.9 12 270   M    M   0        14 280
26  79  54  67   8   0   2 0.00  0.0    0  4.6 10 270   M    M   0        14 290
27  86  58  72  13   0   7 0.00  0.0    0  5.3 13 270   M    M   3         M  M
================================================================================
SM 1993 1523        37  45  0.20     0.0 150.4          M      104
================================================================================
AV 73.8 56.4                               5.8 FASTST   M    M   4    MAX(MPH)
                                 MISC ---->    28   M                 32    M
================================================================================
NOTES:
# LAST OF SEVERAL OCCURRENCES

COLUMN 17 PEAK WIND IN M.P.H.

PRELIMINARY LOCAL CLIMATOLOGICAL DATA (WS FORM: F-6) , PAGE 2

                                          STATION:  LOS ANGELES INTL AIRPORT CA
                                          MONTH:    NOVEMBER
                                          YEAR:     2014
                                          LATITUDE:   33 55 N
                                          LONGITUDE: 118 24 W

[TEMPERATURE DATA]      [PRECIPITATION DATA]       SYMBOLS USED IN COLUMN 16

AVERAGE MONTHLY: 65.1   TOTAL FOR MONTH:   0.20    1 = FOG OR MIST
DPTR FM NORMAL:   3.7   DPTR FM NORMAL:   -0.77    2 = FOG REDUCING VISIBILITY
HIGHEST:    88 ON  6    GRTST 24HR  0.44 ON 31- 1      TO 1/4 MILE OR LESS
LOWEST:     51 ON  4, 2                            3 = THUNDER
                        SNOW, ICE PELLETS, HAIL    4 = ICE PELLETS
                        TOTAL MONTH:   0.0 INCH    5 = HAIL
                        GRTST 24HR     0.0         6 = FREEZING RAIN OR DRIZZLE
                        GRTST DEPTH:   0           7 = DUSTSTORM OR SANDSTORM:
                                                       VSBY 1/2 MILE OR LESS
                                                   8 = SMOKE OR HAZE
[NO. OF DAYS WITH]      [WEATHER - DAYS WITH]      9 = BLOWING SNOW
                                                   X = TORNADO
MAX 32 OR BELOW:   0    0.01 INCH OR MORE:   1
MAX 90 OR ABOVE:   0    0.10 INCH OR MORE:   1
MIN 32 OR BELOW:   0    0.50 INCH OR MORE:   0
MIN  0 OR BELOW:   0    1.00 INCH OR MORE:   0

[HDD (BASE 65) ]
TOTAL THIS MO.    37    CLEAR  (SCALE 0-3)  11
DPTR FM NORMAL   -80    PTCLDY (SCALE 4-7)  15
TOTAL FM JUL 1    37    CLOUDY (SCALE 8-10)  1
DPTR FM NORMAL  -124

[CDD (BASE 65) ]
TOTAL THIS MO.    45
DPTR FM NORMAL    27    [PRESSURE DATA]
TOTAL FM JAN 1  1173    HIGHEST SLP M ON M
DPTR FM NORMAL   624    LOWEST  SLP 29.77 ON  9

[REMARKS]




U.S. Dept. of Commerce
NOAA National Weather Service
1325 East West Highway
Silver Spring, MD 20910
E-mail: w-nws.webmaster@noaa.gov
Page last modified: May 16, 2007
NATIONAL WEATHER SERVICE: for Safety, for Work, for Fun - FOR LIFE