072
CXUS55 KLOX 301655
CF6LAX
PRELIMINARY LOCAL CLIMATOLOGICAL DATA (WS FORM: F-6)

                                          STATION:   LOS ANGELES INTL AIRPORT CA
                                          MONTH:     JULY
                                          YEAR:      2014
                                          LATITUDE:   33 55 N
                                          LONGITUDE: 118 24 W

  TEMPERATURE IN F:       :PCPN:    SNOW:  WIND      :SUNSHINE: SKY     :PK WND
================================================================================
1   2   3   4   5  6A  6B    7    8   9   10  11  12  13   14  15   16   17  18
                                     12Z  AVG MX 2MIN
DY MAX MIN AVG DEP HDD CDD  WTR  SNW DPTH SPD SPD DIR MIN PSBL S-S WX    SPD DR
================================================================================

 1  75  66  71   3   0   6 0.00  0.0    0  8.4 18 260   M    M   9 18     24 280
 2  75  65  70   2   0   5 0.00  0.0    0  7.6 16 280   M    M   7 18     22 280
 3  76  66  71   3   0   6 0.00  0.0    0  6.8 18 280   M    M   5 18     23 260
 4  78  66  72   4   0   7 0.00  0.0    0  5.1 14 270   M    M   5 18     18 250
 5  80  69  75   7   0  10 0.00  0.0    0  6.9 17 260   M    M   4 8      21 240
 6  80  68  74   6   0   9 0.00  0.0    0  7.7 17 250   M    M   3        22 250
 7  77  68  73   5   0   8 0.00  0.0    0  8.0 15 270   M    M   4 1       M  M
 8  76  67  72   4   0   7 0.00  0.0    0  7.6 16 270   M    M   5 1      22 250
 9  76  67  72   4   0   7 0.00  0.0    0  8.7 17 270   M    M   7 1      23 260
10  76  66  71   3   0   6 0.00  0.0    0  9.4 20 280   M    M   7        25 280
11  74  66  70   1   0   5 0.00  0.0    0  9.8 21 260   M    M   6        26 270
12  75  66  71   2   0   6 0.00  0.0    0  7.6 15 250   M    M   7        22 240
13  77  67  72   3   0   7 0.00  0.0    0  7.1 15 270   M    M   4        20 260
14  75  69  72   3   0   7    T  0.0    0  5.6 16 250   M    M   7 1      20 240
15  75  68  72   3   0   7 0.00  0.0    0  8.2 17 260   M    M   8 1      21 260
16  76  67  72   3   0   7    T  0.0    0 10.1 18 270   M    M   6 18     24 280
17  76  66  71   2   0   6 0.00  0.0    0 11.6 22 270   M    M   5        28 270
18  75  66  71   2   0   6 0.00  0.0    0  9.2 18 260   M    M   5        24 250
19  72  66  69   0   0   4 0.00  0.0    0  7.0 15 270   M    M   7        18 240
20  76  67  72   3   0   7 0.00  0.0    0  8.5 21 270   M    M   6        25 270
21  76  65  71   2   0   6 0.00  0.0    0 10.4 23 270   M    M   4        26 260
22  77  66  72   3   0   7 0.00  0.0    0  9.0 24 260   M    M   2        28 270
23  80  65  73   4   0   8 0.00  0.0    0  8.9 24 270   M    M   1        28 260
24  81  67  74   5   0   9 0.00  0.0    0  6.3 17 270   M    M   2        21 270
25  84  67  76   7   0  11 0.00  0.0    0  8.1 14 260   M    M   6 12     17 270
26  76  65  71   2   0   6 0.00  0.0    M  7.7 16 270   M    M   6 128    22 280
27  76  66  71   2   0   6 0.14  0.0    0  8.4 18 280   M    M   8 1      22 280
28  80  68  74   5   0   9 0.00  0.0    0  8.2 18 270   M    M   6        22 260
29  78  67  73   4   0   8 0.00  0.0    0  6.9 17 270   M    M   5        21 260
================================================================================
SM 2228 1932         0 203  0.14     0.0 234.7          M      157
================================================================================
AV 76.8 66.6                               8.1 FASTST   M    M   5    MAX(MPH)
                                 MISC ---->    24   M               # 28  270
================================================================================
NOTES:
# LAST OF SEVERAL OCCURRENCES

COLUMN 17 PEAK WIND IN M.P.H.

PRELIMINARY LOCAL CLIMATOLOGICAL DATA (WS FORM: F-6) , PAGE 2

                                          STATION:  LOS ANGELES INTL AIRPORT CA
                                          MONTH:    JULY
                                          YEAR:     2014
                                          LATITUDE:   33 55 N
                                          LONGITUDE: 118 24 W

[TEMPERATURE DATA]      [PRECIPITATION DATA]       SYMBOLS USED IN COLUMN 16

AVERAGE MONTHLY: 71.7   TOTAL FOR MONTH:   0.14    1 = FOG OR MIST
DPTR FM NORMAL:   3.1   DPTR FM NORMAL:    0.11    2 = FOG REDUCING VISIBILITY
HIGHEST:    84 ON 25    GRTST 24HR  0.14 ON 27-27      TO 1/4 MILE OR LESS
LOWEST:     65 ON 26,23                            3 = THUNDER
                        SNOW, ICE PELLETS, HAIL    4 = ICE PELLETS
                        TOTAL MONTH:   0.0 INCH    5 = HAIL
                        GRTST 24HR     0.0         6 = FREEZING RAIN OR DRIZZLE
                        GRTST DEPTH:   0           7 = DUSTSTORM OR SANDSTORM:
                                                       VSBY 1/2 MILE OR LESS
                                                   8 = SMOKE OR HAZE
[NO. OF DAYS WITH]      [WEATHER - DAYS WITH]      9 = BLOWING SNOW
                                                   X = TORNADO
MAX 32 OR BELOW:   0    0.01 INCH OR MORE:   1
MAX 90 OR ABOVE:   0    0.10 INCH OR MORE:   1
MIN 32 OR BELOW:   0    0.50 INCH OR MORE:   0
MIN  0 OR BELOW:   0    1.00 INCH OR MORE:   0

[HDD (BASE 65) ]
TOTAL THIS MO.     0    CLEAR  (SCALE 0-3)   3
DPTR FM NORMAL     0    PTCLDY (SCALE 4-7)  24
TOTAL FM JUL 1     0    CLOUDY (SCALE 8-10)  2
DPTR FM NORMAL     0

[CDD (BASE 65) ]
TOTAL THIS MO.   203
DPTR FM NORMAL    95    [PRESSURE DATA]
TOTAL FM JAN 1   501    HIGHEST SLP M ON M
DPTR FM NORMAL   311    LOWEST  SLP 29.69 ON 24

[REMARKS]




U.S. Dept. of Commerce
NOAA National Weather Service
1325 East West Highway
Silver Spring, MD 20910
E-mail: w-nws.webmaster@noaa.gov
Page last modified: May 16, 2007
NATIONAL WEATHER SERVICE: for Safety, for Work, for Fun - FOR LIFE