740
CXUS55 KLOX 291655
CF6LAX
PRELIMINARY LOCAL CLIMATOLOGICAL DATA (WS FORM: F-6)

                                          STATION:   LOS ANGELES INTL AIRPORT CA
                                          MONTH:     SEPTEMBER
                                          YEAR:      2014
                                          LATITUDE:   33 55 N
                                          LONGITUDE: 118 24 W

  TEMPERATURE IN F:       :PCPN:    SNOW:  WIND      :SUNSHINE: SKY     :PK WND
================================================================================
1   2   3   4   5  6A  6B    7    8   9   10  11  12  13   14  15   16   17  18
                                     12Z  AVG MX 2MIN
DY MAX MIN AVG DEP HDD CDD  WTR  SNW DPTH SPD SPD DIR MIN PSBL S-S WX    SPD DR
================================================================================

 1  79  69  74   4   0   9 0.00  0.0    0  6.0 14 270   M    M   4 8      17 280
 2  79  68  74   4   0   9 0.00  0.0    0  8.3 16 290   M    M   5        21 280
 3  77  68  73   3   0   8 0.00  0.0    0  8.4 18 270   M    M   7        24 260
 4  76  67  72   2   0   7 0.00  0.0    0  8.2 15 260   M    M   6        21 280
 5  75  67  71   1   0   6 0.00  0.0    0  8.7 18 270   M    M   5        22 270
 6  78  67  73   3   0   8 0.00  0.0    0  6.9 18 280   M    M   2 18     22 280
 7  82  69  76   6   0  11 0.00  0.0    0  7.2 18 260   M    M   5 8      21 260
 8  85  71  78   8   0  13 0.02  0.0    0  6.7 13 260   M    M   7        15 260
 9  83  69  76   6   0  11 0.00  0.0    0  6.2 18 260   M    M   3 1      23 270
10  78  66  72   3   0   7 0.00  0.0    0  6.3 17 270   M    M   1        21 260
11  80  69  75   6   0  10 0.00  0.0    0  7.1 18 260   M    M   1 1      22 260
12  81  69  75   6   0  10 0.00  0.0    0  7.2 23 270   M    M   2 18     25 270
13  82  69  76   7   0  11 0.00  0.0    0  6.5 20 270   M    M   2 18     23 260
14  85  71  78   9   0  13 0.00  0.0    0  6.0 18 260   M    M   2        22 270
15  86  72  79  10   0  14 0.00  0.0    0  7.0 22 270   M    M   2 1      26 260
16  90  74  82  13   0  17 0.00  0.0    0  5.5 16 260   M    M   3 8      21 260
17  87  69  78   9   0  13 0.00  0.0    0  8.9 24 280   M    M   3 1      30 280
18  76  67  72   3   0   7 0.00  0.0    0  9.3 24 270   M    M   3        29 270
19  77  67  72   3   0   7 0.00  0.0    0  7.7 18 280   M    M   5        22 280
20  76  66  71   2   0   6 0.00  0.0    0  6.3 15 280   M    M   5 8      18 260
21  77  64  71   3   0   6 0.00  0.0    0  7.3 18 270   M    M   5        22 270
22  73  64  69   1   0   4 0.00  0.0    0  6.4 15 270   M    M   3 1      20 270
23  74  65  70   2   0   5 0.00  0.0    0  6.4 16 260   M    M   2 1      21 270
24  78  64  71   3   0   6 0.00  0.0    M  6.6 20 270   M    M   2 12     22 270
25  78  66  72   4   0   7 0.00  0.0    0  7.8 20 270   M    M   2 1      23 270
26  75  66  71   3   0   6 0.00  0.0    0  8.9 21 260   M    M   3 1      24 270
27  72  63  68   0   0   3 0.00  0.0    0  8.1 22 270   M    M   4        26 270
28  76  63  70   2   0   5 0.00  0.0    0  7.7 20 250   M    M   6        24 250
================================================================================
SM 2215 1889         0 239  0.02     0.0 203.5          M      100
================================================================================
AV 79.1 67.5                               7.3 FASTST   M    M   4    MAX(MPH)
                                 MISC ---->  # 24 280               # 30  280
================================================================================
NOTES:
# LAST OF SEVERAL OCCURRENCES

COLUMN 17 PEAK WIND IN M.P.H.

PRELIMINARY LOCAL CLIMATOLOGICAL DATA (WS FORM: F-6) , PAGE 2

                                          STATION:  LOS ANGELES INTL AIRPORT CA
                                          MONTH:    SEPTEMBER
                                          YEAR:     2014
                                          LATITUDE:   33 55 N
                                          LONGITUDE: 118 24 W

[TEMPERATURE DATA]      [PRECIPITATION DATA]       SYMBOLS USED IN COLUMN 16

AVERAGE MONTHLY: 73.3   TOTAL FOR MONTH:   0.02    1 = FOG OR MIST
DPTR FM NORMAL:   4.2   DPTR FM NORMAL:   -0.16    2 = FOG REDUCING VISIBILITY
HIGHEST:    90 ON 16    GRTST 24HR  0.02 ON  8- 8      TO 1/4 MILE OR LESS
LOWEST:     63 ON 28,27                            3 = THUNDER
                        SNOW, ICE PELLETS, HAIL    4 = ICE PELLETS
                        TOTAL MONTH:   0.0 INCH    5 = HAIL
                        GRTST 24HR     0.0         6 = FREEZING RAIN OR DRIZZLE
                        GRTST DEPTH:   0           7 = DUSTSTORM OR SANDSTORM:
                                                       VSBY 1/2 MILE OR LESS
                                                   8 = SMOKE OR HAZE
[NO. OF DAYS WITH]      [WEATHER - DAYS WITH]      9 = BLOWING SNOW
                                                   X = TORNADO
MAX 32 OR BELOW:   0    0.01 INCH OR MORE:   1
MAX 90 OR ABOVE:   1    0.10 INCH OR MORE:   0
MIN 32 OR BELOW:   0    0.50 INCH OR MORE:   0
MIN  0 OR BELOW:   0    1.00 INCH OR MORE:   0

[HDD (BASE 65) ]
TOTAL THIS MO.     0    CLEAR  (SCALE 0-3)  16
DPTR FM NORMAL     0    PTCLDY (SCALE 4-7)  12
TOTAL FM JUL 1     0    CLOUDY (SCALE 8-10)  0
DPTR FM NORMAL    -4

[CDD (BASE 65) ]
TOTAL THIS MO.   239
DPTR FM NORMAL   123    [PRESSURE DATA]
TOTAL FM JAN 1   957    HIGHEST SLP M ON M
DPTR FM NORMAL   495    LOWEST  SLP 29.64 ON M

[REMARKS]




U.S. Dept. of Commerce
NOAA National Weather Service
1325 East West Highway
Silver Spring, MD 20910
E-mail: w-nws.webmaster@noaa.gov
Page last modified: May 16, 2007
NATIONAL WEATHER SERVICE: for Safety, for Work, for Fun - FOR LIFE