930
CXUS55 KLOX 241655
CF6LAX
PRELIMINARY LOCAL CLIMATOLOGICAL DATA (WS FORM: F-6)

                                          STATION:   LOS ANGELES INTL AIRPORT CA
                                          MONTH:     APRIL
                                          YEAR:      2014
                                          LATITUDE:   33 55 N
                                          LONGITUDE: 118 24 W

  TEMPERATURE IN F:       :PCPN:    SNOW:  WIND      :SUNSHINE: SKY     :PK WND
================================================================================
1   2   3   4   5  6A  6B    7    8   9   10  11  12  13   14  15   16   17  18
                                     12Z  AVG MX 2MIN
DY MAX MIN AVG DEP HDD CDD  WTR  SNW DPTH SPD SPD DIR MIN PSBL S-S WX    SPD DR
================================================================================

 1  62  52  57  -2   8   0 0.12  0.0    0 15.7 25 270   M    M   5 1      30 250
 2  62  50  56  -3   9   0 0.05  0.0    0 13.3 31 270   M    M   4 1      38 260
 3  64  49  57  -2   8   0 0.00  0.0    0  8.1 18 250   M    M   4        21 250
 4  62  53  58  -1   7   0 0.00  0.0    0  7.8 17 270   M    M   6        23 260
 5  65  52  59   0   6   0 0.00  0.0    0  8.3 21 250   M    M   3        24 250
 6  71  52  62   3   3   0 0.00  0.0    0  7.8 22 270   M    M   0        26 250
 7  81  56  69  10   0   4 0.00  0.0    0  6.4 16 260   M    M   0        20 260
 8  80  58  69  10   0   4 0.00  0.0    0  6.0 15 270   M    M   5        17 260
 9  76  54  65   6   0   0 0.00  0.0    0  6.4 18 270   M    M   6 1      22 280
10  65  53  59  -1   6   0 0.00  0.0    0  6.2 14 260   M    M   8 12     17 280
11  70  56  63   3   2   0 0.00  0.0    0  8.5 18 250   M    M   5 1      22 250
12  65  56  61   1   4   0 0.00  0.0    0  8.1 16 270   M    M   7        20 270
13  64  56  60   0   5   0 0.00  0.0    0  8.1 16 260   M    M   5         M  M
14  68  56  62   2   3   0 0.00  0.0    0  6.9 17 270   M    M   2        21 260
15  62  56  59  -1   6   0 0.00  0.0    M  6.8 16 270   M    M   7 128    20 270
16  67  58  63   3   2   0 0.00  0.0    0  6.9 16 270   M    M   4 8      22 260
17  69  58  64   4   1   0 0.00  0.0    0  7.4 16 270   M    M   9        18 260
18  72  60  66   6   0   1 0.00  0.0    0  7.5 18 270   M    M   8        23 280
19  67  58  63   3   2   0 0.00  0.0    0  7.2 18 260   M    M   5 1      22 270
20  69  57  63   3   2   0 0.00  0.0    0  6.0 17 260   M    M   2 1      20 260
21  68  58  63   2   2   0 0.00  0.0    0  6.1 16 270   M    M   6 18     22 270
22  67  57  62   1   3   0 0.00  0.0    0  9.0 23 260   M    M   5 18     26 290
23  69  56  63   2   2   0 0.00  0.0    0  7.7 17 250   M    M   5        23 260
================================================================================
SM 1565 1271        81   9  0.17     0.0 182.2          M      111
================================================================================
AV 68.0 55.3                               7.9 FASTST   M    M   5    MAX(MPH)
                                 MISC ---->    31   M                 38    M
================================================================================
NOTES:
# LAST OF SEVERAL OCCURRENCES

COLUMN 17 PEAK WIND IN M.P.H.

PRELIMINARY LOCAL CLIMATOLOGICAL DATA (WS FORM: F-6) , PAGE 2

                                          STATION:  LOS ANGELES INTL AIRPORT CA
                                          MONTH:    APRIL
                                          YEAR:     2014
                                          LATITUDE:   33 55 N
                                          LONGITUDE: 118 24 W

[TEMPERATURE DATA]      [PRECIPITATION DATA]       SYMBOLS USED IN COLUMN 16

AVERAGE MONTHLY: 61.7   TOTAL FOR MONTH:   0.17    1 = FOG OR MIST
DPTR FM NORMAL:   1.9   DPTR FM NORMAL:   -0.42    2 = FOG REDUCING VISIBILITY
HIGHEST:    81 ON  7    GRTST 24HR  0.12 ON  1- 1      TO 1/4 MILE OR LESS
LOWEST:     49 ON  3                               3 = THUNDER
                        SNOW, ICE PELLETS, HAIL    4 = ICE PELLETS
                        TOTAL MONTH:   0.0 INCH    5 = HAIL
                        GRTST 24HR     0.0         6 = FREEZING RAIN OR DRIZZLE
                        GRTST DEPTH:   0           7 = DUSTSTORM OR SANDSTORM:
                                                       VSBY 1/2 MILE OR LESS
                                                   8 = SMOKE OR HAZE
[NO. OF DAYS WITH]      [WEATHER - DAYS WITH]      9 = BLOWING SNOW
                                                   X = TORNADO
MAX 32 OR BELOW:   0    0.01 INCH OR MORE:   2
MAX 90 OR ABOVE:   0    0.10 INCH OR MORE:   1
MIN 32 OR BELOW:   0    0.50 INCH OR MORE:   0
MIN  0 OR BELOW:   0    1.00 INCH OR MORE:   0

[HDD (BASE 65) ]
TOTAL THIS MO.    81    CLEAR  (SCALE 0-3)   5
DPTR FM NORMAL   -47    PTCLDY (SCALE 4-7)  17
TOTAL FM JUL 1   726    CLOUDY (SCALE 8-10)  1
DPTR FM NORMAL  -552

[CDD (BASE 65) ]
TOTAL THIS MO.     9
DPTR FM NORMAL     7    [PRESSURE DATA]
TOTAL FM JAN 1    44    HIGHEST SLP M ON M
DPTR FM NORMAL    27    LOWEST  SLP 29.74 ON 16

[REMARKS]




U.S. Dept. of Commerce
NOAA National Weather Service
1325 East West Highway
Silver Spring, MD 20910
E-mail: w-nws.webmaster@noaa.gov
Page last modified: May 16, 2007
NATIONAL WEATHER SERVICE: for Safety, for Work, for Fun - FOR LIFE