357
CXUS55 KLOX 011655
CF6LAX
PRELIMINARY LOCAL CLIMATOLOGICAL DATA (WS FORM: F-6)

                                          STATION:   LOS ANGELES INTL AIRPORT CA
                                          MONTH:     AUGUST
                                          YEAR:      2014
                                          LATITUDE:   33 55 N
                                          LONGITUDE: 118 24 W

  TEMPERATURE IN F:       :PCPN:    SNOW:  WIND      :SUNSHINE: SKY     :PK WND
================================================================================
1   2   3   4   5  6A  6B    7    8   9   10  11  12  13   14  15   16   17  18
                                     12Z  AVG MX 2MIN
DY MAX MIN AVG DEP HDD CDD  WTR  SNW DPTH SPD SPD DIR MIN PSBL S-S WX    SPD DR
================================================================================

 1  77  64  71   2   0   6 0.00  0.0    0  7.0 16 270   M    M   6 18     21 280
 2  78  65  72   3   0   7 0.01  0.0    0  7.1 16 270   M    M   9 18     20 270
 3  78  68  73   4   0   8 0.02  0.0    0  5.9 18 230   M    M   8        25 230
 4  79  64  72   3   0   7 0.00  0.0    0  8.4 17 270   M    M   3 1      22 260
 5  74  62  68  -1   0   3 0.00  0.0    0  9.5 21 270   M    M   4        23 280
 6  72  63  68  -1   0   3 0.00  0.0    0  9.2 18 250   M    M   6        25 280
 7  75  65  70   1   0   5 0.00  0.0    0  7.5 16 270   M    M   5        23 250
 8  75  66  71   2   0   6 0.00  0.0    0  8.0 17 270   M    M   7 1      22 250
 9  75  67  71   1   0   6 0.00  0.0    0  7.4 17 260   M    M   9 8      24 250
10  76  66  71   1   0   6 0.00  0.0    0  7.9 17 260   M    M   6 18     22 260
11  75  65  70   0   0   5 0.00  0.0    0  9.0 18 270   M    M   6 1      24 250
12  76  66  71   1   0   6 0.00  0.0    0  8.6 20 270   M    M   6        24 270
13  74  66  70   0   0   5 0.00  0.0    0  8.4 20 260   M    M   7        25 270
14  76  65  71   1   0   6 0.00  0.0    0  7.6 15 260   M    M   5 18     21 280
15  76  63  70   0   0   5 0.00  0.0    0  8.4 17 270   M    M   4 18     22 270
16  77  67  72   2   0   7 0.00  0.0    0  7.3 17 260   M    M   1        22 260
17  77  67  72   2   0   7 0.00  0.0    0  7.5 16 270   M    M   1        21 270
18  77  66  72   2   0   7 0.00  0.0    0  6.2 15 260   M    M   3         M  M
19  78  68  73   3   0   8 0.00  0.0    0  7.8 16 260   M    M   9        22 250
20  77  67  72   2   0   7 0.00  0.0    0  8.6 17 260   M    M   5        24 260
21  75  67  71   1   0   6 0.00  0.0    0  9.5 18 270   M    M   5        24 270
22  76  67  72   2   0   7 0.00  0.0    0  8.3 15 250   M    M   6        20 240
23  76  66  71   1   0   6 0.00  0.0    0  7.4 16 270   M    M   6        24 270
24  76  66  71   1   0   6 0.00  0.0    0  7.7 18 270   M    M   6        24 280
25  73  64  69  -1   0   4 0.00  0.0    0  8.1 15 270   M    M   6        20 270
26  77  65  71   1   0   6 0.00  0.0    0  6.3 17 270   M    M   3        21 260
27  83  67  75   5   0  10 0.00  0.0    0  6.9 17 260   M    M   1        21 260
28  84  68  76   6   0  11 0.00  0.0    0  8.6 23 260   M    M   1 1      29 270
29  78  67  73   3   0   8 0.00  0.0    0  6.2 16 260   M    M   2 1      21 250
30  77  66  72   2   0   7 0.00  0.0    0  5.7 16 270   M    M   4 18     20 270
31  79  68  74   4   0   9 0.00  0.0    0  7.2 14 270   M    M   5 1      16 250
================================================================================
SM 2376 2041         0 200  0.03     0.0 239.2          M      155
================================================================================
AV 76.6 65.8                               7.7 FASTST   M    M   5    MAX(MPH)
                                 MISC ---->  # 23 260               # 29  270
================================================================================
NOTES:
# LAST OF SEVERAL OCCURRENCES

COLUMN 17 PEAK WIND IN M.P.H.

PRELIMINARY LOCAL CLIMATOLOGICAL DATA (WS FORM: F-6) , PAGE 2

                                          STATION:  LOS ANGELES INTL AIRPORT CA
                                          MONTH:    AUGUST
                                          YEAR:     2014
                                          LATITUDE:   33 55 N
                                          LONGITUDE: 118 24 W

[TEMPERATURE DATA]      [PRECIPITATION DATA]       SYMBOLS USED IN COLUMN 16

AVERAGE MONTHLY: 71.2   TOTAL FOR MONTH:   0.03    1 = FOG OR MIST
DPTR FM NORMAL:   1.6   DPTR FM NORMAL:   -0.02    2 = FOG REDUCING VISIBILITY
HIGHEST:    84 ON 28    GRTST 24HR  0.03 ON  2- 3      TO 1/4 MILE OR LESS
LOWEST:     62 ON  5                               3 = THUNDER
                        SNOW, ICE PELLETS, HAIL    4 = ICE PELLETS
                        TOTAL MONTH:   0.0 INCH    5 = HAIL
                        GRTST 24HR     0.0         6 = FREEZING RAIN OR DRIZZLE
                        GRTST DEPTH:   0           7 = DUSTSTORM OR SANDSTORM:
                                                       VSBY 1/2 MILE OR LESS
                                                   8 = SMOKE OR HAZE
[NO. OF DAYS WITH]      [WEATHER - DAYS WITH]      9 = BLOWING SNOW
                                                   X = TORNADO
MAX 32 OR BELOW:   0    0.01 INCH OR MORE:   2
MAX 90 OR ABOVE:   0    0.10 INCH OR MORE:   0
MIN 32 OR BELOW:   0    0.50 INCH OR MORE:   0
MIN  0 OR BELOW:   0    1.00 INCH OR MORE:   0

[HDD (BASE 65) ]
TOTAL THIS MO.     0    CLEAR  (SCALE 0-3)   7
DPTR FM NORMAL    -2    PTCLDY (SCALE 4-7)  20
TOTAL FM JUL 1     0    CLOUDY (SCALE 8-10)  4
DPTR FM NORMAL    -4

[CDD (BASE 65) ]
TOTAL THIS MO.   200
DPTR FM NORMAL    55    [PRESSURE DATA]
TOTAL FM JAN 1   718    HIGHEST SLP 30.06 ON  6
DPTR FM NORMAL   372    LOWEST  SLP 29.74 ON 30

[REMARKS]
#FINAL-08-14#




U.S. Dept. of Commerce
NOAA National Weather Service
1325 East West Highway
Silver Spring, MD 20910
E-mail: w-nws.webmaster@noaa.gov
Page last modified: May 16, 2007
NATIONAL WEATHER SERVICE: for Safety, for Work, for Fun - FOR LIFE