362
CXUS54 KOUN 230800
CF6LAW
PRELIMINARY LOCAL CLIMATOLOGICAL DATA (WS FORM: F-6)

                                          STATION:   LAWTON MUNICIPAL
                                          MONTH:     APRIL
                                          YEAR:      2014
                                          LATITUDE:   34 34 N
                                          LONGITUDE:  98 25 W

  TEMPERATURE IN F:       :PCPN:    SNOW:  WIND      :SUNSHINE: SKY     :PK WND
================================================================================
1   2   3   4   5  6A  6B    7    8   9   10  11  12  13   14  15   16   17  18
                                     12Z  AVG MX 2MIN
DY MAX MIN AVG DEP HDD CDD  WTR  SNW DPTH SPD SPD DIR MIN PSBL S-S WX    SPD DR
================================================================================

 1  75  53  64   5   1   0 0.00  0.0    0 12.1 25  30   M    M   4        31  30
 2  85  63  74  15   0   9 0.00  0.0    0 13.4 26 160   M    M   3 1      31 160
 3  81  45  63   4   2   0 0.00  0.0    0 11.5 40 340   M    M   1 128    52 340
 4  66  40  53  -6  12   0 0.00  0.0    0  9.6 22 360   M    M   0        26 350
 5  60  40  50 -10  15   0 0.01  0.0    0  8.3 21 120   M    M   4        24 140
 6  50  46  48 -12  17   0 0.08  0.0    0  5.0 17 110   M    M   9 1      20 120
 7  69  47  58  -2   7   0    T  0.0    0  6.4 32  10   M    M   4 13     38 360
 8  73  42  58  -2   7   0 0.00  0.0    0 11.3 24 340   M    M   0        37 360
 9  85  36  61   1   4   0 0.00  0.0    0  9.5 23 180   M    M   0        31 180
10  92  45  69   8   0   4 0.00  0.0    0  8.8 21  20   M    M   0        28 220
11  83  49  66   5   0   1 0.00  0.0    0 10.2 18 120   M    M   0 8      23 120
12  87  62  75  14   0  10 0.00  0.0    0 16.5 26 160   M    M   0        37 170
13  93  43  68   7   0   3 0.00  0.0    0 22.2 36  10   M    M   1        48  10
14  55  29  42 -20  23   0 0.00  0.0    0 19.8 35 360   M    M   5        44  10
15  66  24  45 -17  20   0 0.00  0.0    0  6.4 16 190   M    M   0        21 200
16  73  44  59  -3   6   0 0.00  0.0    0 16.5 31 170   M    M   0        40 170
17  65  49  57  -5   8   0    T  0.0    0  9.0 21  30   M    M   6 18     26  30
18  73  45  59  -4   6   0 0.00  0.0    0  5.5 14 190   M    M   4 8      18 200
19  80  44  62  -1   3   0 0.00  0.0    0  8.1 20 160   M    M   1        23 160
20  71  57  64   1   1   0 0.03  0.0    0  8.8 22 160   M    M   4 13     26 140
21  81  58  70   7   0   5 0.80  0.0    0  8.1 24 140   M    M   6 13     33 140
22  81  54  68   4   0   3 0.00  0.0    0  5.9 14  40   M    M   0        17  40
================================================================================
SM 1644 1015       132  35  0.92     0.0 232.9          M       52
================================================================================
AV 74.7 46.1                              10.6 FASTST   M    M   2    MAX(MPH)
                                 MISC ---->  # 40 340               # 52  340
================================================================================
NOTES:
# LAST OF SEVERAL OCCURRENCES

COLUMN 17 PEAK WIND IN M.P.H.

PRELIMINARY LOCAL CLIMATOLOGICAL DATA (WS FORM: F-6) , PAGE 2

                                          STATION:  LAWTON MUNICIPAL
                                          MONTH:    APRIL
                                          YEAR:     2014
                                          LATITUDE:   34 34 N
                                          LONGITUDE:  98 25 W

[TEMPERATURE DATA]      [PRECIPITATION DATA]       SYMBOLS USED IN COLUMN 16

AVERAGE MONTHLY: 60.4   TOTAL FOR MONTH:   0.92    1 = FOG OR MIST
DPTR FM NORMAL:  -0.7   DPTR FM NORMAL:   -0.92    2 = FOG REDUCING VISIBILITY
HIGHEST:    93 ON 13    GRTST 24HR  0.83 ON 20-21      TO 1/4 MILE OR LESS
LOWEST:     24 ON 15                               3 = THUNDER
                        SNOW, ICE PELLETS, HAIL    4 = ICE PELLETS
                        TOTAL MONTH:   0.0 INCH    5 = HAIL
                        GRTST 24HR     0.0         6 = FREEZING RAIN OR DRIZZLE
                        GRTST DEPTH:   0           7 = DUSTSTORM OR SANDSTORM:
                                                       VSBY 1/2 MILE OR LESS
                                                   8 = SMOKE OR HAZE
[NO. OF DAYS WITH]      [WEATHER - DAYS WITH]      9 = BLOWING SNOW
                                                   X = TORNADO
MAX 32 OR BELOW:   0    0.01 INCH OR MORE:   4
MAX 90 OR ABOVE:   2    0.10 INCH OR MORE:   1
MIN 32 OR BELOW:   2    0.50 INCH OR MORE:   1
MIN  0 OR BELOW:   0    1.00 INCH OR MORE:   0

[HDD (BASE 65) ]
TOTAL THIS MO.   132    CLEAR  (SCALE 0-3)  13
DPTR FM NORMAL     8    PTCLDY (SCALE 4-7)   8
TOTAL FM JUL 1  3648    CLOUDY (SCALE 8-10)  1
DPTR FM NORMAL   542

[CDD (BASE 65) ]
TOTAL THIS MO.    35
DPTR FM NORMAL    -1    [PRESSURE DATA]
TOTAL FM JAN 1    48    HIGHEST SLP M ON M
DPTR FM NORMAL    -6    LOWEST  SLP 29.34 ON 13

[REMARKS]




U.S. Dept. of Commerce
NOAA National Weather Service
1325 East West Highway
Silver Spring, MD 20910
E-mail: w-nws.webmaster@noaa.gov
Page last modified: May 16, 2007
NATIONAL WEATHER SERVICE: for Safety, for Work, for Fun - FOR LIFE