292
CXUS54 KOUN 310800
CF6LAW
PRELIMINARY LOCAL CLIMATOLOGICAL DATA (WS FORM: F-6)

                                          STATION:   LAWTON MUNICIPAL
                                          MONTH:     JULY
                                          YEAR:      2014
                                          LATITUDE:   34 34 N
                                          LONGITUDE:  98 25 W

  TEMPERATURE IN F:       :PCPN:    SNOW:  WIND      :SUNSHINE: SKY     :PK WND
================================================================================
1   2   3   4   5  6A  6B    7    8   9   10  11  12  13   14  15   16   17  18
                                     12Z  AVG MX 2MIN
DY MAX MIN AVG DEP HDD CDD  WTR  SNW DPTH SPD SPD DIR MIN PSBL S-S WX    SPD DR
================================================================================

 1  93  73  83   1   0  18 0.00  0.0    0  8.7 23 170   M    M   1 3      29 170
 2  88  70  79  -3   0  14    T  0.0    0 10.0 18  30   M    M   3 3      23  40
 3  87  69  78  -5   0  13    T  0.0    0  6.7 15 120   M    M   4        18 130
 4  95  66  81  -2   0  16 0.00  0.0    0  8.2 21 130   M    M   2 3      24 140
 5  98  72  85   2   0  20 0.00  0.0    0 10.7 20 180   M    M   1 18     29 160
 6  98  73  86   3   0  21 0.00  0.0    0  9.8 21 190   M    M   0        26 190
 7 104  70  87   4   0  22 0.00  0.0    0  7.8 17 170   M    M   0 8      23 200
 8 103  69  86   3   0  21 0.00  0.0    0  5.8 16  30   M    M   2 8      21 290
 9  94  74  84   0   0  19 0.00  0.0    0 12.5 24 120   M    M   1        30 120
10 101  73  87   3   0  22 0.00  0.0    0 10.0 20 180   M    M   0 8      26 180
11  98  71  85   1   0  20 0.00  0.0    0 11.5 22 180   M    M   1 8      32 170
12 101  70  86   2   0  21 0.00  0.0    0 10.4 23 190   M    M   0        30 200
13 104  66  85   1   0  20 0.00  0.0    0  6.2 16 210   M    M   0        24 260
14  95  77  86   2   0  21 0.04  0.0    0  4.4 25  60   M    M   1 138    33  60
15  88  72  80  -4   0  15 0.00  0.0    0 11.7 21  50   M    M   4        24  40
16  81  64  73 -11   0   8 0.09  0.0    0  9.5 18  70   M    M   6        23  70
17  72  62  67 -17   0   2 0.45  0.0    0  8.4 20 120   M    M   9 13     23 120
18   M   M   M   M   M   M 0.00  0.0    0  5.8  9 100   M    M   6         M  M
19  86  61  74 -11   0   9 0.00  0.0    0  6.3 16 130   M    M   4 1      20 130
20  95  65  80  -5   0  15 0.00  0.0    0  8.4 15 170   M    M   0        21 170
21  99  73  86   1   0  21 0.00  0.0    0  9.0 16 140   M    M   2 18     21 140
22 100  75  88   3   0  23 0.00  0.0    0  5.8 16 110   M    M   0 18     20 120
23 102  71  87   2   0  22 0.00  0.0    0  4.1 21 110   M    M   1 138    26 190
24  99  72  86   1   0  21 0.00  0.0    0  5.7 13 130   M    M   0        16 130
25 103  70  87   2   0  22 0.00  0.0    0 10.4 20 170   M    M   0 8      28 170
26 104  69  87   2   0  22 0.00  0.0    0  9.1 20 180   M    M   0 8      28 200
27 108  71  90   4   0  25 0.00  0.0    0  8.5 24  60   M    M   2        30  50
28  85  71  78  -8   0  13 0.06  0.0    0  7.3 20  50   M    M   5 13     24  50
29  86  69  78  -8   0  13 0.14  0.0    0  3.1 13 200   M    M   6 13     17 240
30  84  67  76 -10   0  11 0.21  0.0    0  8.0 22 360   M    M   7 1      26 360
================================================================================
SM 2751 2025         0 510  0.99     0.0 243.8          M       68
================================================================================
AV 94.9 69.8                               8.1 FASTST   M    M   2    MAX(MPH)
                                 MISC ---->  # 25  60               # 33   60
================================================================================
NOTES:
# LAST OF SEVERAL OCCURRENCES

COLUMN 17 PEAK WIND IN M.P.H.

PRELIMINARY LOCAL CLIMATOLOGICAL DATA (WS FORM: F-6) , PAGE 2

                                          STATION:  LAWTON MUNICIPAL
                                          MONTH:    JULY
                                          YEAR:     2014
                                          LATITUDE:   34 34 N
                                          LONGITUDE:  98 25 W

[TEMPERATURE DATA]      [PRECIPITATION DATA]       SYMBOLS USED IN COLUMN 16

AVERAGE MONTHLY: 82.3   TOTAL FOR MONTH:   0.99    1 = FOG OR MIST
DPTR FM NORMAL:  -1.9   DPTR FM NORMAL:   -1.15    2 = FOG REDUCING VISIBILITY
HIGHEST:   108 ON 27    GRTST 24HR  0.54 ON 16-17      TO 1/4 MILE OR LESS
LOWEST:     61 ON 19                               3 = THUNDER
                        SNOW, ICE PELLETS, HAIL    4 = ICE PELLETS
                        TOTAL MONTH:   0.0 INCH    5 = HAIL
                        GRTST 24HR     0.0         6 = FREEZING RAIN OR DRIZZLE
                        GRTST DEPTH:   0           7 = DUSTSTORM OR SANDSTORM:
                                                       VSBY 1/2 MILE OR LESS
                                                   8 = SMOKE OR HAZE
[NO. OF DAYS WITH]      [WEATHER - DAYS WITH]      9 = BLOWING SNOW
                                                   X = TORNADO
MAX 32 OR BELOW:   0    0.01 INCH OR MORE:   6
MAX 90 OR ABOVE:  20    0.10 INCH OR MORE:   3
MIN 32 OR BELOW:   0    0.50 INCH OR MORE:   0
MIN  0 OR BELOW:   0    1.00 INCH OR MORE:   0

[HDD (BASE 65) ]
TOTAL THIS MO.     0    CLEAR  (SCALE 0-3)  20
DPTR FM NORMAL     0    PTCLDY (SCALE 4-7)   9
TOTAL FM JUL 1     0    CLOUDY (SCALE 8-10)  1
DPTR FM NORMAL     0

[CDD (BASE 65) ]
TOTAL THIS MO.   510
DPTR FM NORMAL   -66    [PRESSURE DATA]
TOTAL FM JAN 1  1304    HIGHEST SLP M ON M
DPTR FM NORMAL    -2    LOWEST  SLP 29.78 ON  1

[REMARKS]




U.S. Dept. of Commerce
NOAA National Weather Service
1325 East West Highway
Silver Spring, MD 20910
E-mail: w-nws.webmaster@noaa.gov
Page last modified: May 16, 2007
NATIONAL WEATHER SERVICE: for Safety, for Work, for Fun - FOR LIFE