611
CXUS54 KOUN 300800
CF6LAW
PRELIMINARY LOCAL CLIMATOLOGICAL DATA (WS FORM: F-6)

                                          STATION:   LAWTON MUNICIPAL
                                          MONTH:     AUGUST
                                          YEAR:      2014
                                          LATITUDE:   34 34 N
                                          LONGITUDE:  98 25 W

  TEMPERATURE IN F:       :PCPN:    SNOW:  WIND      :SUNSHINE: SKY     :PK WND
================================================================================
1   2   3   4   5  6A  6B    7    8   9   10  11  12  13   14  15   16   17  18
                                     12Z  AVG MX 2MIN
DY MAX MIN AVG DEP HDD CDD  WTR  SNW DPTH SPD SPD DIR MIN PSBL S-S WX    SPD DR
================================================================================

 1  88  64  76 -10   0  11 0.00  0.0    0  3.7 10  30   M    M   3 1      14  40
 2  92  63  78  -8   0  13 0.00  0.0    0  2.8 15 100   M    M   2        20 100
 3  94  63  79  -7   0  14 0.00  0.0    0  2.6 14  80   M    M   1 1      17  80
 4  94  63  79  -7   0  14 0.00  0.0    0  3.8 15 160   M    M   1 18     20 160
 5  97  62  80  -6   0  15 0.00  0.0    0  5.5 16 130   M    M   1 1      18 130
 6 103  77  90   4   0  25    T  0.0    0 10.4 18 160   M    M   3        25 190
 7 104  70  87   1   0  22 0.00  0.0    0  8.6 21 130   M    M   0        25 130
 8 100  74  87   2   0  22 0.00  0.0    0  7.7 24  30   M    M   0        30  40
 9  99  73  86   1   0  21 0.00  0.0    0  5.3 15 130   M    M   1 8      18 130
10 101  74  88   3   0  23 0.00  0.0    0  5.3 26 100   M    M   1 3      32 100
11  99  76  88   3   0  23 0.00  0.0    0  9.4 18 360   M    M   1        23 360
12  96  62  79  -6   0  14 0.00  0.0    0  5.6 15  30   M    M   0        23  40
13  97  64  81  -4   0  16 0.00  0.0    0  5.7 14 160   M    M   0        20 170
14  98  64  81  -4   0  16 0.00  0.0    0  8.0 18 140   M    M   0 8      24 130
15 103  67  85   0   0  20 0.00  0.0    0  9.9 21 130   M    M   0        29 180
16 100  75  88   4   0  23 0.00  0.0    0  7.7 18 180   M    M   0        24 190
17 101  69  85   1   0  20 0.00  0.0    0  5.8 15 120   M    M   1        21 120
18 102  70  86   2   0  21 0.00  0.0    0  7.9 20 190   M    M   0        26 200
19  98  67  83  -1   0  18 0.00  0.0    0  9.6 24 150   M    M   1        31 130
20 102  78  90   6   0  25 0.00  0.0    0 14.6 25 170   M    M   1        32 170
21 103  78  91   7   0  26 0.00  0.0    0 13.7 25 150   M    M   1        35 170
22 105  79  92   9   0  27 0.00  0.0    0 12.3 22 180   M    M   0        28 170
23 103  67  85   2   0  20 0.00  0.0    0 10.8 23 160   M    M   0        31 180
24 103  75  89   6   0  24 0.00  0.0    0 11.8 20 130   M    M   0        26 180
25 105  75  90   8   0  25 0.00  0.0    0  8.6 17 140   M    M   0        22 200
26 103  74  89   7   0  24 0.00  0.0    0  7.7 21 110   M    M   1        29 110
27  99  73  86   4   0  21 0.00  0.0    0  8.6 21 100   M    M   1        24 100
28  99  68  84   2   0  19 0.36  0.0    0  7.7 18 310   M    M   4 13     28 310
29  85  68  77  -4   0  12 0.14  0.0    0  4.5 13 190   M    M   4 1      16 190
================================================================================
SM 2873 2032         0 574  0.50     0.0 225.6          M       28
================================================================================
AV 99.1 70.1                               7.8 FASTST   M    M   1    MAX(MPH)
                                 MISC ---->  # 26 100               # 35  170
================================================================================
NOTES:
# LAST OF SEVERAL OCCURRENCES

COLUMN 17 PEAK WIND IN M.P.H.

PRELIMINARY LOCAL CLIMATOLOGICAL DATA (WS FORM: F-6) , PAGE 2

                                          STATION:  LAWTON MUNICIPAL
                                          MONTH:    AUGUST
                                          YEAR:     2014
                                          LATITUDE:   34 34 N
                                          LONGITUDE:  98 25 W

[TEMPERATURE DATA]      [PRECIPITATION DATA]       SYMBOLS USED IN COLUMN 16

AVERAGE MONTHLY: 84.6   TOTAL FOR MONTH:   0.50    1 = FOG OR MIST
DPTR FM NORMAL:   0.3   DPTR FM NORMAL:   -2.03    2 = FOG REDUCING VISIBILITY
HIGHEST:   105 ON 25,22 GRTST 24HR  0.50 ON 28-29      TO 1/4 MILE OR LESS
LOWEST:     62 ON 12, 5                            3 = THUNDER
                        SNOW, ICE PELLETS, HAIL    4 = ICE PELLETS
                        TOTAL MONTH:   0.0 INCH    5 = HAIL
                        GRTST 24HR     0.0         6 = FREEZING RAIN OR DRIZZLE
                        GRTST DEPTH:   0           7 = DUSTSTORM OR SANDSTORM:
                                                       VSBY 1/2 MILE OR LESS
                                                   8 = SMOKE OR HAZE
[NO. OF DAYS WITH]      [WEATHER - DAYS WITH]      9 = BLOWING SNOW
                                                   X = TORNADO
MAX 32 OR BELOW:   0    0.01 INCH OR MORE:   2
MAX 90 OR ABOVE:  27    0.10 INCH OR MORE:   2
MIN 32 OR BELOW:   0    0.50 INCH OR MORE:   0
MIN  0 OR BELOW:   0    1.00 INCH OR MORE:   0

[HDD (BASE 65) ]
TOTAL THIS MO.     0    CLEAR  (SCALE 0-3)  26
DPTR FM NORMAL     0    PTCLDY (SCALE 4-7)   3
TOTAL FM JUL 1     0    CLOUDY (SCALE 8-10)  0
DPTR FM NORMAL     0

[CDD (BASE 65) ]
TOTAL THIS MO.   574
DPTR FM NORMAL    17    [PRESSURE DATA]
TOTAL FM JAN 1  1888    HIGHEST SLP M ON M
DPTR FM NORMAL     4    LOWEST  SLP 28.62 ON 14

[REMARKS]




U.S. Dept. of Commerce
NOAA National Weather Service
1325 East West Highway
Silver Spring, MD 20910
E-mail: w-nws.webmaster@noaa.gov
Page last modified: May 16, 2007
NATIONAL WEATHER SERVICE: for Safety, for Work, for Fun - FOR LIFE