935
CXUS55 KVEF 240940
CF6LAS
PRELIMINARY LOCAL CLIMATOLOGICAL DATA (WS FORM: F-6)

                                          STATION:   LAS VEGAS NV
                                          MONTH:     APRIL
                                          YEAR:      2014
                                          LATITUDE:   36  4 N
                                          LONGITUDE: 115 10 W

  TEMPERATURE IN F:       :PCPN:    SNOW:  WIND      :SUNSHINE: SKY     :PK WND
================================================================================
1   2   3   4   5  6A  6B    7    8   9   10  11  12  13   14  15   16   17  18
                                     12Z  AVG MX 2MIN
DY MAX MIN AVG DEP HDD CDD  WTR  SNW DPTH SPD SPD DIR MIN PSBL S-S WX    SPD DR
================================================================================

 1  65  50  58  -5   7   0 0.00  0.0    0 18.5 26 210   M    M   3        38 210
 2  59  48  54  -9  11   0    T  0.0    0 12.6 32 320   M    M   6        40 320
 3  67  43  55  -9  10   0 0.00  0.0    0  6.0 13 180   M    M   5        17 130
 4  70  51  61  -3   4   0 0.00  0.0    0  8.2 20 200   M    M   9        25 190
 5  74  50  62  -2   3   0 0.00  0.0    0  7.7 20 330   M    M   5        25 340
 6  78  59  69   5   0   4 0.00  0.0    0  8.9 18 280   M    M   0        28 340
 7  83  62  73   8   0   8 0.00  0.0    0  4.4 17 350   M    M   0        21 350
 8  88  58  73   8   0   8 0.00  0.0    0  6.5 15 180   M    M   4        18 180
 9  92  64  78  13   0  13 0.00  0.0    0  7.4 25 260   M    M   7        34 230
10  91  64  78  13   0  13 0.00  0.0    0  9.2 21 190   M    M   5        28 190
11  92  66  79  13   0  14 0.00  0.0    0  9.7 31 200   M    M   8        41 190
12  87  66  77  11   0  12 0.00  0.0    0 12.1 23 190   M    M   3        28 190
13  83  65  74   8   0   9 0.00  0.0    0 14.7 29 330   M    M   0        37 310
14  76  58  67   1   0   2 0.00  0.0    0  8.7 17  60   M    M   1        25  50
15  83  55  69   2   0   4 0.00  0.0    0  5.2 14 200   M    M   6        15 200
16  88  59  74   7   0   9 0.00  0.0    0  5.2 13 200   M    M   3        16 190
17  91  62  77   9   0  12 0.00  0.0    0  8.1 24 190   M    M   4        33 190
18  81  67  74   6   0   9 0.00  0.0    0 11.2 21 190   M    M   9        26 180
19  85  64  75   7   0  10 0.00  0.0    0  7.6 18 170   M    M   4        23 180
20  91  65  78  10   0  13 0.00  0.0    0  7.5 15 190   M    M   1        27 220
21  93  69  81  12   0  16 0.00  0.0    0 12.2 24 190   M    M   4        34 210
22  84  66  75   6   0  10 0.00  0.0    0 19.7 36 210   M    M   6 8      52 220
23  77  61  69  -1   0   4 0.00  0.0    0 10.6 23 330   M    M   5        30 340
================================================================================
SM 1878 1372        35 170    T      0.0 221.9          M       98
================================================================================
AV 81.7 59.7                               9.6 FASTST   M    M   4    MAX(MPH)
                                 MISC ---->  # 36 210               # 52  220
================================================================================
NOTES:
# LAST OF SEVERAL OCCURRENCES

COLUMN 17 PEAK WIND IN M.P.H.

PRELIMINARY LOCAL CLIMATOLOGICAL DATA (WS FORM: F-6) , PAGE 2

                                          STATION:  LAS VEGAS NV
                                          MONTH:    APRIL
                                          YEAR:     2014
                                          LATITUDE:   36  4 N
                                          LONGITUDE: 115 10 W

[TEMPERATURE DATA]      [PRECIPITATION DATA]       SYMBOLS USED IN COLUMN 16

AVERAGE MONTHLY: 70.7   TOTAL FOR MONTH:      T    1 = FOG OR MIST
DPTR FM NORMAL:   4.6   DPTR FM NORMAL:   -0.13    2 = FOG REDUCING VISIBILITY
HIGHEST:    93 ON 21    GRTST 24HR    T  ON  2- 2      TO 1/4 MILE OR LESS
LOWEST:     43 ON  3                               3 = THUNDER
                        SNOW, ICE PELLETS, HAIL    4 = ICE PELLETS
                        TOTAL MONTH:   0.0 INCH    5 = HAIL
                        GRTST 24HR     0.0         6 = FREEZING RAIN OR DRIZZLE
                        GRTST DEPTH:   0           7 = DUSTSTORM OR SANDSTORM:
                                                       VSBY 1/2 MILE OR LESS
                                                   8 = SMOKE OR HAZE
[NO. OF DAYS WITH]      [WEATHER - DAYS WITH]      9 = BLOWING SNOW
                                                   X = TORNADO
MAX 32 OR BELOW:   0    0.01 INCH OR MORE:   0
MAX 90 OR ABOVE:   6    0.10 INCH OR MORE:   0
MIN 32 OR BELOW:   0    0.50 INCH OR MORE:   0
MIN  0 OR BELOW:   0    1.00 INCH OR MORE:   0

[HDD (BASE 65) ]
TOTAL THIS MO.    35    CLEAR  (SCALE 0-3)   7
DPTR FM NORMAL   -22    PTCLDY (SCALE 4-7)  14
TOTAL FM JUL 1  1506    CLOUDY (SCALE 8-10)  2
DPTR FM NORMAL  -431

[CDD (BASE 65) ]
TOTAL THIS MO.   170
DPTR FM NORMAL    89    [PRESSURE DATA]
TOTAL FM JAN 1   204    HIGHEST SLP M ON M
DPTR FM NORMAL    92    LOWEST  SLP 29.49 ON 12

[REMARKS]




U.S. Dept. of Commerce
NOAA National Weather Service
1325 East West Highway
Silver Spring, MD 20910
E-mail: w-nws.webmaster@noaa.gov
Page last modified: May 16, 2007
NATIONAL WEATHER SERVICE: for Safety, for Work, for Fun - FOR LIFE