231
CXUS55 KVEF 260940
CF6LAS
PRELIMINARY LOCAL CLIMATOLOGICAL DATA (WS FORM: F-6)

                                          STATION:   LAS VEGAS NV
                                          MONTH:     NOVEMBER
                                          YEAR:      2014
                                          LATITUDE:   36  4 N
                                          LONGITUDE: 115 10 W

  TEMPERATURE IN F:       :PCPN:    SNOW:  WIND      :SUNSHINE: SKY     :PK WND
================================================================================
1   2   3   4   5  6A  6B    7    8   9   10  11  12  13   14  15   16   17  18
                                     12Z  AVG MX 2MIN
DY MAX MIN AVG DEP HDD CDD  WTR  SNW DPTH SPD SPD DIR MIN PSBL S-S WX    SPD DR
================================================================================

 1  72  57  65   2   0   0    T  0.0    0 17.1 28 230   M    M   7        37 210
 2  67  50  59  -3   6   0 0.00  0.0    0  9.3 17 190   M    M   4        21 330
 3  65  52  59  -3   6   0 0.00  0.0    0  8.4 20 320   M    M   0        28 330
 4  69  46  58  -4   7   0 0.00  0.0    0  5.9 12 200   M    M   0        15  60
 5  77  49  63   2   2   0 0.00  0.0    0  5.8 13 200   M    M   1        13 200
 6  78  55  67   6   0   2 0.00  0.0    0  6.8 13 200   M    M   1        14 200
 7  78  53  66   6   0   1 0.00  0.0    0  6.2 12 220   M    M   0        13 200
 8  82  56  69   9   0   4 0.00  0.0    0  6.2 14 200   M    M   1        15 200
 9  79  56  68   9   0   3 0.00  0.0    0  7.0 13 200   M    M   2        13 200
10  84  55  70  11   0   5 0.00  0.0    0  7.7 16 180   M    M   0        20 180
11  75  54  65   7   0   0 0.00  0.0    0  6.1 15 200   M    M   3        17 200
12  74  54  64   6   1   0 0.00  0.0    0  5.8 13 180   M    M   4        14 200
13  73  55  64   6   1   0 0.00  0.0    0  5.7 12 200   M    M   8        12 200
14  72  59  66   9   0   1 0.00  0.0    0  7.1 16 220   M    M   5        21 200
15  72  51  62   6   3   0 0.00  0.0    0  7.1 22  20   M    M   2 8      30 340
16  56  43  50  -6  15   0 0.00  0.0    0 10.1 25 330   M    M   2        34  10
17  59  37  48  -8  17   0 0.00  0.0    0  6.2 12 200   M    M   2        13 200
18  63  41  52  -3  13   0 0.00  0.0    0  6.2 13 200   M    M   4        13 200
19  61  44  53  -2  12   0 0.00  0.0    0  6.6 12 200   M    M   6        12 200
20  64  43  54   0  11   0 0.00  0.0    0  6.3 14 200   M    M   5        16 200
21  68  51  60   6   5   0 0.00  0.0    0  6.6 13 200   M    M   3        15 210
22  72  47  60   7   5   0 0.00  0.0    0  7.8 22 190   M    M   2        30 190
23  63  46  55   2  10   0 0.00  0.0    0 12.5 36 330   M    M   2        45 340
24  65  41  53   0  12   0 0.00  0.0    0  6.8 13 200   M    M   2        14 190
25  63  40  52   0  13   0 0.00  0.0    0  6.9 14 200   M    M   0        16 200
================================================================================
SM 1751 1235       139  16    T      0.0 188.2          M       66
================================================================================
AV 70.0 49.4                               7.5 FASTST   M    M   3    MAX(MPH)
                                 MISC ---->  # 36 330               # 45  340
================================================================================
NOTES:
# LAST OF SEVERAL OCCURRENCES

COLUMN 17 PEAK WIND IN M.P.H.

PRELIMINARY LOCAL CLIMATOLOGICAL DATA (WS FORM: F-6) , PAGE 2

                                          STATION:  LAS VEGAS NV
                                          MONTH:    NOVEMBER
                                          YEAR:     2014
                                          LATITUDE:   36  4 N
                                          LONGITUDE: 115 10 W

[TEMPERATURE DATA]      [PRECIPITATION DATA]       SYMBOLS USED IN COLUMN 16

AVERAGE MONTHLY: 59.7   TOTAL FOR MONTH:      T    1 = FOG OR MIST
DPTR FM NORMAL:   2.2   DPTR FM NORMAL:   -0.29    2 = FOG REDUCING VISIBILITY
HIGHEST:    84 ON 10    GRTST 24HR    T  ON  1- 1      TO 1/4 MILE OR LESS
LOWEST:     37 ON 17                               3 = THUNDER
                        SNOW, ICE PELLETS, HAIL    4 = ICE PELLETS
                        TOTAL MONTH:   0.0 INCH    5 = HAIL
                        GRTST 24HR     0.0         6 = FREEZING RAIN OR DRIZZLE
                        GRTST DEPTH:   0           7 = DUSTSTORM OR SANDSTORM:
                                                       VSBY 1/2 MILE OR LESS
                                                   8 = SMOKE OR HAZE
[NO. OF DAYS WITH]      [WEATHER - DAYS WITH]      9 = BLOWING SNOW
                                                   X = TORNADO
MAX 32 OR BELOW:   0    0.01 INCH OR MORE:   0
MAX 90 OR ABOVE:   0    0.10 INCH OR MORE:   0
MIN 32 OR BELOW:   0    0.50 INCH OR MORE:   0
MIN  0 OR BELOW:   0    1.00 INCH OR MORE:   0

[HDD (BASE 65) ]
TOTAL THIS MO.   139    CLEAR  (SCALE 0-3)  16
DPTR FM NORMAL   -61    PTCLDY (SCALE 4-7)   9
TOTAL FM JUL 1   139    CLOUDY (SCALE 8-10)  0
DPTR FM NORMAL  -100

[CDD (BASE 65) ]
TOTAL THIS MO.    16
DPTR FM NORMAL     6    [PRESSURE DATA]
TOTAL FM JAN 1  3970    HIGHEST SLP M ON M
DPTR FM NORMAL   404    LOWEST  SLP 29.55 ON  1

[REMARKS]




U.S. Dept. of Commerce
NOAA National Weather Service
1325 East West Highway
Silver Spring, MD 20910
E-mail: w-nws.webmaster@noaa.gov
Page last modified: May 16, 2007
NATIONAL WEATHER SERVICE: for Safety, for Work, for Fun - FOR LIFE