787
CXUS55 KVEF 310940
CF6LAS
PRELIMINARY LOCAL CLIMATOLOGICAL DATA (WS FORM: F-6)

                                          STATION:   LAS VEGAS NV
                                          MONTH:     JULY
                                          YEAR:      2014
                                          LATITUDE:   36  4 N
                                          LONGITUDE: 115 10 W

  TEMPERATURE IN F:       :PCPN:    SNOW:  WIND      :SUNSHINE: SKY     :PK WND
================================================================================
1   2   3   4   5  6A  6B    7    8   9   10  11  12  13   14  15   16   17  18
                                     12Z  AVG MX 2MIN
DY MAX MIN AVG DEP HDD CDD  WTR  SNW DPTH SPD SPD DIR MIN PSBL S-S WX    SPD DR
================================================================================

 1 112  87 100   9   0  35 0.00  0.0    0  9.7 24 180   M    M   2        31 150
 2 111  87  99   8   0  34 0.00  0.0    0 10.7 23 190   M    M   2        29 190
 3 108  86  97   6   0  32 0.00  0.0    0 13.3 24 190   M    M   1        32 210
 4 103  81  92   0   0  27 0.08  0.0    0 15.7 29 150   M    M   4 37     40 170
 5  99  81  90  -2   0  25 0.00  0.0    0 10.3 22 210   M    M   7        30 190
 6 104  81  93   1   0  28    T  0.0    0  8.3 24  80   M    M   6 3      27  80
 7 103  84  94   2   0  29    T  0.0    0  6.9 26  90   M    M   8 3      36 190
 8 102  82  92   0   0  27 0.01  0.0    0  9.0 33 210   M    M   8 3      45 210
 9  96  80  88  -4   0  23 0.00  0.0    0  5.6 17 180   M    M   8        22 180
10  94  80  87  -5   0  22 0.08  0.0    0  8.4 26  80   M    M   8        32  80
11 102  78  90  -3   0  25 0.00  0.0    0  8.4 18 190   M    M   4        25 170
12 105  77  91  -2   0  26 0.00  0.0    0  6.6 13 220   M    M   6        19 150
13 112  85  99   6   0  34    T  0.0    0  8.7 25 220   M    M   6 3      33 170
14 101  88  95   2   0  30    T  0.0    0  9.9 23 190   M    M   7        32 180
15 101  83  92  -1   0  27 0.04  0.0    0 10.4 18 160   M    M   8 3      23 170
16 107  84  96   3   0  31 0.00  0.0    0  8.4 16 240   M    M   6        20 240
17 109  86  98   5   0  33 0.00  0.0    0 10.6 21 180   M    M   4        26 150
18 108  84  96   3   0  31 0.00  0.0    0 10.2 21 170   M    M   4        28 180
19 100  84  92  -1   0  27 0.00  0.0    0 11.9 23 180   M    M   6        31 220
20 102  81  92  -1   0  27 0.00  0.0    0 11.4 22 190   M    M   3        30 190
21 104  82  93   0   0  28 0.00  0.0    0 11.7 21 190   M    M   1        29 180
22 108  80  94   1   0  29 0.00  0.0    0  8.6 17 220   M    M   0        22 220
23 112  83  98   5   0  33 0.00  0.0    0 11.4 22 190   M    M   1        26 190
24 111  88 100   7   0  35 0.00  0.0    0 13.7 24 210   M    M   2        30 180
25 105  90  98   5   0  33 0.00  0.0    0 13.1 28 190   M    M   7        33 190
26 106  87  97   4   0  32    T  0.0    0 10.3 26 180   M    M   6 3      35 180
27 104  78  91  -2   0  26 0.01  0.0    0 11.9 31 230   M    M   7 378    38 230
28  96  80  88  -5   0  23    T  0.0    0  7.9 18 190   M    M   8 3      22 190
29 101  79  90  -3   0  25 0.00  0.0    0  8.0 18 220   M    M   5        25 250
30 106  83  95   2   0  30 0.00  0.0    0  6.8 23 320   M    M   3 3      30 320
================================================================================
SM 3132 2489         0 867  0.22     0.0 297.8          M      148
================================================================================
AV104.4 83.0                               9.9 FASTST   M    M   5    MAX(MPH)
                                 MISC ---->  # 33 210               # 45  210
================================================================================
NOTES:
# LAST OF SEVERAL OCCURRENCES

COLUMN 17 PEAK WIND IN M.P.H.

PRELIMINARY LOCAL CLIMATOLOGICAL DATA (WS FORM: F-6) , PAGE 2

                                          STATION:  LAS VEGAS NV
                                          MONTH:    JULY
                                          YEAR:     2014
                                          LATITUDE:   36  4 N
                                          LONGITUDE: 115 10 W

[TEMPERATURE DATA]      [PRECIPITATION DATA]       SYMBOLS USED IN COLUMN 16

AVERAGE MONTHLY: 93.7   TOTAL FOR MONTH:   0.22    1 = FOG OR MIST
DPTR FM NORMAL:   1.1   DPTR FM NORMAL:   -0.16    2 = FOG REDUCING VISIBILITY
HIGHEST:   112 ON 23,13 GRTST 24HR  0.08 ON 10-10      TO 1/4 MILE OR LESS
LOWEST:     77 ON 12                               3 = THUNDER
                        SNOW, ICE PELLETS, HAIL    4 = ICE PELLETS
                        TOTAL MONTH:   0.0 INCH    5 = HAIL
                        GRTST 24HR     0.0         6 = FREEZING RAIN OR DRIZZLE
                        GRTST DEPTH:   0           7 = DUSTSTORM OR SANDSTORM:
                                                       VSBY 1/2 MILE OR LESS
                                                   8 = SMOKE OR HAZE
[NO. OF DAYS WITH]      [WEATHER - DAYS WITH]      9 = BLOWING SNOW
                                                   X = TORNADO
MAX 32 OR BELOW:   0    0.01 INCH OR MORE:   5
MAX 90 OR ABOVE:  30    0.10 INCH OR MORE:   0
MIN 32 OR BELOW:   0    0.50 INCH OR MORE:   0
MIN  0 OR BELOW:   0    1.00 INCH OR MORE:   0

[HDD (BASE 65) ]
TOTAL THIS MO.     0    CLEAR  (SCALE 0-3)   8
DPTR FM NORMAL     0    PTCLDY (SCALE 4-7)  22
TOTAL FM JUL 1     0    CLOUDY (SCALE 8-10)  0
DPTR FM NORMAL     0

[CDD (BASE 65) ]
TOTAL THIS MO.   867
DPTR FM NORMAL    40    [PRESSURE DATA]
TOTAL FM JAN 1  2266    HIGHEST SLP M ON M
DPTR FM NORMAL   239    LOWEST  SLP 29.54 ON  1

[REMARKS]




U.S. Dept. of Commerce
NOAA National Weather Service
1325 East West Highway
Silver Spring, MD 20910
E-mail: w-nws.webmaster@noaa.gov
Page last modified: May 16, 2007
NATIONAL WEATHER SERVICE: for Safety, for Work, for Fun - FOR LIFE