002
CXUS55 KVEF 010940
CF6LAS
PRELIMINARY LOCAL CLIMATOLOGICAL DATA (WS FORM: F-6)

                                          STATION:   LAS VEGAS NV
                                          MONTH:     SEPTEMBER
                                          YEAR:      2014
                                          LATITUDE:   36  4 N
                                          LONGITUDE: 115 10 W

  TEMPERATURE IN F:       :PCPN:    SNOW:  WIND      :SUNSHINE: SKY     :PK WND
================================================================================
1   2   3   4   5  6A  6B    7    8   9   10  11  12  13   14  15   16   17  18
                                     12Z  AVG MX 2MIN
DY MAX MIN AVG DEP HDD CDD  WTR  SNW DPTH SPD SPD DIR MIN PSBL S-S WX    SPD DR
================================================================================

 1 105  78  92   4   0  27 0.00  0.0    0  9.4 21  80   M    M   0        24 190
 2 106  78  92   4   0  27 0.00  0.0    0  9.2 21 180   M    M   0        31 170
 3 104  79  92   5   0  27 0.00  0.0    0 13.2 20 190   M    M   1        27 170
 4 102  78  90   3   0  25 0.00  0.0    0  9.6 21 190   M    M   2        27 160
 5  99  80  90   3   0  25 0.00  0.0    0 10.5 21 180   M    M   2        29 170
 6 100  78  89   3   0  24 0.00  0.0    0  8.0 14 210   M    M   1        17 210
 7  98  78  88   2   0  23 0.02  0.0    0  8.9 32 190   M    M   5 3      44 190
 8  86  74  80  -6   0  15 0.27  0.0    0  5.8 24 170   M    M   7 13     34 180
 9  92  73  83  -2   0  18 0.00  0.0    0  6.8 16 190   M    M   4        18 200
10  96  71  84  -1   0  19 0.00  0.0    0  5.3 10 190   M    M   0        13 190
11  99  74  87   2   0  22 0.00  0.0    0  6.3 12 220   M    M   0        14 220
12 100  75  88   4   0  23 0.00  0.0    0  6.5 13 200   M    M   0        14 200
13 101  74  88   4   0  23 0.00  0.0    0  7.1 13 140   M    M   1        18 130
14 102  75  89   6   0  24 0.00  0.0    0  7.0 12 120   M    M   1        18 130
15 103  79  91   8   0  26 0.00  0.0    0  6.1 12 190   M    M   1        14 200
16 102  80  91   8   0  26 0.00  0.0    0  9.0 29 170   M    M   3        39 180
17  97  79  88   6   0  23 0.00  0.0    0  6.5 17 180   M    M   3        22 180
18  98  80  89   7   0  24 0.00  0.0    0 13.0 25 230   M    M   2        32 210
19  97  75  86   5   0  21 0.00  0.0    0  9.1 20 180   M    M   1        26 190
20  97  77  87   6   0  22 0.01  0.0    0  7.4 17 320   M    M   7 3      24 200
21  94  75  85   5   0  20    T  0.0    0  6.3 17 180   M    M   4 3      20 190
22  95  74  85   5   0  20 0.00  0.0    0  6.0 14 100   M    M   0        19 180
23  96  73  85   5   0  20 0.00  0.0    0  6.7 12 200   M    M   0        15  90
24  98  72  85   6   0  20 0.00  0.0    0  6.6 14 210   M    M   0        17 190
25 100  74  87   8   0  22 0.00  0.0    0 11.3 24 190   M    M   2        30 190
26  97  73  85   7   0  20 0.32  0.0    0 15.1 31 170   M    M   4 3      43 170
27  80  67  74  -4   0   9 0.00  0.0    0 17.4 25 220   M    M   3        33 190
28  79  60  70  -7   0   5 0.02  0.0    0 10.6 23 280   M    M   5        29 190
29  83  64  74  -3   0   9    T  0.0    0  6.8 15 290   M    M   2        20 280
30  87  64  76   0   0  11 0.00  0.0    0  7.0 14  80   M    M   1        18  80
================================================================================
SM 2893 2231         0 620  0.64     0.0 258.5          M       62
================================================================================
AV 96.4 74.4                               8.6 FASTST   M    M   2    MAX(MPH)
                                 MISC ---->  # 32 190               # 44  190
================================================================================
NOTES:
# LAST OF SEVERAL OCCURRENCES

COLUMN 17 PEAK WIND IN M.P.H.

PRELIMINARY LOCAL CLIMATOLOGICAL DATA (WS FORM: F-6) , PAGE 2

                                          STATION:  LAS VEGAS NV
                                          MONTH:    SEPTEMBER
                                          YEAR:     2014
                                          LATITUDE:   36  4 N
                                          LONGITUDE: 115 10 W

[TEMPERATURE DATA]      [PRECIPITATION DATA]       SYMBOLS USED IN COLUMN 16

AVERAGE MONTHLY: 85.4   TOTAL FOR MONTH:   0.64    1 = FOG OR MIST
DPTR FM NORMAL:   2.8   DPTR FM NORMAL:    0.39    2 = FOG REDUCING VISIBILITY
HIGHEST:   106 ON  2    GRTST 24HR  0.32 ON 26-26      TO 1/4 MILE OR LESS
LOWEST:     60 ON 28                               3 = THUNDER
                        SNOW, ICE PELLETS, HAIL    4 = ICE PELLETS
                        TOTAL MONTH:   0.0 INCH    5 = HAIL
                        GRTST 24HR     0.0         6 = FREEZING RAIN OR DRIZZLE
                        GRTST DEPTH:   0           7 = DUSTSTORM OR SANDSTORM:
                                                       VSBY 1/2 MILE OR LESS
                                                   8 = SMOKE OR HAZE
[NO. OF DAYS WITH]      [WEATHER - DAYS WITH]      9 = BLOWING SNOW
                                                   X = TORNADO
MAX 32 OR BELOW:   0    0.01 INCH OR MORE:   5
MAX 90 OR ABOVE:  25    0.10 INCH OR MORE:   2
MIN 32 OR BELOW:   0    0.50 INCH OR MORE:   0
MIN  0 OR BELOW:   0    1.00 INCH OR MORE:   0

[HDD (BASE 65) ]
TOTAL THIS MO.     0    CLEAR  (SCALE 0-3)  22
DPTR FM NORMAL    -1    PTCLDY (SCALE 4-7)   8
TOTAL FM JUL 1     0    CLOUDY (SCALE 8-10)  0
DPTR FM NORMAL    -1

[CDD (BASE 65) ]
TOTAL THIS MO.   620
DPTR FM NORMAL    92    [PRESSURE DATA]
TOTAL FM JAN 1  3645    HIGHEST SLP M ON M
DPTR FM NORMAL   268    LOWEST  SLP 29.54 ON  4

[REMARKS]
#FINAL-09-14#




U.S. Dept. of Commerce
NOAA National Weather Service
1325 East West Highway
Silver Spring, MD 20910
E-mail: w-nws.webmaster@noaa.gov
Page last modified: May 16, 2007
NATIONAL WEATHER SERVICE: for Safety, for Work, for Fun - FOR LIFE