837
CXUS55 KCYS 311000
CF6LAR
PRELIMINARY LOCAL CLIMATOLOGICAL DATA (WS FORM: F-6)

                                          STATION:   LARAMIE WYOMING AIRPORT
                                          MONTH:     JULY
                                          YEAR:      2014
                                          LATITUDE:   41 18 N
                                          LONGITUDE: 105 40 W

  TEMPERATURE IN F:       :PCPN:    SNOW:  WIND      :SUNSHINE: SKY     :PK WND
================================================================================
1   2   3   4   5  6A  6B    7    8   9   10  11  12  13   14  15   16   17  18
                                     12Z  AVG MX 2MIN
DY MAX MIN AVG DEP HDD CDD  WTR  SNW DPTH SPD SPD DIR MIN PSBL S-S WX    SPD DR
================================================================================

 1  70  36  53  -9  12   0 0.00    M    M  7.3 17  60   M    M   1 8      22  50
 2  75  38  57  -5   8   0 0.00    M    M 11.4 22 150   M    M   0        27 150
 3  85  45  65   3   0   0    T    M    M  9.6 25 160   M    M   2 1      38 220
 4  83  48  66   3   0   1    T    M    M 11.3 29 260   M    M   3 3      37 260
 5  87  47  67   4   0   2 0.00    M    M  9.2 22 320   M    M   0        28 210
 6  88  49  69   6   0   4 0.00    M    M 10.7 22 140   M    M   0        28 140
 7  89  51  70   7   0   5 0.29    M    M 15.4 26 320   M    M   2 3      35  10
 8  80  56  68   4   0   3 0.00    M    M 13.2 23 150   M    M   4        29 160
 9  87  50  69   5   0   4 0.00    M    M 10.7 21 310   M    M   1 1      27 320
10  83  54  69   5   0   4 0.06    M    M  9.7 29 160   M    M   4 13     34 160
11  75  54  65   1   0   0 0.92    M    M  8.2 21 330   M    M   5 13     25 330
12  74  55  65   1   0   0 0.18    M    M  8.2 22  30   M    M   4 123    27  30
13  77  50  64   0   1   0 0.00    M    M  6.6 23  70   M    M   1 1      27  70
14  77  49  63  -1   2   0 0.02    M    M 10.1 25 150   M    M   2 13     30 150
15  78  50  64   0   1   0 0.33    M    0 11.2 23 150   M    M   1 13     29 160
16  67  49  58  -6   7   0 0.12    M    M  7.5 25  20   M    M   6 13     33  10
17  73  48  61  -4   4   0 0.00    M    M  5.7 17 150   M    M   4 12     21 150
18  78  51  65   0   0   0 0.04    M    M  9.6 24 220   M    M   1 38     33 300
19  84  47  66   1   0   1 0.00    M    M 12.3 28 270   M    M   0 8      35 290
20  85  49  67   2   0   2 0.00    M    M 11.6 24 280   M    M   2 8      33 280
21  87  56  72   7   0   7 0.00    M    M 13.0 23 210   M    M   0        32 270
22  88  49  69   4   0   4 0.00    M    M  8.9 21 150   M    M   1        26 150
23  88  56  72   7   0   7    T    M    M 12.0 25 150   M    M   1 138    40 270
24  85  60  73   8   0   8 0.00    M    M 14.7 32 250   M    M   0        45 240
25  87  55  71   6   0   6    T    M    M 12.1 33 300   M    M   1 3      42 280
26  86  52  69   4   0   4 0.00    M    M  9.2 22 320   M    M   1        29 310
27  79  46  63  -2   2   0    T    M    M  9.7 37  60   M    M   1 3      47  60
28  82  48  65   0   0   0 0.00    M    M  8.5 21 130   M    M   2 12     23 140
29  73  53  63  -2   2   0 1.02    M    M  6.8 38  90   M    M   6 13     49  90
30  59  53  56  -9   9   0 0.34    M    M  4.3 14 180   M    M  10 1      17 180
================================================================================
SM 2409 1504        48  62  3.32    M    298.7          M       66
================================================================================
AV 80.3 50.1                              10.0 FASTST   M    M   2    MAX(MPH)
                                 MISC ---->  # 38  90               # 49   90
================================================================================
NOTES:
# LAST OF SEVERAL OCCURRENCES

COLUMN 17 PEAK WIND IN M.P.H.

PRELIMINARY LOCAL CLIMATOLOGICAL DATA (WS FORM: F-6) , PAGE 2

                                          STATION:  LARAMIE WYOMING AIRPORT
                                          MONTH:    JULY
                                          YEAR:     2014
                                          LATITUDE:   41 18 N
                                          LONGITUDE: 105 40 W

[TEMPERATURE DATA]      [PRECIPITATION DATA]       SYMBOLS USED IN COLUMN 16

AVERAGE MONTHLY: 65.2   TOTAL FOR MONTH:   3.32    1 = FOG OR MIST
DPTR FM NORMAL:   1.1   DPTR FM NORMAL:    1.94    2 = FOG REDUCING VISIBILITY
HIGHEST:    89 ON  7    GRTST 24HR  1.19 ON 29-30      TO 1/4 MILE OR LESS
LOWEST:     36 ON  1                               3 = THUNDER
                        SNOW, ICE PELLETS, HAIL    4 = ICE PELLETS
                        TOTAL MONTH:    M          5 = HAIL
                        GRTST 24HR    M  ON   M    6 = FREEZING RAIN OR DRIZZLE
                        GRTST DEPTH:   0           7 = DUSTSTORM OR SANDSTORM:
                                                       VSBY 1/2 MILE OR LESS
                                                   8 = SMOKE OR HAZE
[NO. OF DAYS WITH]      [WEATHER - DAYS WITH]      9 = BLOWING SNOW
                                                   X = TORNADO
MAX 32 OR BELOW:   0    0.01 INCH OR MORE:  10
MAX 90 OR ABOVE:   0    0.10 INCH OR MORE:   7
MIN 32 OR BELOW:   0    0.50 INCH OR MORE:   2
MIN  0 OR BELOW:   0    1.00 INCH OR MORE:   1

[HDD (BASE 65) ]
TOTAL THIS MO.    48    CLEAR  (SCALE 0-3)  22
DPTR FM NORMAL   -22    PTCLDY (SCALE 4-7)   7
TOTAL FM JUL 1    48    CLOUDY (SCALE 8-10)  1
DPTR FM NORMAL   -22

[CDD (BASE 65) ]
TOTAL THIS MO.    62
DPTR FM NORMAL    26    [PRESSURE DATA]
TOTAL FM JAN 1    65    HIGHEST SLP M ON M
DPTR FM NORMAL    22    LOWEST  SLP 29.74 ON M

[REMARKS]




U.S. Dept. of Commerce
NOAA National Weather Service
1325 East West Highway
Silver Spring, MD 20910
E-mail: w-nws.webmaster@noaa.gov
Page last modified: May 16, 2007
NATIONAL WEATHER SERVICE: for Safety, for Work, for Fun - FOR LIFE