506
CXUS55 KCYS 022010
CF6LAR
PRELIMINARY LOCAL CLIMATOLOGICAL DATA (WS FORM: F-6)     ...CORRECTED...

                                          STATION:   LARAMIE WYOMING AIRPORT
                                          MONTH:     NOVEMBER
                                          YEAR:      2014
                                          LATITUDE:   41 18 N
                                          LONGITUDE: 105 40 W

  TEMPERATURE IN F:       :PCPN:    SNOW:  WIND      :SUNSHINE: SKY     :PK WND
================================================================================
1   2   3   4   5  6A  6B    7    8   9   10  11  12  13   14  15   16   17  18
                                     12Z  AVG MX 2MIN
DY MAX MIN AVG DEP HDD CDD  WTR  SNW DPTH SPD SPD DIR MIN PSBL S-S WX    SPD DR
================================================================================

 1  64  37  51  15  14   0 0.00    M    M 11.6 29 220   M    M   1        37 210
 2  53  31  42   6  23   0 0.01    M    M  8.1 21 230   M    M   3 12     24 260
 3  35  17  26  -9  39   0 0.21    M    M  6.4 16 330   M    M   6 12     20 330
 4  48  14  31  -4  34   0 0.00    M    M 14.0 31 250   M    M   0        38 250
 5  52  26  39   5  26   0 0.00    M    M 11.7 26 210   M    M   0        34 230
 6  62  24  43   9  22   0 0.00    M    M 10.0 23 230   M    M   0        30 240
 7  55  28  42   9  23   0 0.02    M    M 15.0 35 210   M    M   5 1      41 240
 8  59  21  40   7  25   0 0.00    M    M 13.3 26 220   M    M   0 1      33 220
 9  60  39  50  18  15   0 0.00    M    M 18.4 43 230   M    M   0        56 240
10  48   9  29  -3  36   0 0.05    M    M 15.7 31 280   M    M   8 12     44 250
11  10  -4   3 -28  62   0 0.10    M    M 11.2 28 150   M    M  10 12     34 150
12  -1 -23 -12 -43  77   0    T    M    M  5.6 15 160   M    M   3 1      17 160
13  12 -24  -6 -36  71   0    T    M    M  2.5 12 180   M    M   M 18     12 170
14  37  12  25  -5  40   0 0.00    M    M 15.5 29 230   M    M   4        36 230
15  32 -15   9 -21  56   0 0.07    M    M  9.8 22 350   M    M   6 18     30 340
16  21 -20   1 -28  64   0 0.00    M    M 11.2 33 310   M    M   3        43 320
17  26   3  15 -13  50   0 0.00    M    M 12.1 22 270   M    M   2        31 290
18  36  14  25  -3  40   0 0.00    M    M 19.0 33 260   M    M   3        40 260
19  40  20  30   2  35   0 0.00    M    M 11.9 18 260   M    M   4        26 210
20  45  17  31   4  34   0 0.00    M    M 10.5 18 230   M    M   2        20 230
21  44  24  34   7  31   0 0.00    M    M 13.3 23 250   M    M   1        28 260
22  48  27  38  12  27   0    T    M    M 22.5 40 230   M    M   2 18     49 230
23  30  14  22  -4  43   0    T    M    M 15.0 31 330   M    M   5 1      41 330
24  27  10  19  -6  46   0    T    M    M 18.3 37 320   M    M   5        44 320
25  36  17  27   2  38   0 0.01    M    M 23.2 46 270   M    M   5 1      59 270
26  46  20  33   9  32   0 0.04    M    M 17.8 37 270   M    M   6 1      49 270
27  50  32  41  17  24   0 0.00    M    M 18.5 35 280   M    M   1        43 280
28  54  34  44  20  21   0 0.00    M    M 13.5 29 250   M    M   0        39 250
29  53  35  44  21  21   0 0.00    M    M 22.8 38 220   M    M   0        45 220
30  42  15  29   6  36   0 0.03    M    M 16.6 39 250   M    M   6 1      54 250
================================================================================
SM 1224  454      1105   0  0.54    M    415.0          M       91
================================================================================
AV 40.8 15.1                              13.8 FASTST   M    M   3    MAX(MPH)
                                 MISC ---->    46 270                 59  270
================================================================================
NOTES:
# LAST OF SEVERAL OCCURRENCES

COLUMN 17 PEAK WIND IN M.P.H.

PRELIMINARY LOCAL CLIMATOLOGICAL DATA (WS FORM: F-6) , PAGE 2

                                          STATION:  LARAMIE WYOMING AIRPORT
                                          MONTH:    NOVEMBER
                                          YEAR:     2014
                                          LATITUDE:   41 18 N
                                          LONGITUDE: 105 40 W

[TEMPERATURE DATA]      [PRECIPITATION DATA]       SYMBOLS USED IN COLUMN 16

AVERAGE MONTHLY: 28.0   TOTAL FOR MONTH:   0.54    1 = FOG OR MIST
DPTR FM NORMAL:  -1.3   DPTR FM NORMAL:    0.00    2 = FOG REDUCING VISIBILITY
HIGHEST:    64 ON  1    GRTST 24HR  0.22 ON  2- 3      TO 1/4 MILE OR LESS
LOWEST:    -24 ON 13                               3 = THUNDER
                        SNOW, ICE PELLETS, HAIL    4 = ICE PELLETS
                        TOTAL MONTH:    M          5 = HAIL
                        GRTST 24HR    M  ON   M    6 = FREEZING RAIN OR DRIZZLE
                        GRTST DEPTH:  M  ON   M    7 = DUSTSTORM OR SANDSTORM:
                                                       VSBY 1/2 MILE OR LESS
                                                   8 = SMOKE OR HAZE
[NO. OF DAYS WITH]      [WEATHER - DAYS WITH]      9 = BLOWING SNOW
                                                   X = TORNADO
MAX 32 OR BELOW:   8    0.01 INCH OR MORE:   9
MAX 90 OR ABOVE:   0    0.10 INCH OR MORE:   2
MIN 32 OR BELOW:  26    0.50 INCH OR MORE:   0
MIN  0 OR BELOW:   5    1.00 INCH OR MORE:   0

[HDD (BASE 65) ]
TOTAL THIS MO.  1105    CLEAR  (SCALE 0-3)  16
DPTR FM NORMAL    36    PTCLDY (SCALE 4-7)  12
TOTAL FM JUL 1  2128    CLOUDY (SCALE 8-10)  1
DPTR FM NORMAL  -184

[CDD (BASE 65) ]
TOTAL THIS MO.     0
DPTR FM NORMAL     0    [PRESSURE DATA]
TOTAL FM JAN 1    67    HIGHEST SLP 30.70 ON 12
DPTR FM NORMAL     0    LOWEST  SLP 29.23 ON 10

[REMARKS]
NEW RECORD LOW TEMPERATURE OF 23 DEGREES BELOW ZERO SET ON THE 12TH. THE OLD
 RECORD WAS 16 DEGREES BELOW SET IN 2000.
NEW RECORD COLDEST HIGH TEMPERATURE OF 1 DEGREE BELOW ZERO SET ON THE 12TH. THE
 OLD RECORD WAS 10 DEGREES ABOVE SET IN 2000.
NEW RECORD LOW TEMPERATURE OF 24 DEGREES BELOW ZERO SET ON THE 13TH. THE OLD
 RECORD WAS 14 DEGREES BELOW SET IN 2000.
NEW RECORD COLDEST HIGH TEMPERATURE OF 12 DEGREES ABOVE ZERO SET ON THE 13TH.
THE OLD RECORD WAS 14 DEGREES ABOVE SET IN 2000.
NEW RECORD LOW TEMPERATURE OF 15 DEGREES BELOW ZERO SET ON THE 15TH. THE OLD
 RECORD WAS 13 DEGREES BELOW SET IN 1980.
NEW RECORD LOW TEMPERATURE OF 20 DEGREES BELOW ZERO SET ON THE 16TH. THE OLD
 RECORD WAS 14 DEGREES BELOW SET IN 1987.
NEW RECORD WARMEST LOW TEMPERATURE OF 35 DEGREES SET ON THE 29TH. THE OLD RECORD
 WAS 34 DEGREES SET IN 2012.

PRECIPITATION AMOUNTS FOR THE 11TH AND 30TH DETERMINED USING ASOS 5 MINUTE
OBSERVATIONS, LARAMIE 2NW (48-5435) AND LARAMIE 4SE (48-5417) COOPERATIVE
OBSERVING SITES, LARAMIE 1SE PRECIPITATION SPOTTER AND NEARBY CoCoRaHS SITES.
#FINAL-11-14#




U.S. Dept. of Commerce
NOAA National Weather Service
1325 East West Highway
Silver Spring, MD 20910
E-mail: w-nws.webmaster@noaa.gov
Page last modified: May 16, 2007
NATIONAL WEATHER SERVICE: for Safety, for Work, for Fun - FOR LIFE