118
CXUS55 KCYS 231000
CF6LAR
PRELIMINARY LOCAL CLIMATOLOGICAL DATA (WS FORM: F-6)

                                          STATION:   LARAMIE WYOMING AIRPORT
                                          MONTH:     APRIL
                                          YEAR:      2014
                                          LATITUDE:   41 18 N
                                          LONGITUDE: 105 40 W

  TEMPERATURE IN F:       :PCPN:    SNOW:  WIND      :SUNSHINE: SKY     :PK WND
================================================================================
1   2   3   4   5  6A  6B    7    8   9   10  11  12  13   14  15   16   17  18
                                     12Z  AVG MX 2MIN
DY MAX MIN AVG DEP HDD CDD  WTR  SNW DPTH SPD SPD DIR MIN PSBL S-S WX    SPD DR
================================================================================

 1  45  24  35   1  30   0    T    M    M 15.2 41 260   M    M   8 18     49 270
 2  45  24  35   1  30   0    T    M    M 11.8 26 160   M    M   8 1      33 160
 3  39  18  29  -6  36   0    T    M    M 13.6 28 340   M    M   4 8      36 340
 4  46  17  32  -3  33   0 0.00    M    M 12.6 29 230   M    M   2        38 270
 5  43  22  33  -2  32   0    T    M    M  9.4 22 320   M    M   6 8      25 320
 6  44  19  32  -3  33   0    T    M    M 11.6 31 310   M    M   6 8      38 330
 7  44  22  33  -3  32   0    T    M    M 17.3 35 320   M    M   8 1      45 330
 8  60  25  43   7  22   0 0.00    M    M 15.0 32 280   M    M   1        39 280
 9  66  34  50  14  15   0 0.00    M    M 21.4 44 240   M    M   2        58 240
10  58  33  46  10  19   0 0.00    M    M 17.3 39 270   M    M   1        48 280
11  65  25  45   9  20   0 0.00    M    M 15.3 32 250   M    M   0        40 270
12  60  33  47  10  18   0 0.08    M    M 12.1 28 300   M    M   4 1      33 300
13  36   9  23 -14  42   0 0.03    M    M 15.0 25  70   M    M  10 12     30  80
14  31   1  16 -21  49   0    T    M    M 10.7 24 340   M    M   3 1      29 340
15  52  24  38   0  27   0 0.02    M    M 19.2 36 260   M    M   2 12     47 260
16  44  24  34  -4  31   0 0.00    M    M 12.2 23 300   M    M   6        27 300
17  55  21  38   0  27   0 0.00    M    M  8.5 23 240   M    M   0        28 260
18  69  37  53  15  12   0 0.00    M    M 16.7 38 250   M    M   0        45 210
19  59  31  45   6  20   0    T    M    M 11.0 21 310   M    M   5 8      24 300
20  63  33  48   9  17   0    T    M    M 10.4 31 330   M    M   4        39 330
21  61  29  45   6  20   0 0.00    M    M 11.9 23 150   M    M   2        28 150
22  66  34  50  10  15   0 0.00    M    M 14.6 32 240   M    M   2        39 240
================================================================================
SM 1151  539       580   0  0.13    M    302.8          M       84
================================================================================
AV 52.3 24.5                              13.8 FASTST   M    M   4    MAX(MPH)
                                 MISC ---->  # 44 240               # 58  240
================================================================================
NOTES:
# LAST OF SEVERAL OCCURRENCES

COLUMN 17 PEAK WIND IN M.P.H.

PRELIMINARY LOCAL CLIMATOLOGICAL DATA (WS FORM: F-6) , PAGE 2

                                          STATION:  LARAMIE WYOMING AIRPORT
                                          MONTH:    APRIL
                                          YEAR:     2014
                                          LATITUDE:   41 18 N
                                          LONGITUDE: 105 40 W

[TEMPERATURE DATA]      [PRECIPITATION DATA]       SYMBOLS USED IN COLUMN 16

AVERAGE MONTHLY: 38.4   TOTAL FOR MONTH:   0.13    1 = FOG OR MIST
DPTR FM NORMAL:   1.7   DPTR FM NORMAL:   -0.59    2 = FOG REDUCING VISIBILITY
HIGHEST:    69 ON 18    GRTST 24HR  0.11 ON 12-13      TO 1/4 MILE OR LESS
LOWEST:      1 ON 14                               3 = THUNDER
                        SNOW, ICE PELLETS, HAIL    4 = ICE PELLETS
                        TOTAL MONTH:    M          5 = HAIL
                        GRTST 24HR    M  ON   M    6 = FREEZING RAIN OR DRIZZLE
                        GRTST DEPTH:  M  ON   M    7 = DUSTSTORM OR SANDSTORM:
                                                       VSBY 1/2 MILE OR LESS
                                                   8 = SMOKE OR HAZE
[NO. OF DAYS WITH]      [WEATHER - DAYS WITH]      9 = BLOWING SNOW
                                                   X = TORNADO
MAX 32 OR BELOW:   1    0.01 INCH OR MORE:   3
MAX 90 OR ABOVE:   0    0.10 INCH OR MORE:   0
MIN 32 OR BELOW:  16    0.50 INCH OR MORE:   0
MIN  0 OR BELOW:   0    1.00 INCH OR MORE:   0

[HDD (BASE 65) ]
TOTAL THIS MO.   580    CLEAR  (SCALE 0-3)  11
DPTR FM NORMAL   -44    PTCLDY (SCALE 4-7)  10
TOTAL FM JUL 1  7621    CLOUDY (SCALE 8-10)  1
DPTR FM NORMAL  -238

[CDD (BASE 65) ]
TOTAL THIS MO.     0
DPTR FM NORMAL     0    [PRESSURE DATA]
TOTAL FM JAN 1     0    HIGHEST SLP M ON M
DPTR FM NORMAL     0    LOWEST  SLP 29.43 ON 22

[REMARKS]




U.S. Dept. of Commerce
NOAA National Weather Service
1325 East West Highway
Silver Spring, MD 20910
E-mail: w-nws.webmaster@noaa.gov
Page last modified: May 16, 2007
NATIONAL WEATHER SERVICE: for Safety, for Work, for Fun - FOR LIFE