553
CXUS53 KGRR 281017
CF6LAN
PRELIMINARY LOCAL CLIMATOLOGICAL DATA (WS FORM: F-6)

                                          STATION:   LANSING MI
                                          MONTH:     JULY
                                          YEAR:      2014
                                          LATITUDE:   42 46 N
                                          LONGITUDE:  84 36 W

  TEMPERATURE IN F:       :PCPN:    SNOW:  WIND      :SUNSHINE: SKY     :PK WND
================================================================================
1   2   3   4   5  6A  6B    7    8   9   10  11  12  13   14  15   16   17  18
                                     12Z  AVG MX 2MIN
DY MAX MIN AVG DEP HDD CDD  WTR  SNW DPTH SPD SPD DIR MIN PSBL S-S WX    SPD DR
================================================================================

 1  83  65  74   3   0   9 0.41  0.0    0 11.5 23 250   M    M   4 1      31 240
 2  74  63  69  -2   0   4 0.00  0.0    0 10.3 21 250   M    M   6        26 260
 3  73  50  62  -9   3   0 0.42  0.0    0  7.5 18 310   M    M   5 1      24  30
 4  75  51  63  -8   2   0 0.00  0.0    0  4.8 14 360   M    M   1 128    20 360
 5  78  53  66  -6   0   1 0.00  0.0    0  6.5 16 220   M    M   1        21 230
 6  80  62  71  -1   0   6 0.01  0.0    0 10.7 21 190   M    M   3        25 210
 7  83  68  76   4   0  11 1.89  0.0    0 12.3 24 210   M    M   5 18     32 210
 8  76  63  70  -2   0   5 0.95  0.0    0 10.0 25 270   M    M   4 123    35 270
 9  73  56  65  -7   0   0 0.00  0.0    0  5.3 13 310   M    M   7        17 300
10  75  53  64  -8   1   0 0.00  0.0    0  3.8 10  30   M    M   1        14  30
11  79  56  68  -4   0   3 0.00  0.0    0  3.9 14 170   M    M   1 1      19 190
12  83  62  73   1   0   8    T  0.0    0  8.0 20 210   M    M   4        25 210
13  80  67  74   2   0   9 0.41  0.0    0 10.4 23 220   M    M   3 1      36 210
14  77  59  68  -4   0   3 0.23  0.0    0  3.7 13 280   M    M   6 1      15 250
15  68  54  61 -11   4   0 0.08  0.0    0 11.3 22 270   M    M   5 1      30 280
16  70  51  61 -11   4   0    T  0.0    0  6.7 16 350   M    M   8 1      23 270
17  75  50  63  -9   2   0 0.00  0.0    0  5.1 15 250   M    M   2 1      23 260
18  77  51  64  -8   1   0 0.00  0.0    0  4.4 14 160   M    M   2        20 130
19  79  58  69  -3   0   4 0.00  0.0    0  3.5 12 150   M    M   5        14 140
20  80  60  70  -2   0   5 0.00  0.0    0  1.8  7 120   M    M   3 18     10 100
21  84  63  74   2   0   9 0.00  0.0    0  5.0 13 180   M    M   2        20 200
22  87  66  77   5   0  12 0.00  0.0    0 10.6 20 210   M    M   2        25 210
23  78  59  69  -3   0   4    T  0.0    0  9.6 18 280   M    M   5        25 320
24  74  54  64  -8   1   0 0.00  0.0    0  4.1 10  20   M    M   3 8      16  10
25  77  51  64  -7   1   0 0.00  0.0    0  5.9 15 210   M    M   2        19 250
26  79  60  70  -1   0   5    T  0.0    0  7.5 14 230   M    M   4 18     17 210
27  82  60  71   0   0   6 0.36  0.0    0  6.2 26 320   M    M   5 1238   34 290
================================================================================
SM 2099 1565        19 104  4.76     0.0 190.4          M       99
================================================================================
AV 77.7 58.0                               7.1 FASTST   M    M   4    MAX(MPH)
                                 MISC ---->  # 26 320               # 36  210
================================================================================
NOTES:
# LAST OF SEVERAL OCCURRENCES

COLUMN 17 PEAK WIND IN M.P.H.

PRELIMINARY LOCAL CLIMATOLOGICAL DATA (WS FORM: F-6) , PAGE 2

                                          STATION:  LANSING MI
                                          MONTH:    JULY
                                          YEAR:     2014
                                          LATITUDE:   42 46 N
                                          LONGITUDE:  84 36 W

[TEMPERATURE DATA]      [PRECIPITATION DATA]       SYMBOLS USED IN COLUMN 16

AVERAGE MONTHLY: 67.9   TOTAL FOR MONTH:   4.76    1 = FOG OR MIST
DPTR FM NORMAL:  -3.9   DPTR FM NORMAL:    2.30    2 = FOG REDUCING VISIBILITY
HIGHEST:    87 ON 22    GRTST 24HR  1.90 ON  6- 7      TO 1/4 MILE OR LESS
LOWEST:     50 ON 17, 3                            3 = THUNDER
                        SNOW, ICE PELLETS, HAIL    4 = ICE PELLETS
                        TOTAL MONTH:   0.0 INCH    5 = HAIL
                        GRTST 24HR     0.0         6 = FREEZING RAIN OR DRIZZLE
                        GRTST DEPTH:   0           7 = DUSTSTORM OR SANDSTORM:
                                                       VSBY 1/2 MILE OR LESS
                                                   8 = SMOKE OR HAZE
[NO. OF DAYS WITH]      [WEATHER - DAYS WITH]      9 = BLOWING SNOW
                                                   X = TORNADO
MAX 32 OR BELOW:   0    0.01 INCH OR MORE:   9
MAX 90 OR ABOVE:   0    0.10 INCH OR MORE:   7
MIN 32 OR BELOW:   0    0.50 INCH OR MORE:   2
MIN  0 OR BELOW:   0    1.00 INCH OR MORE:   1

[HDD (BASE 65) ]
TOTAL THIS MO.    19    CLEAR  (SCALE 0-3)  11
DPTR FM NORMAL    17    PTCLDY (SCALE 4-7)  16
TOTAL FM JUL 1    19    CLOUDY (SCALE 8-10)  0
DPTR FM NORMAL    17

[CDD (BASE 65) ]
TOTAL THIS MO.   104
DPTR FM NORMAL   -85    [PRESSURE DATA]
TOTAL FM JAN 1   290    HIGHEST SLP  0.00 ON M
DPTR FM NORMAL   -72    LOWEST  SLP  0.00 ON 10

[REMARKS]




U.S. Dept. of Commerce
NOAA National Weather Service
1325 East West Highway
Silver Spring, MD 20910
E-mail: w-nws.webmaster@noaa.gov
Page last modified: May 16, 2007
NATIONAL WEATHER SERVICE: for Safety, for Work, for Fun - FOR LIFE