161
CXUS53 KGRR 281017
CF6LAN
PRELIMINARY LOCAL CLIMATOLOGICAL DATA (WS FORM: F-6)

                                          STATION:   LANSING MI
                                          MONTH:     AUGUST
                                          YEAR:      2014
                                          LATITUDE:   42 46 N
                                          LONGITUDE:  84 36 W

  TEMPERATURE IN F:       :PCPN:    SNOW:  WIND      :SUNSHINE: SKY     :PK WND
================================================================================
1   2   3   4   5  6A  6B    7    8   9   10  11  12  13   14  15   16   17  18
                                     12Z  AVG MX 2MIN
DY MAX MIN AVG DEP HDD CDD  WTR  SNW DPTH SPD SPD DIR MIN PSBL S-S WX    SPD DR
================================================================================

 1  82  56  69  -2   0   4 1.13  0.0    0  5.5 16 140   0    0   0 1      31 160
 2  81  53  67  -4   0   2    T  0.0    0  1.7  6 300   M    M   0 1       M  M
 3  83  58  71   0   0   6 0.00  0.0    0  3.3 10 270   M    M   0 18     19 280
 4  83  63  73   2   0   8 0.96  0.0    0  5.0 25 310   M    M   3 138    39 320
 5  78  63  71   0   0   6 0.42  0.0    0  3.6 12  30   M    M   4 138    20  10
 6  77  59  68  -3   0   3 0.00  0.0    0  3.6 13 360   M    M   4 12     20 360
 7  81  55  68  -3   0   3 0.00  0.0    0  3.6  9  60   M    M   1 18     13 340
 8  78  59  69  -2   0   4 0.00  0.0    0  5.4 14  60   M    M   1        16 100
 9  79  52  66  -5   0   1 0.00  0.0    0  5.8 16  50   M    M   0        23  70
10  83  56  70   0   0   5 0.00  0.0    0  5.1 13  90   M    M   1        23  20
11  79  61  70   0   0   5 0.42  0.0    0  4.6 12 110   M    M   4 18     14 110
12  73  58  66  -4   0   1 0.03  0.0    0  8.4 20 290   M    M   8 18     23 300
13  77  53  65  -5   0   0 0.00  0.0    0  8.2 17 280   M    M   2        23 310
14  71  48  60 -10   5   0 0.00  0.0    0  7.8 21 280   M    M   2        24 290
15  75  45  60 -10   5   0 0.00  0.0    0  5.9 18 270   M    M   0        24 260
16  81  55  68  -2   0   3    T  0.0    0  9.7 24 260   M    M   3 1      30 220
17  78  64  71   1   0   6 0.20  0.0    0  5.5 12  50   M    M   9 1      21  60
18  79  58  69  -1   0   4 0.00  0.0    0  5.6 14 140   M    M   5        20  60
19  79  63  71   1   0   6 0.76  0.0    0  8.1 32 240   M    M   5 138    47 270
20  81  64  73   3   0   8    T  0.0    0  5.8 20 270   M    M   5 128    23 270
21  79  60  70   1   0   5 0.01  0.0    0  2.0  8 100   M    M   4 1      11  30
22  82  69  76   7   0  11    T  0.0    0  5.3 12  50   M    M  10 18     14  50
23  80  64  72   3   0   7 0.00  0.0    0  6.2 12  40   M    M   2 1      15  40
24  81  63  72   3   0   7 0.00  0.0    0  6.8 13 110   M    M   6 18     22  20
25  85  67  76   7   0  11 0.00  0.0    0  5.8 12 160   M    M   4 1      16 180
26  86  65  76   7   0  11 0.56  0.0    0  7.6 35 280   M    M   2 13     45 310
27  76  60  68   0   0   3 0.00  0.0    0  5.5 14  10   M    M   5 1      19 330
================================================================================
SM 2147 1591        10 130  4.49     0.0 151.4            0     90
================================================================================
AV 79.5 58.9                               5.6 FASTST    0   0   3    MAX(MPH)
                                 MISC ---->  # 35 280               # 47  270
================================================================================
NOTES:
# LAST OF SEVERAL OCCURRENCES

COLUMN 17 PEAK WIND IN M.P.H.

PRELIMINARY LOCAL CLIMATOLOGICAL DATA (WS FORM: F-6) , PAGE 2

                                          STATION:  LANSING MI
                                          MONTH:    AUGUST
                                          YEAR:     2014
                                          LATITUDE:   42 46 N
                                          LONGITUDE:  84 36 W

[TEMPERATURE DATA]      [PRECIPITATION DATA]       SYMBOLS USED IN COLUMN 16

AVERAGE MONTHLY: 69.2   TOTAL FOR MONTH:   4.49    1 = FOG OR MIST
DPTR FM NORMAL:  -0.8   DPTR FM NORMAL:    1.68    2 = FOG REDUCING VISIBILITY
HIGHEST:    86 ON 26    GRTST 24HR  1.38 ON  4- 5      TO 1/4 MILE OR LESS
LOWEST:     45 ON 15                               3 = THUNDER
                        SNOW, ICE PELLETS, HAIL    4 = ICE PELLETS
                        TOTAL MONTH:   0.0 INCH    5 = HAIL
                        GRTST 24HR     0.0         6 = FREEZING RAIN OR DRIZZLE
                        GRTST DEPTH:   0           7 = DUSTSTORM OR SANDSTORM:
                                                       VSBY 1/2 MILE OR LESS
                                                   8 = SMOKE OR HAZE
[NO. OF DAYS WITH]      [WEATHER - DAYS WITH]      9 = BLOWING SNOW
                                                   X = TORNADO
MAX 32 OR BELOW:   0    0.01 INCH OR MORE:   9
MAX 90 OR ABOVE:   0    0.10 INCH OR MORE:   7
MIN 32 OR BELOW:   0    0.50 INCH OR MORE:   4
MIN  0 OR BELOW:   0    1.00 INCH OR MORE:   1

[HDD (BASE 65) ]
TOTAL THIS MO.    10    CLEAR  (SCALE 0-3)  13
DPTR FM NORMAL   -13    PTCLDY (SCALE 4-7)  11
TOTAL FM JUL 1    39    CLOUDY (SCALE 8-10)  3
DPTR FM NORMAL     5

[CDD (BASE 65) ]
TOTAL THIS MO.   130
DPTR FM NORMAL   -21    [PRESSURE DATA]
TOTAL FM JAN 1   420    HIGHEST SLP  0.00 ON  2
DPTR FM NORMAL  -117    LOWEST  SLP  0.00 ON  2

[REMARKS]




U.S. Dept. of Commerce
NOAA National Weather Service
1325 East West Highway
Silver Spring, MD 20910
E-mail: w-nws.webmaster@noaa.gov
Page last modified: May 16, 2007
NATIONAL WEATHER SERVICE: for Safety, for Work, for Fun - FOR LIFE