189
CXUS53 KGRR 011017
CF6LAN
PRELIMINARY LOCAL CLIMATOLOGICAL DATA (WS FORM: F-6)

                                          STATION:   LANSING MI
                                          MONTH:     SEPTEMBER
                                          YEAR:      2014
                                          LATITUDE:   42 46 N
                                          LONGITUDE:  84 36 W

  TEMPERATURE IN F:       :PCPN:    SNOW:  WIND      :SUNSHINE: SKY     :PK WND
================================================================================
1   2   3   4   5  6A  6B    7    8   9   10  11  12  13   14  15   16   17  18
                                     12Z  AVG MX 2MIN
DY MAX MIN AVG DEP HDD CDD  WTR  SNW DPTH SPD SPD DIR MIN PSBL S-S WX    SPD DR
================================================================================

 1  81  65  73   6   0   8 0.41  0.0    0 10.3 30 260   M    M   6 18     35 250
 2  79  61  70   3   0   5    T  0.0    0  6.1 17 270   M    M   3 1      22 250
 3  81  56  69   2   0   4 0.00  0.0    0  3.0 13 230   M    M   1 1      19 240
 4  79  63  71   5   0   6 0.04  0.0    0  8.9 23 210   M    M   2 1      28 210
 5  89  67  78  12   0  13 0.55  0.0    0 11.6 31 250   M    M   4 138    45 250
 6  73  55  64  -2   1   0    T  0.0    0  6.5 14 310   M    M   4        17 320
 7  76  49  63  -2   2   0 0.00  0.0    0  2.3 12 200   M    M   0        18 180
 8  76  53  65   0   0   0 0.00  0.0    0  5.4 14 150   M    M   0        18 170
 9  77  59  68   3   0   3 0.00  0.0    0  4.3 14 190   M    M   1        17 190
10  76  57  67   3   0   2 0.34  0.0    0 13.4 28 270   M    M   8 1      36 280
11  57  49  53 -11  12   0    T  0.0    0  9.8 21 290   M    M   9 18     29 300
12  56  47  52 -12  13   0 0.16  0.0    0  5.2  9  10   M    M  10 1      14 350
13  58  44  51 -12  14   0 0.23  0.0    0  6.1 15 320   M    M   9 1      21 340
14  63  42  53 -10  12   0 0.00  0.0    0  3.7 17 190   M    M   6        21 220
15  64  46  55  -7  10   0 0.14  0.0    0  4.2 14 250   M    M   6 1      23 250
16  65  44  55  -7  10   0 0.00  0.0    0  4.7 16 310   M    M   5 12     22 300
17  67  40  54  -8  11   0 0.00  0.0    0  3.9 13 260   M    M   1        18 260
18  64  42  53  -8  12   0 0.00  0.0    0  4.0 14  40   M    M   3 1      16  30
19  69  40  55  -6  10   0 0.00  0.0    0  7.6 15 170   M    M   0 1      19 170
20  79  55  67   7   0   2 0.07  0.0    0 13.7 25 200   M    M   5 138    35 210
21  66  47  57  -3   8   0 0.37  0.0    0 14.0 25 300   M    M  10 18     34 290
22  63  42  53  -6  12   0 0.00  0.0    0  6.7 15 290   M    M   5        28  60
23  73  45  59   0   6   0 0.00  0.0    0  3.4 13 240   M    M   0 1      15 260
24  74  46  60   1   5   0 0.00  0.0    0  4.8 14 150   M    M   0 18     16 130
25  76  50  63   5   2   0 0.00  0.0    0  3.4 12 100   M    M   0 12     14 100
26  76  45  61   3   4   0 0.00  0.0    0  2.3 14 140   M    M   2 128    17 160
27  77  48  63   6   2   0 0.00  0.0    0  3.4 13 100   M    M   1 128    19  70
28  77  49  63   6   2   0 0.00  0.0    0  1.6  9 100   M    M   0 12     14 110
29  78  49  64   8   1   0 0.23  0.0    0  4.9 17 350   M    M   2 18     22 310
30  58  49  54  -2  11   0 0.00  0.0    0  6.8 13  20   M    M  10 1      17 340
================================================================================
SM 2147 1504       160  43  2.54     0.0 186.0          M      113
================================================================================
AV 71.6 50.1                               6.2 FASTST   M    M   4    MAX(MPH)
                                 MISC ---->  # 31 250               # 45  250
================================================================================
NOTES:
# LAST OF SEVERAL OCCURRENCES

COLUMN 17 PEAK WIND IN M.P.H.

PRELIMINARY LOCAL CLIMATOLOGICAL DATA (WS FORM: F-6) , PAGE 2

                                          STATION:  LANSING MI
                                          MONTH:    SEPTEMBER
                                          YEAR:     2014
                                          LATITUDE:   42 46 N
                                          LONGITUDE:  84 36 W

[TEMPERATURE DATA]      [PRECIPITATION DATA]       SYMBOLS USED IN COLUMN 16

AVERAGE MONTHLY: 60.8   TOTAL FOR MONTH:   2.54    1 = FOG OR MIST
DPTR FM NORMAL:  -1.1   DPTR FM NORMAL:   -0.96    2 = FOG REDUCING VISIBILITY
HIGHEST:    89 ON  5    GRTST 24HR  0.55 ON  5- 5      TO 1/4 MILE OR LESS
LOWEST:     40 ON 19,17                            3 = THUNDER
                        SNOW, ICE PELLETS, HAIL    4 = ICE PELLETS
                        TOTAL MONTH:   0.0 INCH    5 = HAIL
                        GRTST 24HR     0.0         6 = FREEZING RAIN OR DRIZZLE
                        GRTST DEPTH:   0           7 = DUSTSTORM OR SANDSTORM:
                                                       VSBY 1/2 MILE OR LESS
                                                   8 = SMOKE OR HAZE
[NO. OF DAYS WITH]      [WEATHER - DAYS WITH]      9 = BLOWING SNOW
                                                   X = TORNADO
MAX 32 OR BELOW:   0    0.01 INCH OR MORE:  10
MAX 90 OR ABOVE:   0    0.10 INCH OR MORE:   8
MIN 32 OR BELOW:   0    0.50 INCH OR MORE:   1
MIN  0 OR BELOW:   0    1.00 INCH OR MORE:   0

[HDD (BASE 65) ]
TOTAL THIS MO.   160    CLEAR  (SCALE 0-3)  15
DPTR FM NORMAL     7    PTCLDY (SCALE 4-7)  10
TOTAL FM JUL 1   200    CLOUDY (SCALE 8-10)  5
DPTR FM NORMAL    12

[CDD (BASE 65) ]
TOTAL THIS MO.    43
DPTR FM NORMAL   -18    [PRESSURE DATA]
TOTAL FM JAN 1   488    HIGHEST SLP 30.45 ON 24
DPTR FM NORMAL  -130    LOWEST  SLP 29.53 ON 10

[REMARKS]
#FINAL-09-14#




U.S. Dept. of Commerce
NOAA National Weather Service
1325 East West Highway
Silver Spring, MD 20910
E-mail: w-nws.webmaster@noaa.gov
Page last modified: May 16, 2007
NATIONAL WEATHER SERVICE: for Safety, for Work, for Fun - FOR LIFE