690
CXUS53 KGRR 011017
CF6LAN
PRELIMINARY LOCAL CLIMATOLOGICAL DATA (WS FORM: F-6)

                                          STATION:   LANSING MI
                                          MONTH:     NOVEMBER
                                          YEAR:      2014
                                          LATITUDE:   42 46 N
                                          LONGITUDE:  84 36 W

  TEMPERATURE IN F:       :PCPN:    SNOW:  WIND      :SUNSHINE: SKY     :PK WND
================================================================================
1   2   3   4   5  6A  6B    7    8   9   10  11  12  13   14  15   16   17  18
                                     12Z  AVG MX 2MIN
DY MAX MIN AVG DEP HDD CDD  WTR  SNW DPTH SPD SPD DIR MIN PSBL S-S WX    SPD DR
================================================================================

 1  40  23  32 -13  33   0 0.00  0.0    0 10.1 24 360   M    M   4        33  20
 2  50  19  35 -10  30   0 0.00  0.0    0  4.5 13 210   M    M   0        16 210
 3  57  39  48   4  17   0 0.00  0.0    0 11.5 22 240   M    M   4        26 230
 4  58  41  50   6  15   0 0.03  0.0    0 15.4 25 230   M    M   9 1      35 230
 5  55  40  48   4  17   0    T  0.0    0  9.4 20 270   M    M   3        24 210
 6  47  37  42  -1  23   0 0.13  0.0    0  7.7 22 350   M    M   9 1      31 350
 7  44  30  37  -6  28   0    T    T    0  8.0 18 330   M    M   6 4      26 330
 8  43  35  39  -4  26   0 0.08    T    0 11.3 22 280   M    M  10 1      28 290
 9  44  31  38  -4  27   0    T  0.0    0 10.3 22 230   M    M   5        28 200
10  57  38  48   6  17   0 0.00  0.0    0  9.4 22 160   M    M   4        27 150
11  56  33  45   4  20   0 0.12    T    0 13.7 25 260   M    M   8 1      32 220
12  33  29  31 -10  34   0    T    T    0 12.5 25 290   M    M  10 1      35 290
13  35  23  29 -12  36   0    T    T    0  8.6 18 320   M    M   8        23 270
14  33  21  27 -13  38   0    T    T    0  8.1 14 280   M    M   8        18 270
15  33  26  30 -10  35   0    T  0.1    0  8.9 17 200   M    M   9 18     22 200
16  32  25  29 -11  36   0 0.02  0.6    T  9.0 15 210   M    M  10 18     21 130
17  30  16  23 -16  42   0 0.04  0.6    0 13.8 24 250   M    M   9 18     32 260
18  21  13  17 -22  48   0 0.03  0.7    1 17.5 29 250   M    M   9 1      36 260
19  27  15  21 -17  44   0 0.08  2.9    1 14.5 25 270   M    M  10 18     33 270
20  25  13  19 -19  46   0 0.04  1.3    5 14.2 31 260   M    M   9 1289   39 250
21  26   6  16 -21  49   0 0.00  0.0    5  6.8 14 190   M    M   1        19 190
22  49  21  35  -2  30   0 0.11    T    4 13.7 21 220   M    M   9 1      25 210
23  51  48  50  13  15   0 0.92  0.0    0 12.2 18 130   M    M  10 18     24 130
24  54  31  43   7  22   0 1.01    T    0 19.2 36 240   M    M  10 1      48 240
25  31  28  30  -6  35   0    T    T    0 15.3 29 240   M    M  10 146    37 240
26  31  28  30  -5  35   0    T    T    0  4.7  9  20   M    M  10 8      12  30
27  31  20  26  -9  39   0    T    T    0  8.1 18 300   M    M  10 18     23 310
28  28  16  22 -12  43   0    T    T    0  8.2 16 160   M    M   9 8      20 160
29  50  28  39   5  26   0    T    T    0 14.4 24 210   M    M   7 8      30 210
30  57  33  45  11  20   0    T  0.0    0 12.3 23 240   M    M  10 18     30 240
================================================================================
SM 1228  806       926   0  2.61     6.2 333.3          M      230
================================================================================
AV 40.9 26.9                              11.1 FASTST   M    M   8    MAX(MPH)
                                 MISC ---->  # 36 240               # 48  240
================================================================================
NOTES:
# LAST OF SEVERAL OCCURRENCES

COLUMN 17 PEAK WIND IN M.P.H.

PRELIMINARY LOCAL CLIMATOLOGICAL DATA (WS FORM: F-6) , PAGE 2

                                          STATION:  LANSING MI
                                          MONTH:    NOVEMBER
                                          YEAR:     2014
                                          LATITUDE:   42 46 N
                                          LONGITUDE:  84 36 W

[TEMPERATURE DATA]      [PRECIPITATION DATA]       SYMBOLS USED IN COLUMN 16

AVERAGE MONTHLY: 33.9   TOTAL FOR MONTH:   2.61    1 = FOG OR MIST
DPTR FM NORMAL:  -5.7   DPTR FM NORMAL:   -0.17    2 = FOG REDUCING VISIBILITY
HIGHEST:    58 ON  4    GRTST 24HR  1.93 ON 23-24      TO 1/4 MILE OR LESS
LOWEST:      6 ON 21                               3 = THUNDER
                        SNOW, ICE PELLETS, HAIL    4 = ICE PELLETS
                        TOTAL MONTH:   6.2 INCHES  5 = HAIL
                        GRTST 24HR   2.9 ON   M    6 = FREEZING RAIN OR DRIZZLE
                        GRTST DEPTH:   5 ON 21,20  7 = DUSTSTORM OR SANDSTORM:
                                                       VSBY 1/2 MILE OR LESS
                                                   8 = SMOKE OR HAZE
[NO. OF DAYS WITH]      [WEATHER - DAYS WITH]      9 = BLOWING SNOW
                                                   X = TORNADO
MAX 32 OR BELOW:  10    0.01 INCH OR MORE:  12
MAX 90 OR ABOVE:   0    0.10 INCH OR MORE:   5
MIN 32 OR BELOW:  21    0.50 INCH OR MORE:   2
MIN  0 OR BELOW:   0    1.00 INCH OR MORE:   1

[HDD (BASE 65) ]
TOTAL THIS MO.   926    CLEAR  (SCALE 0-3)   3
DPTR FM NORMAL   162    PTCLDY (SCALE 4-7)   8
TOTAL FM JUL 1  1596    CLOUDY (SCALE 8-10) 19
DPTR FM NORMAL   182

[CDD (BASE 65) ]
TOTAL THIS MO.     0
DPTR FM NORMAL     0    [PRESSURE DATA]
TOTAL FM JAN 1   488    HIGHEST SLP 30.51 ON 21
DPTR FM NORMAL  -137    LOWEST  SLP 29.02 ON 24

[REMARKS]
#FINAL-11-14#




U.S. Dept. of Commerce
NOAA National Weather Service
1325 East West Highway
Silver Spring, MD 20910
E-mail: w-nws.webmaster@noaa.gov
Page last modified: May 16, 2007
NATIONAL WEATHER SERVICE: for Safety, for Work, for Fun - FOR LIFE