789
CXUS53 KIND 200730
CF6LAF
PRELIMINARY LOCAL CLIMATOLOGICAL DATA (WS FORM: F-6)

                                          STATION:   LAFAYETTE IN
                                          MONTH:     APRIL
                                          YEAR:      2014
                                          LATITUDE:   40 25 N
                                          LONGITUDE:  86 56 W

  TEMPERATURE IN F:       :PCPN:    SNOW:  WIND      :SUNSHINE: SKY     :PK WND
================================================================================
1   2   3   4   5  6A  6B    7    8   9   10  11  12  13   14  15   16   17  18
                                     12Z  AVG MX 2MIN
DY MAX MIN AVG DEP HDD CDD  WTR  SNW DPTH SPD SPD DIR MIN PSBL S-S WX    SPD DR
================================================================================

 1  58  40  49   2  16   0 0.00    M    M 13.7 29 250   M    M   2        37 270
 2  54  41  48   1  17   0 0.10    M    M  7.6 17  80   M    M  10 13     21  70
 3  49  40  45  -3  20   0 2.26    M    M 12.7 28  80   M    M   9 13     33  80
 4  55  36  46  -2  19   0 0.05    M    M 16.6 37 280   M    M   9 18     48 280
 5  51  31  41  -7  24   0 0.00    M    M  5.9 18 290   M    M   4        27 290
 6  55  29  42  -7  23   0 0.00    M    M  6.3 16 100   M    M   0        22 100
 7  50  39  45  -4  20   0 0.95    M    M 10.0 20  70   M    M   8 1      25 360
 8  56  35  46  -3  19   0    T    M    M  5.6 17 350   M    M   6 18     21 350
 9  60  30  45  -5  20   0 0.00    M    M  5.3 16 260   M    M   3 12     20 240
10  71  47  59   9   6   0    T    M    M 10.1 24 240   M    M   3        35 220
11  67  41  54   4  11   0 0.04    M    M  3.6 14 260   M    M   2        16 260
12  77  40  59   8   6   0 0.00    M    M  9.6 28 210   M    M   2        40 190
13  71  61  66  15   0   1 0.03    M    M 12.4 22 210   M    M   6        32 200
14  64  31  48  -4  17   0 0.08    M    M 14.5 25 180   M    M   9 1      38 180
15  38  27  33 -19  32   0 0.02    M    M  9.7 21 340   M    M   8 1      26 320
16  51  25  38 -14  27   0 0.00    M    M 10.0 22 150   M    M   0        29 160
17  66  33  50  -2  15   0 0.00    M    M  7.7 18 240   M    M   0        24 200
18  67  42  55   2  10   0 0.00    M    M  6.2 18  10   M    M   3 1      23  20
19  67  35  51  -2  14   0 0.00    M    M 10.2 18 100   M    M   0        24 100
================================================================================
SM 1127  703       316   1  3.53    M    177.7          M       84
================================================================================
AV 59.3 37.0                               9.4 FASTST   M    M   4    MAX(MPH)
                                 MISC ---->  # 37 280               # 48  280
================================================================================
NOTES:
# LAST OF SEVERAL OCCURRENCES

COLUMN 17 PEAK WIND IN M.P.H.

PRELIMINARY LOCAL CLIMATOLOGICAL DATA (WS FORM: F-6) , PAGE 2

                                          STATION:  LAFAYETTE IN
                                          MONTH:    APRIL
                                          YEAR:     2014
                                          LATITUDE:   40 25 N
                                          LONGITUDE:  86 56 W

[TEMPERATURE DATA]      [PRECIPITATION DATA]       SYMBOLS USED IN COLUMN 16

AVERAGE MONTHLY: 48.2   TOTAL FOR MONTH:   3.53    1 = FOG OR MIST
DPTR FM NORMAL:  -1.9   DPTR FM NORMAL:    1.39    2 = FOG REDUCING VISIBILITY
HIGHEST:    77 ON 12    GRTST 24HR  2.36 ON  2- 3      TO 1/4 MILE OR LESS
LOWEST:     25 ON 16                               3 = THUNDER
                        SNOW, ICE PELLETS, HAIL    4 = ICE PELLETS
                        TOTAL MONTH:    M          5 = HAIL
                        GRTST 24HR    M  ON   M    6 = FREEZING RAIN OR DRIZZLE
                        GRTST DEPTH:  M  ON   M    7 = DUSTSTORM OR SANDSTORM:
                                                       VSBY 1/2 MILE OR LESS
                                                   8 = SMOKE OR HAZE
[NO. OF DAYS WITH]      [WEATHER - DAYS WITH]      9 = BLOWING SNOW
                                                   X = TORNADO
MAX 32 OR BELOW:   0    0.01 INCH OR MORE:   8
MAX 90 OR ABOVE:   0    0.10 INCH OR MORE:   3
MIN 32 OR BELOW:   6    0.50 INCH OR MORE:   2
MIN  0 OR BELOW:   0    1.00 INCH OR MORE:   1

[HDD (BASE 65) ]
TOTAL THIS MO.   316    CLEAR  (SCALE 0-3)  10
DPTR FM NORMAL    25    PTCLDY (SCALE 4-7)   5
TOTAL FM JUL 1  6266    CLOUDY (SCALE 8-10)  4
DPTR FM NORMAL   890

[CDD (BASE 65) ]
TOTAL THIS MO.     1
DPTR FM NORMAL     0    [PRESSURE DATA]
TOTAL FM JAN 1     1    HIGHEST SLP M ON M
DPTR FM NORMAL    -1    LOWEST  SLP 29.44 ON  7

[REMARKS]




U.S. Dept. of Commerce
NOAA National Weather Service
1325 East West Highway
Silver Spring, MD 20910
E-mail: w-nws.webmaster@noaa.gov
Page last modified: May 16, 2007
NATIONAL WEATHER SERVICE: for Safety, for Work, for Fun - FOR LIFE