786
CXUS53 KIND 280730
CF6LAF
PRELIMINARY LOCAL CLIMATOLOGICAL DATA (WS FORM: F-6)

                                          STATION:   LAFAYETTE IN
                                          MONTH:     JANUARY
                                          YEAR:      2015
                                          LATITUDE:   40 25 N
                                          LONGITUDE:  86 56 W

  TEMPERATURE IN F:       :PCPN:    SNOW:  WIND      :SUNSHINE: SKY     :PK WND
================================================================================
1   2   3   4   5  6A  6B    7    8   9   10  11  12  13   14  15   16   17  18
                                     12Z  AVG MX 2MIN
DY MAX MIN AVG DEP HDD CDD  WTR  SNW DPTH SPD SPD DIR MIN PSBL S-S WX    SPD DR
================================================================================

 1  30  17  24  -3  41   0 0.00    M    M 11.1 21 250   M    M   0        27 250
 2  36  19  28   1  37   0 0.00    M    M  2.7  9  90   M    M   2 1      10  90
 3  40  33  37  10  28   0 0.90    M    M  4.2 12 310   M    M  10 12     15 310
 4  35  10  23  -4  42   0 0.01    M    M 15.8 28 270   M    M  10 1      36 270
 5  11   0   6 -20  59   0    M    M    M  9.8 21 290   M    M   4 1      28 290
 6  14   6  10 -16  55   0    M    M    M  8.9 20 270   M    M   5 1      26 270
 7  11  -8   2 -24  63   0    M    M    M 15.7 25 320   M    M   2 189    34 290
 8  20 -10   5 -21  60   0    T    M    M 11.7 24 240   M    M   4 1      34 220
 9  21   0  11 -15  54   0    T    M    M 16.7 33 290   M    M   6 18     46 290
10  24  -7   9 -17  56   0 0.00    M    M  7.2 20 210   M    M   3        24 220
11  31  24  28   2  37   0 0.17    M    M  6.2 12 210   M    M  10 16     19 230
12  32  17  25  -1  40   0 0.06    M    M  8.7 21 360   M    M   9 1      28 360
13  17   4  11 -15  54   0 0.00    M    M  9.8 17  70   M    M   0        22  70
14  15  -6   5 -21  60   0    T    M    M  1.8  6 170   M    M   5 1       8 210
15  33   4  19  -7  46   0 0.00    M    M  4.8 15 230   M    M   1 1      20 210
16  35  15  25  -1  40   0 0.00    M    M  3.6  8  90   M    M   0 1      10 250
17  46  24  35   9  30   0    T    M    M  8.1 18 260   M    M   2 1      26 260
18  40  25  33   7  32   0    T    M    M 10.2 22 270   M    M   7 1      28 270
19  43  20  32   6  33   0 0.00    M    M  1.5  9  40   M    M   2 128    10  40
20  44  27  36  10  29   0    T    M    M  4.8 15 270   M    M   7 1      18 270
21  38  31  35   9  30   0    T    M    M  7.7 18 270   M    M  10 1      25 270
22  33  25  29   3  36   0 0.00    M    M  2.3 10 340   M    M   9 1      13 340
23  33  26  30   4  35   0 0.00    M    M  3.7 10 280   M    M  10        13 190
24  43  24  34   7  31   0 0.00    M    M  6.3 16 260   M    M   3 1      21 260
25  35  25  30   3  35   0 0.11    M    M  9.5 26  60   M    M   8 1      35  60
26  28  15  22  -5  43   0    T    M    M  3.4 15  40   M    M   7 1      20  20
27  29  18  24  -3  41   0 0.00    M    M  4.2 10  10   M    M   6 1      12  10
================================================================================
SM  817  378      1147   0  1.25    M    200.4          M      142
================================================================================
AV 30.3 14.0                               7.4 FASTST   M    M   5    MAX(MPH)
                                 MISC ---->  # 33 290               # 46  290
================================================================================
NOTES:
# LAST OF SEVERAL OCCURRENCES

COLUMN 17 PEAK WIND IN M.P.H.

PRELIMINARY LOCAL CLIMATOLOGICAL DATA (WS FORM: F-6) , PAGE 2

                                          STATION:  LAFAYETTE IN
                                          MONTH:    JANUARY
                                          YEAR:     2015
                                          LATITUDE:   40 25 N
                                          LONGITUDE:  86 56 W

[TEMPERATURE DATA]      [PRECIPITATION DATA]       SYMBOLS USED IN COLUMN 16

AVERAGE MONTHLY: 22.1   TOTAL FOR MONTH:   1.25    1 = FOG OR MIST
DPTR FM NORMAL:  -4.2   DPTR FM NORMAL:   -0.39    2 = FOG REDUCING VISIBILITY
HIGHEST:    46 ON 17    GRTST 24HR  0.90 ON  2- 3      TO 1/4 MILE OR LESS
LOWEST:    -10 ON  8                               3 = THUNDER
                        SNOW, ICE PELLETS, HAIL    4 = ICE PELLETS
                        TOTAL MONTH:    M          5 = HAIL
                        GRTST 24HR    M  ON   M    6 = FREEZING RAIN OR DRIZZLE
                        GRTST DEPTH:  M  ON   M    7 = DUSTSTORM OR SANDSTORM:
                                                       VSBY 1/2 MILE OR LESS
                                                   8 = SMOKE OR HAZE
[NO. OF DAYS WITH]      [WEATHER - DAYS WITH]      9 = BLOWING SNOW
                                                   X = TORNADO
MAX 32 OR BELOW:  13    0.01 INCH OR MORE:   5
MAX 90 OR ABOVE:   0    0.10 INCH OR MORE:   3
MIN 32 OR BELOW:  26    0.50 INCH OR MORE:   1
MIN  0 OR BELOW:   6    1.00 INCH OR MORE:   0

[HDD (BASE 65) ]
TOTAL THIS MO.  1147    CLEAR  (SCALE 0-3)  10
DPTR FM NORMAL   102    PTCLDY (SCALE 4-7)  10
TOTAL FM JUL 1  3610    CLOUDY (SCALE 8-10)  7
DPTR FM NORMAL   390

[CDD (BASE 65) ]
TOTAL THIS MO.     0
DPTR FM NORMAL     0    [PRESSURE DATA]
TOTAL FM JAN 1     0    HIGHEST SLP M ON M
DPTR FM NORMAL     0    LOWEST  SLP 29.62 ON 25

[REMARKS]




U.S. Dept. of Commerce
NOAA National Weather Service
1325 East West Highway
Silver Spring, MD 20910
E-mail: w-nws.webmaster@noaa.gov
Page last modified: May 16, 2007
NATIONAL WEATHER SERVICE: for Safety, for Work, for Fun - FOR LIFE