680
CXUS53 KIND 290730
CF6LAF
PRELIMINARY LOCAL CLIMATOLOGICAL DATA (WS FORM: F-6)

                                          STATION:   LAFAYETTE IN
                                          MONTH:     SEPTEMBER
                                          YEAR:      2014
                                          LATITUDE:   40 25 N
                                          LONGITUDE:  86 56 W

  TEMPERATURE IN F:       :PCPN:    SNOW:  WIND      :SUNSHINE: SKY     :PK WND
================================================================================
1   2   3   4   5  6A  6B    7    8   9   10  11  12  13   14  15   16   17  18
                                     12Z  AVG MX 2MIN
DY MAX MIN AVG DEP HDD CDD  WTR  SNW DPTH SPD SPD DIR MIN PSBL S-S WX    SPD DR
================================================================================

 1  83  68  76   5   0  11    T    M    M  8.1 20 230   M    M   5        27 220
 2  78  65  72   1   0   7 0.23    M    M  4.2 13 210   M    M   6 13     19 210
 3  82  60  71   0   0   6 0.00    M    M  2.1 10 270   M    M   4 12     13 260
 4  85  64  75   5   0  10    T    M    M  5.2 15 210   M    M   2 3      23 210
 5  92  68  80  10   0  15 1.03    M    M  7.4 38 320   M    M   1 13     49 320
 6  73  52  63  -7   2   0 0.12    M    M  7.4 15  10   M    M   5 1      20  20
 7  75  48  62  -8   3   0 0.00    M    M  2.9 10  40   M    M   2 1      13  70
 8  77  52  65  -4   0   0 0.00    M    M  2.2  9 190   M    M   0 1      11 120
 9  78  55  67  -2   0   2 0.26    M    M  4.3 15 150   M    M   3 1      21 150
10  77  63  70   1   0   5 0.97    M    M 10.7 21 320   M    M   7 13     34 240
11  63  52  58 -10   7   0 0.00    M    M  8.7 16 310   M    M  10 1      20  20
12  57  48  53 -15  12   0 0.01    M    M  7.2 17 330   M    M  10 18     23 350
13  62  42  52 -15  13   0 0.05    M    M  7.5 18 320   M    M   3 1      24 340
14  66  40  53 -14  12   0 0.00    M    M  1.6  8 270   M    M   2 1      10 270
15  58  46  52 -15  13   0 0.41    M    M  1.9 14 130   M    M   7 13     19 140
16  66  47  57  -9   8   0 0.00    M    M  3.2 10 360   M    M   6 1      12  80
17  68  42  55 -11  10   0 0.00    M    M  1.3 10 270   M    M   5 12     13 260
18  71  44  58  -7   7   0 0.00    M    M  4.8 16  60   M    M   1 1      20  70
19  73  48  61  -4   4   0 0.00    M    M  4.5 16 150   M    M   0        21 150
20  81  51  66   2   0   1 1.72    M    M  6.1 25 250   M    M   3 138    33 240
21  69  52  61  -3   4   0    T    M    M 10.6 25 300   M    M   5 1      33 320
22  66  42  54 -10  11   0 0.00    M    M  3.4 12  30   M    M   1        16  30
23  71  42  57  -6   8   0 0.00    M    M  1.8 10  90   M    M   0 1      12  80
24  74  46  60  -3   5   0 0.00    M    M  3.5 12 110   M    M   0 1      14  90
25  78  50  64   2   1   0 0.00    M    M  1.4  9  90   M    M   0 1      13 130
26  81  50  66   4   0   1 0.00    M    M  2.8  9  20   M    M   M 1      16  60
27  79  52  66   5   0   1 0.00    M    M  4.4 12  70   M    M   0 1      15  70
28  81  51  66   5   0   1 0.00    M    M  0.4  7  10   M    M   0 1      10 250
================================================================================
SM 2064 1440       120  60  4.80    M    129.6          M       88
================================================================================
AV 73.7 51.4                               4.6 FASTST   M    M   3    MAX(MPH)
                                 MISC ---->  # 38 320               # 49  320
================================================================================
NOTES:
# LAST OF SEVERAL OCCURRENCES

COLUMN 17 PEAK WIND IN M.P.H.

PRELIMINARY LOCAL CLIMATOLOGICAL DATA (WS FORM: F-6) , PAGE 2

                                          STATION:  LAFAYETTE IN
                                          MONTH:    SEPTEMBER
                                          YEAR:     2014
                                          LATITUDE:   40 25 N
                                          LONGITUDE:  86 56 W

[TEMPERATURE DATA]      [PRECIPITATION DATA]       SYMBOLS USED IN COLUMN 16

AVERAGE MONTHLY: 62.6   TOTAL FOR MONTH:   4.80    1 = FOG OR MIST
DPTR FM NORMAL:  -4.0   DPTR FM NORMAL:    2.33    2 = FOG REDUCING VISIBILITY
HIGHEST:    92 ON  5    GRTST 24HR  1.72 ON 20-20      TO 1/4 MILE OR LESS
LOWEST:     40 ON 14                               3 = THUNDER
                        SNOW, ICE PELLETS, HAIL    4 = ICE PELLETS
                        TOTAL MONTH:    M          5 = HAIL
                        GRTST 24HR    M  ON   M    6 = FREEZING RAIN OR DRIZZLE
                        GRTST DEPTH:  M  ON   M    7 = DUSTSTORM OR SANDSTORM:
                                                       VSBY 1/2 MILE OR LESS
                                                   8 = SMOKE OR HAZE
[NO. OF DAYS WITH]      [WEATHER - DAYS WITH]      9 = BLOWING SNOW
                                                   X = TORNADO
MAX 32 OR BELOW:   0    0.01 INCH OR MORE:   9
MAX 90 OR ABOVE:   1    0.10 INCH OR MORE:   7
MIN 32 OR BELOW:   0    0.50 INCH OR MORE:   3
MIN  0 OR BELOW:   0    1.00 INCH OR MORE:   2

[HDD (BASE 65) ]
TOTAL THIS MO.   120    CLEAR  (SCALE 0-3)  15
DPTR FM NORMAL    53    PTCLDY (SCALE 4-7)  10
TOTAL FM JUL 1   144    CLOUDY (SCALE 8-10)  2
DPTR FM NORMAL    71

[CDD (BASE 65) ]
TOTAL THIS MO.    60
DPTR FM NORMAL   -50    [PRESSURE DATA]
TOTAL FM JAN 1   736    HIGHEST SLP M ON M
DPTR FM NORMAL  -226    LOWEST  SLP 29.64 ON 10

[REMARKS]




U.S. Dept. of Commerce
NOAA National Weather Service
1325 East West Highway
Silver Spring, MD 20910
E-mail: w-nws.webmaster@noaa.gov
Page last modified: May 16, 2007
NATIONAL WEATHER SERVICE: for Safety, for Work, for Fun - FOR LIFE