814
CXUS53 KIND 300730
CF6LAF
PRELIMINARY LOCAL CLIMATOLOGICAL DATA (WS FORM: F-6)

                                          STATION:   LAFAYETTE IN
                                          MONTH:     JULY
                                          YEAR:      2014
                                          LATITUDE:   40 25 N
                                          LONGITUDE:  86 56 W

  TEMPERATURE IN F:       :PCPN:    SNOW:  WIND      :SUNSHINE: SKY     :PK WND
================================================================================
1   2   3   4   5  6A  6B    7    8   9   10  11  12  13   14  15   16   17  18
                                     12Z  AVG MX 2MIN
DY MAX MIN AVG DEP HDD CDD  WTR  SNW DPTH SPD SPD DIR MIN PSBL S-S WX    SPD DR
================================================================================

 1  84  64  74   0   0   9 0.63    M    M  7.0 22 340   M    M   4 13     30 340
 2  76  60  68  -7   0   3 0.01    M    M  7.8 15 280   M    M   7 1      20 270
 3  74  56  65 -10   0   0 0.01    M    M  7.3 15 320   M    M   6 1      22 310
 4  79  49  64 -11   1   0 0.00    M    M  2.8 12  10   M    M   1 12     16 320
 5  79  53  66  -9   0   1    T    M    M  3.9 14 230   M    M   1 1      17 160
 6  83  61  72  -3   0   7 0.10    M    M  7.0 17 270   M    M   8 3      24 200
 7  86  72  79   4   0  14 0.03    M    M  8.3 14 230   M    M   5 13     21 210
 8  82  65  74  -1   0   9 0.53    M    M 10.4 24 310   M    M   3 13     35 310
 9  80  60  70  -5   0   5 0.00    M    M  7.0 17 270   M    M   1        25 260
10  78  56  67  -8   0   2 0.00    M    M  4.8 13  20   M    M   0        17  10
11  82  54  68  -7   0   3 0.00    M    M  2.2 10 280   M    M   0 1      15 280
12  78  68  73  -2   0   8 0.33    M    M  6.4 15 210   M    M   4 1      25 200
13  83  66  75   0   0  10 0.56    M    M  7.3 21 300   M    M   4 13     27 290
14  81  60  71  -4   0   6 0.65    M    M  4.1 29 260   M    M   2 123    40 260
15  70  52  61 -14   4   0 0.00    M    M  8.7 20 310   M    M   4        27 320
16  73  50  62 -13   3   0 0.00    M    M  4.7 16 320   M    M   3 12     21 320
17  76  50  63 -12   2   0 0.00    M    M  1.2  8 300   M    M   5        10 330
18  77  55  66  -9   0   1 0.00    M    M  4.0 12 110   M    M   2        19  90
19  78  54  66  -9   0   1 0.00    M    M  2.4 12  60   M    M   3 18     14  60
20  81  58  70  -4   0   5 0.00    M    M  1.2  8 190   M    M   4 18     10 120
21  83  58  71  -3   0   6 0.00    M    M  1.7 10 220   M    M   2 12     14 230
22  86  61  74   0   0   9 0.00    M    M  4.7 14 220   M    M   1 128    19 220
23  78  57  68  -6   0   3 0.09    M    M  8.6 21 350   M    M   5 13     27 350
24  76  54  65  -9   0   0 0.00    M    M  4.4 13  40   M    M   3        16 350
25  75  51  63 -11   2   0    T    M    M  4.4 15 150   M    M   3 12     19 190
26  82  65  74   0   0   9 0.24    M    M  4.7 25 250   M    M   9 123    38 230
27  85  63  74   0   0   9 0.06    M    M  7.9 29 290   M    M   4 13     39 280
28  70  50  60 -14   5   0 0.00    M    M 11.0 23 340   M    M   4        31 360
29  78  50  64 -10   1   0 0.75    M    M  4.7 18 280   M    M   4 123    27 290
================================================================================
SM 2293 1672        18 120  3.99    M    160.6          M      102
================================================================================
AV 79.1 57.7                               5.5 FASTST   M    M   4    MAX(MPH)
                                 MISC ---->  # 29 260               # 40  260
================================================================================
NOTES:
# LAST OF SEVERAL OCCURRENCES

COLUMN 17 PEAK WIND IN M.P.H.

PRELIMINARY LOCAL CLIMATOLOGICAL DATA (WS FORM: F-6) , PAGE 2

                                          STATION:  LAFAYETTE IN
                                          MONTH:    JULY
                                          YEAR:     2014
                                          LATITUDE:   40 25 N
                                          LONGITUDE:  86 56 W

[TEMPERATURE DATA]      [PRECIPITATION DATA]       SYMBOLS USED IN COLUMN 16

AVERAGE MONTHLY: 68.4   TOTAL FOR MONTH:   3.99    1 = FOG OR MIST
DPTR FM NORMAL:  -6.3   DPTR FM NORMAL:    0.24    2 = FOG REDUCING VISIBILITY
HIGHEST:    86 ON 22, 7 GRTST 24HR  0.89 ON 12-13      TO 1/4 MILE OR LESS
LOWEST:     49 ON  4                               3 = THUNDER
                        SNOW, ICE PELLETS, HAIL    4 = ICE PELLETS
                        TOTAL MONTH:    M          5 = HAIL
                        GRTST 24HR    M  ON   M    6 = FREEZING RAIN OR DRIZZLE
                        GRTST DEPTH:  M  ON   M    7 = DUSTSTORM OR SANDSTORM:
                                                       VSBY 1/2 MILE OR LESS
                                                   8 = SMOKE OR HAZE
[NO. OF DAYS WITH]      [WEATHER - DAYS WITH]      9 = BLOWING SNOW
                                                   X = TORNADO
MAX 32 OR BELOW:   0    0.01 INCH OR MORE:  13
MAX 90 OR ABOVE:   0    0.10 INCH OR MORE:   8
MIN 32 OR BELOW:   0    0.50 INCH OR MORE:   5
MIN  0 OR BELOW:   0    1.00 INCH OR MORE:   0

[HDD (BASE 65) ]
TOTAL THIS MO.    18    CLEAR  (SCALE 0-3)  12
DPTR FM NORMAL    18    PTCLDY (SCALE 4-7)  16
TOTAL FM JUL 1    18    CLOUDY (SCALE 8-10)  1
DPTR FM NORMAL    18

[CDD (BASE 65) ]
TOTAL THIS MO.   120
DPTR FM NORMAL  -161    [PRESSURE DATA]
TOTAL FM JAN 1   442    HIGHEST SLP M ON M
DPTR FM NORMAL  -133    LOWEST  SLP 29.68 ON  8

[REMARKS]




U.S. Dept. of Commerce
NOAA National Weather Service
1325 East West Highway
Silver Spring, MD 20910
E-mail: w-nws.webmaster@noaa.gov
Page last modified: May 16, 2007
NATIONAL WEATHER SERVICE: for Safety, for Work, for Fun - FOR LIFE