434
CXUS55 KPUB 311059
CF6LAA
PRELIMINARY LOCAL CLIMATOLOGICAL DATA (WS FORM: F-6)

                                          STATION:   LAMAR CO
                                          MONTH:     JULY
                                          YEAR:      2014
                                          LATITUDE:   38  4 N
                                          LONGITUDE: 102 41 W

  TEMPERATURE IN F:       :PCPN:    SNOW:  WIND      :SUNSHINE: SKY     :PK WND
================================================================================
1   2   3   4   5  6A  6B    7    8   9   10  11  12  13   14  15   16   17  18
                                     12Z  AVG MX 2MIN
DY MAX MIN AVG DEP HDD CDD  WTR  SNW DPTH SPD SPD DIR MIN PSBL S-S WX    SPD DR
================================================================================

 1  84  61  73  -3   0   8 0.00  0.0    0  7.6 16  90   M    M   5 8      23  90
 2  80  63  72  -4   0   7    T  0.0    0 13.0 23 130   M    M   8 3      28 130
 3  93  61  77   1   0  12 0.00  0.0    0 16.0 29 170   M    M   0 18     37 160
 4 103  59  81   5   0  16    T  0.0    0 11.2 32 190   M    M   1        42 190
 5  99  62  81   5   0  16 0.00  0.0    0  7.4 16 230   M    M   1        22  30
 6 104  59  82   5   0  17 0.00  0.0    0  7.5 18 120   M    M   0        25  70
 7 106  65  86   9   0  21 0.04  0.0    0 10.0 35  20   M    M   0 38     39  20
 8  87  63  75  -2   0  10 0.11  0.0    0 11.2 36  30   M    M   4 3      44  30
 9  99  67  83   6   0  18 0.00  0.0    0 16.0 36  40   M    M   0 8      44  40
10 103  60  82   5   0  17 0.00  0.0    0 11.7 26 180   M    M   0        34 180
11 105  74  90  13   0  25 0.00  0.0    0 18.0 32 170   M    M   1        41 160
12  98  62  80   3   0  15 0.88  0.0    0 11.6 48 250   M    M   0 13     72 250
13  84  66  75  -3   0  10 0.15  0.0    0  7.7 25  40   M    M   4 13     31  30
14  85  60  73  -5   0   8 0.75    T    0  4.2 54  50   M    M   0 1358   65  50
15  74  59  67 -11   0   2 0.00  0.0    0 14.6 22 150   M    M   6 18     28 140
16  78  57  68 -10   0   3 0.18  0.0    0 10.0 29 140   M    M   6 18     34 140
17  73  57  65 -13   0   0 0.01  0.0    0  6.4 13 110   M    M   7 1      18 120
18  92  54  73  -5   0   8    T  0.0    0  6.6 17 350   M    M   1 128    24 330
19  97  59  78   0   0  13 0.00  0.0    0  5.6 16 200   M    M   0 1      20 200
20 101  61  81   3   0  16 0.00  0.0    0  9.7 21 200   M    M   0        26 180
21 101  66  84   6   0  19 0.00  0.0    0 11.8 35 210   M    M   0 1      43 210
22 100  65  83   5   0  18 0.00  0.0    0  8.6 21 170   M    M   0        26 170
23  97  63  80   2   0  15 0.00  0.0    0 12.7 32  80   M    M   1 18     40  90
24 104  65  85   7   0  20 0.00  0.0    0 12.9 25 200   M    M   0 8      32 190
25 104  68  86   8   0  21 0.02  0.0    0  8.7 24 350   M    M   0 38     30 340
26 104  63  84   6   0  19 0.08  0.0    0 10.2 29 260   M    M   1 3      37 260
27  87  64  76  -2   0  11 0.00  0.0    0  9.3 20  90   M    M   3 1      25  80
28  83  66  75  -3   0  10    T  0.0    0 10.5 22 170   M    M   5 1      27 160
29  89  65  77  -1   0  12 0.64  0.0    0 11.5 30 170   M    M   4 13     38 170
30  70  59  65 -13   0   0 1.01  0.0    0  9.7 22  40   M    M   7 1      26  30
================================================================================
SM 2784 1873         0 387  3.87    T    311.9          M       65
================================================================================
AV 92.8 62.4                              10.4 FASTST   M    M   2    MAX(MPH)
                                 MISC ---->  # 54  50               # 72  250
================================================================================
NOTES:
# LAST OF SEVERAL OCCURRENCES

COLUMN 17 PEAK WIND IN M.P.H.

PRELIMINARY LOCAL CLIMATOLOGICAL DATA (WS FORM: F-6) , PAGE 2

                                          STATION:  LAMAR CO
                                          MONTH:    JULY
                                          YEAR:     2014
                                          LATITUDE:   38  4 N
                                          LONGITUDE: 102 41 W

[TEMPERATURE DATA]      [PRECIPITATION DATA]       SYMBOLS USED IN COLUMN 16

AVERAGE MONTHLY: 77.6   TOTAL FOR MONTH:   3.87    1 = FOG OR MIST
DPTR FM NORMAL:   0.2   DPTR FM NORMAL:    1.08    2 = FOG REDUCING VISIBILITY
HIGHEST:   106 ON  7    GRTST 24HR  1.65 ON 29-30      TO 1/4 MILE OR LESS
LOWEST:     54 ON 18                               3 = THUNDER
                        SNOW, ICE PELLETS, HAIL    4 = ICE PELLETS
                        TOTAL MONTH:    T          5 = HAIL
                        GRTST 24HR    T  ON 14-14  6 = FREEZING RAIN OR DRIZZLE
                        GRTST DEPTH:   0           7 = DUSTSTORM OR SANDSTORM:
                                                       VSBY 1/2 MILE OR LESS
                                                   8 = SMOKE OR HAZE
[NO. OF DAYS WITH]      [WEATHER - DAYS WITH]      9 = BLOWING SNOW
                                                   X = TORNADO
MAX 32 OR BELOW:   0    0.01 INCH OR MORE:  11
MAX 90 OR ABOVE:  18    0.10 INCH OR MORE:   7
MIN 32 OR BELOW:   0    0.50 INCH OR MORE:   4
MIN  0 OR BELOW:   0    1.00 INCH OR MORE:   1

[HDD (BASE 65) ]
TOTAL THIS MO.     0    CLEAR  (SCALE 0-3)  20
DPTR FM NORMAL     0    PTCLDY (SCALE 4-7)  10
TOTAL FM JUL 1     0    CLOUDY (SCALE 8-10)  0
DPTR FM NORMAL     0

[CDD (BASE 65) ]
TOTAL THIS MO.   387
DPTR FM NORMAL    14    [PRESSURE DATA]
TOTAL FM JAN 1   791    HIGHEST SLP M ON M
DPTR FM NORMAL   138    LOWEST  SLP 29.79 ON  1

[REMARKS]




U.S. Dept. of Commerce
NOAA National Weather Service
1325 East West Highway
Silver Spring, MD 20910
E-mail: w-nws.webmaster@noaa.gov
Page last modified: May 16, 2007
NATIONAL WEATHER SERVICE: for Safety, for Work, for Fun - FOR LIFE