111
CXUS55 KPUB 211059
CF6LAA
PRELIMINARY LOCAL CLIMATOLOGICAL DATA (WS FORM: F-6)

                                          STATION:   LAMAR CO
                                          MONTH:     SEPTEMBER
                                          YEAR:      2014
                                          LATITUDE:   38  4 N
                                          LONGITUDE: 102 41 W

  TEMPERATURE IN F:       :PCPN:    SNOW:  WIND      :SUNSHINE: SKY     :PK WND
================================================================================
1   2   3   4   5  6A  6B    7    8   9   10  11  12  13   14  15   16   17  18
                                     12Z  AVG MX 2MIN
DY MAX MIN AVG DEP HDD CDD  WTR  SNW DPTH SPD SPD DIR MIN PSBL S-S WX    SPD DR
================================================================================

 1  87  51  69  -3   0   4 0.00  0.0    0  5.5 18 120   M    M   0        24 110
 2  89  60  75   3   0  10 0.00  0.0    0 10.4 21 150   M    M   2 18     26 160
 3 104  60  82  11   0  17 0.00  0.0    0 14.4 36 200   M    M   1 12     47 190
 4  89  63  76   5   0  11 0.03  0.0    0 12.5 23 210   M    M   2 3      30 210
 5  63  54  59 -12   6   0    T  0.0    0  8.2 18  30   M    M   9 18     22  30
 6  75  44  60 -10   5   0 0.00  0.0    0  4.8 13 120   M    M   3 1      18 120
 7  88  54  71   1   0   6 0.00  0.0    0 10.2 20 170   M    M   0 18     25 180
 8  96  54  75   5   0  10 0.00  0.0    0  6.6 14  60   M    M   1        17  60
 9  97  60  79  10   0  14 0.02  0.0    0  7.9 32 350   M    M   1 38     40 350
10  79  53  66  -3   0   1 0.00  0.0    0  9.0 23  10   M    M   3        28 360
11  57  44  51 -18  14   0 0.12  0.0    0 14.8 24  70   M    M   8 13     29  90
12  48  39  44 -24  21   0 0.06  0.0    0  8.4 22  30   M    M  10 1      30  40
13  80  41  61  -7   4   0 0.00  0.0    0  8.2 21 130   M    M   3 1      25 130
14  92  47  70   3   0   5 0.00  0.0    0  7.0 17 180   M    M   2 128    23 150
15  65  50  58  -9   7   0 0.00  0.0    0  8.3 20  30   M    M   8 18     27  30
16  90  57  74   8   0   9 0.00  0.0    0  6.2 15 180   M    M   3 18     18 180
17  95  50  73   7   0   8 0.00  0.0    0  6.6 14 190   M    M   0        19 190
18  94  46  70   4   0   5 0.00  0.0    0  8.3 23 180   M    M   0        28 170
19  92  52  72   7   0   7 0.00  0.0    0 12.8 24 180   M    M   0 1      31 180
20  92  53  73   8   0   8 0.00  0.0    0  8.5 21  50   M    M   0 18     25  50
================================================================================
SM 1672 1032        57 115  0.23     0.0 178.6          M       56
================================================================================
AV 83.6 51.6                               8.9 FASTST   M    M   3    MAX(MPH)
                                 MISC ---->  # 36 200               # 47  190
================================================================================
NOTES:
# LAST OF SEVERAL OCCURRENCES

COLUMN 17 PEAK WIND IN M.P.H.

PRELIMINARY LOCAL CLIMATOLOGICAL DATA (WS FORM: F-6) , PAGE 2

                                          STATION:  LAMAR CO
                                          MONTH:    SEPTEMBER
                                          YEAR:     2014
                                          LATITUDE:   38  4 N
                                          LONGITUDE: 102 41 W

[TEMPERATURE DATA]      [PRECIPITATION DATA]       SYMBOLS USED IN COLUMN 16

AVERAGE MONTHLY: 67.6   TOTAL FOR MONTH:   0.23    1 = FOG OR MIST
DPTR FM NORMAL:  -1.0   DPTR FM NORMAL:   -0.70    2 = FOG REDUCING VISIBILITY
HIGHEST:   104 ON  3    GRTST 24HR  0.18 ON 11-12      TO 1/4 MILE OR LESS
LOWEST:     39 ON 12                               3 = THUNDER
                        SNOW, ICE PELLETS, HAIL    4 = ICE PELLETS
                        TOTAL MONTH:   0.0 INCH    5 = HAIL
                        GRTST 24HR     0.0         6 = FREEZING RAIN OR DRIZZLE
                        GRTST DEPTH:   0           7 = DUSTSTORM OR SANDSTORM:
                                                       VSBY 1/2 MILE OR LESS
                                                   8 = SMOKE OR HAZE
[NO. OF DAYS WITH]      [WEATHER - DAYS WITH]      9 = BLOWING SNOW
                                                   X = TORNADO
MAX 32 OR BELOW:   0    0.01 INCH OR MORE:   4
MAX 90 OR ABOVE:   9    0.10 INCH OR MORE:   1
MIN 32 OR BELOW:   0    0.50 INCH OR MORE:   0
MIN  0 OR BELOW:   0    1.00 INCH OR MORE:   0

[HDD (BASE 65) ]
TOTAL THIS MO.    57    CLEAR  (SCALE 0-3)  15
DPTR FM NORMAL    26    PTCLDY (SCALE 4-7)   2
TOTAL FM JUL 1    57    CLOUDY (SCALE 8-10)  3
DPTR FM NORMAL    21

[CDD (BASE 65) ]
TOTAL THIS MO.   115
DPTR FM NORMAL    14    [PRESSURE DATA]
TOTAL FM JAN 1  1274    HIGHEST SLP M ON M
DPTR FM NORMAL   184    LOWEST  SLP 29.74 ON  9

[REMARKS]




U.S. Dept. of Commerce
NOAA National Weather Service
1325 East West Highway
Silver Spring, MD 20910
E-mail: w-nws.webmaster@noaa.gov
Page last modified: May 16, 2007
NATIONAL WEATHER SERVICE: for Safety, for Work, for Fun - FOR LIFE