111
CXUS55 KPUB 231836
CF6LAA
PRELIMINARY LOCAL CLIMATOLOGICAL DATA (WS FORM: F-6)

                                          STATION:   LAMAR CO
                                          MONTH:     APRIL
                                          YEAR:      2014
                                          LATITUDE:   38  4 N
                                          LONGITUDE: 102 41 W

  TEMPERATURE IN F:       :PCPN:    SNOW:  WIND      :SUNSHINE: SKY     :PK WND
================================================================================
1   2   3   4   5  6A  6B    7    8   9   10  11  12  13   14  15   16   17  18
                                     12Z  AVG MX 2MIN
DY MAX MIN AVG DEP HDD CDD  WTR  SNW DPTH SPD SPD DIR MIN PSBL S-S WX    SPD DR
================================================================================

 1  72  25  49   1  16   0 0.00  0.0    0 18.6 33 110   M    M   3 8      43 130
 2  68  32  50   2  15   0 0.00  0.0    0 14.7 29  70   M    M   3 18     33  70
 3  45  32  39  -9  26   0 0.13    M    M 11.5 24 350   M    M   7 18     31 360
 4  62  27  45  -4  20   0 0.00  0.0    0  7.6 17 170   M    M   1 1      22 170
 5  61  28  45  -4  20   0    T    M    0  9.4 33 200   M    M   3 8      40 190
 6  62  35  49   0  16   0 0.03  0.0    0  7.7 30 350   M    M   7 18     38 360
 7  60  32  46  -4  19   0 0.00  0.0    0 16.8 37 350   M    M   1 8      48 350
 8  74  34  54   4  11   0 0.00  0.0    0 13.5 23 270   M    M   1        29 360
 9  85  39  62  12   3   0 0.00  0.0    0  9.7 22 270   M    M   0        28 260
10  71  45  58   8   7   0 0.00  0.0    0 12.3 23  60   M    M   0        27  60
11  84  38  61  10   4   0 0.00  0.0    0 12.1 26 180   M    M   0        35 180
12  87  52  70  19   0   5 0.00  0.0    0  8.8 21 220   M    M   1        29  40
13  67  26  47  -4  18   0 0.05    M    0 19.6 32  20   M    M   8 18     42  20
14  46  23  35 -17  30   0 0.01    M    M 12.5 23 350   M    M   5 18     35 320
15  70  20  45  -7  20   0 0.00  0.0    0 10.8 24 190   M    M   0        31 180
16  65  35  50  -2  15   0 0.03  0.0    0 14.0 29  20   M    M   2        36  40
17  57  41  49  -4  16   0 0.13  0.0    0 12.9 24 160   M    M   7 1      30 150
18  82  40  61   8   4   0 0.00  0.0    0 13.5 26 180   M    M   0 8      33 180
19  84  49  67  14   0   2 0.00  0.0    0 10.0 32 170   M    M   1 38     39 180
20  72  46  59   5   6   0    T  0.0    0  5.9 25 300   M    M   3 3      31 300
21  75  46  61   7   4   0 0.00  0.0    0 10.6 26  30   M    M   0        32  30
22  88  44  66  12   0   1 0.02  0.0    0 16.1 38 260   M    M   1 38     53 250
================================================================================
SM 1537  789       270   8  0.40     0.0 268.6          M       54
================================================================================
AV 69.9 35.9                              12.2 FASTST   M    M   2    MAX(MPH)
                                 MISC ---->  # 38 260               # 53  250
================================================================================
NOTES:
# LAST OF SEVERAL OCCURRENCES

COLUMN 17 PEAK WIND IN M.P.H.

PRELIMINARY LOCAL CLIMATOLOGICAL DATA (WS FORM: F-6) , PAGE 2

                                          STATION:  LAMAR CO
                                          MONTH:    APRIL
                                          YEAR:     2014
                                          LATITUDE:   38  4 N
                                          LONGITUDE: 102 41 W

[TEMPERATURE DATA]      [PRECIPITATION DATA]       SYMBOLS USED IN COLUMN 16

AVERAGE MONTHLY: 52.9   TOTAL FOR MONTH:   0.40    1 = FOG OR MIST
DPTR FM NORMAL:   1.9   DPTR FM NORMAL:   -0.45    2 = FOG REDUCING VISIBILITY
HIGHEST:    88 ON 22    GRTST 24HR  0.16 ON 16-17      TO 1/4 MILE OR LESS
LOWEST:     20 ON 15                               3 = THUNDER
                        SNOW, ICE PELLETS, HAIL    4 = ICE PELLETS
                        TOTAL MONTH:   0.0 INCH    5 = HAIL
                        GRTST 24HR     0.0         6 = FREEZING RAIN OR DRIZZLE
                        GRTST DEPTH:   0           7 = DUSTSTORM OR SANDSTORM:
                                                       VSBY 1/2 MILE OR LESS
                                                   8 = SMOKE OR HAZE
[NO. OF DAYS WITH]      [WEATHER - DAYS WITH]      9 = BLOWING SNOW
                                                   X = TORNADO
MAX 32 OR BELOW:   0    0.01 INCH OR MORE:   7
MAX 90 OR ABOVE:   0    0.10 INCH OR MORE:   2
MIN 32 OR BELOW:   9    0.50 INCH OR MORE:   0
MIN  0 OR BELOW:   0    1.00 INCH OR MORE:   0

[HDD (BASE 65) ]
TOTAL THIS MO.   270    CLEAR  (SCALE 0-3)  15
DPTR FM NORMAL   -43    PTCLDY (SCALE 4-7)   7
TOTAL FM JUL 1  5239    CLOUDY (SCALE 8-10)  0
DPTR FM NORMAL   -83

[CDD (BASE 65) ]
TOTAL THIS MO.     8
DPTR FM NORMAL     8    [PRESSURE DATA]
TOTAL FM JAN 1     8    HIGHEST SLP M ON M
DPTR FM NORMAL     8    LOWEST  SLP 29.50 ON 13

[REMARKS]




U.S. Dept. of Commerce
NOAA National Weather Service
1325 East West Highway
Silver Spring, MD 20910
E-mail: w-nws.webmaster@noaa.gov
Page last modified: May 16, 2007
NATIONAL WEATHER SERVICE: for Safety, for Work, for Fun - FOR LIFE