317
CXUS55 KPUB 291159
CF6LAA
PRELIMINARY LOCAL CLIMATOLOGICAL DATA (WS FORM: F-6)

                                          STATION:   LAMAR CO
                                          MONTH:     JANUARY
                                          YEAR:      2015
                                          LATITUDE:   38  4 N
                                          LONGITUDE: 102 41 W

  TEMPERATURE IN F:       :PCPN:    SNOW:  WIND      :SUNSHINE: SKY     :PK WND
================================================================================
1   2   3   4   5  6A  6B    7    8   9   10  11  12  13   14  15   16   17  18
                                     12Z  AVG MX 2MIN
DY MAX MIN AVG DEP HDD CDD  WTR  SNW DPTH SPD SPD DIR MIN PSBL S-S WX    SPD DR
================================================================================

 1  27   0  14 -14  51   0 0.00  0.0    M  5.8 12 200   M    M   2        13 200
 2  34   3  19  -9  46   0 0.00  0.0    M  6.5 20 280   M    M   0        24 280
 3  37   4  21  -7  44   0 0.02    M    M 12.1 33  10   M    M   4 18     46  20
 4  21  -6   8 -20  57   0 0.00  0.0    M  5.9 15 110   M    M   0        18  90
 5  39  -2  19  -9  46   0 0.00  0.0    0  3.7 10  80   M    M   0        12 270
 6  48  11  30   2  35   0 0.00  0.0    0  5.6 30  60   M    M   0 1      35  60
 7  27  15  21  -7  44   0    T    M    M 10.1 26  40   M    M   9 18     31  50
 8  56  11  34   6  31   0 0.00  0.0    M 10.8 24  40   M    M   2        28  40
 9  30  20  25  -3  40   0 0.00  0.0    M  6.4 21  50   M    M   9        26  50
10  38  14  26  -2  39   0 0.00  0.0    M  5.1 12 300   M    M   2 12     13 280
11  54  14  34   6  31   0 0.00  0.0    0  7.1 15  50   M    M   2 1      24 200
12  31  20  26  -2  39   0    T    M    0  9.4 15  40   M    M  10 18     17  40
13  36  17  27  -1  38   0 0.00  0.0    0  7.2 16 170   M    M   4        19 160
14  41  19  30   1  35   0 0.00  0.0    M  5.0  9 240   M    M   4 1      11 240
15  53  19  36   7  29   0 0.00  0.0    0  7.9 15 280   M    M   0 18     18 290
16  65  19  42  13  23   0 0.00  0.0    0  7.7 16 260   M    M   0        19 260
17  58  23  41  12  24   0 0.00  0.0    0 10.0 28 350   M    M   0        36 330
18  66  20  43  14  22   0 0.00  0.0    0  8.5 17 290   M    M   0        21 280
19  63  23  43  14  22   0 0.00  0.0    0  6.3 18  60   M    M   0        22  60
20  42  28  35   6  30   0    T  0.0    0  2.3  9  40   M    M  10        13  30
21  32  23  28  -1  37   0 0.11    M    M  5.0 16  60   M    M  10 12     20  60
22  30   4  17 -13  48   0 0.00  0.0    M  5.6 13 270   M    M   2 1      15 270
23  48   4  26  -4  39   0 0.00  0.0    M  9.8 18 360   M    M   4        23 360
24  53  24  39   9  26   0 0.00  0.0    M  9.0 18 260   M    M   2        31 210
25  59  30  45  15  20   0 0.00  0.0    M 11.9 32  10   M    M   1        42 360
26  70  29  50  20  15   0 0.00  0.0    M  9.3 15 280   M    M   0        20 260
27  74  30  52  22  13   0 0.00  0.0    0  7.3 14 200   M    M   0        16 220
28  71  33  52  22  13   0 0.00  0.0    0  8.6 22  10   M    M   0        27 350
================================================================================
SM 1303  449       937   0  0.13     0.0 209.9          M       77
================================================================================
AV 46.5 16.0                               7.5 FASTST   M    M   3    MAX(MPH)
                                 MISC ---->  # 33  10               # 46   20
================================================================================
NOTES:
# LAST OF SEVERAL OCCURRENCES

COLUMN 17 PEAK WIND IN M.P.H.

PRELIMINARY LOCAL CLIMATOLOGICAL DATA (WS FORM: F-6) , PAGE 2

                                          STATION:  LAMAR CO
                                          MONTH:    JANUARY
                                          YEAR:     2015
                                          LATITUDE:   38  4 N
                                          LONGITUDE: 102 41 W

[TEMPERATURE DATA]      [PRECIPITATION DATA]       SYMBOLS USED IN COLUMN 16

AVERAGE MONTHLY: 31.3   TOTAL FOR MONTH:   0.13    1 = FOG OR MIST
DPTR FM NORMAL:   2.5   DPTR FM NORMAL:   -0.13    2 = FOG REDUCING VISIBILITY
HIGHEST:    74 ON 27    GRTST 24HR  0.11 ON 21-21      TO 1/4 MILE OR LESS
LOWEST:     -6 ON  4                               3 = THUNDER
                        SNOW, ICE PELLETS, HAIL    4 = ICE PELLETS
                        TOTAL MONTH:   0.0 INCH    5 = HAIL
                        GRTST 24HR     0.0         6 = FREEZING RAIN OR DRIZZLE
                        GRTST DEPTH:   0           7 = DUSTSTORM OR SANDSTORM:
                                                       VSBY 1/2 MILE OR LESS
                                                   8 = SMOKE OR HAZE
[NO. OF DAYS WITH]      [WEATHER - DAYS WITH]      9 = BLOWING SNOW
                                                   X = TORNADO
MAX 32 OR BELOW:   7    0.01 INCH OR MORE:   2
MAX 90 OR ABOVE:   0    0.10 INCH OR MORE:   1
MIN 32 OR BELOW:  27    0.50 INCH OR MORE:   0
MIN  0 OR BELOW:   3    1.00 INCH OR MORE:   0

[HDD (BASE 65) ]
TOTAL THIS MO.   937    CLEAR  (SCALE 0-3)  19
DPTR FM NORMAL   -77    PTCLDY (SCALE 4-7)   4
TOTAL FM JUL 1  3141    CLOUDY (SCALE 8-10)  5
DPTR FM NORMAL  -186

[CDD (BASE 65) ]
TOTAL THIS MO.     0
DPTR FM NORMAL     0    [PRESSURE DATA]
TOTAL FM JAN 1     0    HIGHEST SLP 99.90 ON 24
DPTR FM NORMAL     0    LOWEST  SLP 29.99 ON  3

[REMARKS]




U.S. Dept. of Commerce
NOAA National Weather Service
1325 East West Highway
Silver Spring, MD 20910
E-mail: w-nws.webmaster@noaa.gov
Page last modified: May 16, 2007
NATIONAL WEATHER SERVICE: for Safety, for Work, for Fun - FOR LIFE