174
CXHW53 PHFO 011250
CF6KOA
PRELIMINARY LOCAL CLIMATOLOGICAL DATA (WS FORM: F-6)

                                          STATION:   KONA HI
                                          MONTH:     JULY
                                          YEAR:      2014
                                          LATITUDE:   19 38 N
                                          LONGITUDE: 156  0 W

  TEMPERATURE IN F:       :PCPN:    SNOW:  WIND      :SUNSHINE: SKY     :PK WND
================================================================================
1   2   3   4   5  6A  6B    7    8   9   10  11  12  13   14  15   16   17  18
                                     12Z  AVG MX 2MIN
DY MAX MIN AVG DEP HDD CDD  WTR  SNW DPTH SPD SPD DIR MIN PSBL S-S WX    SPD DR
================================================================================

 1  86  73  80   0   0  15    T  0.0    0  6.8 15 190   M    M   6        20 200
 2  86  73  80   0   0  15 0.00  0.0    0  6.7 12 190   M    M   4        15 190
 3  85  78  82   2   0  17    T  0.0    0  7.6 16 160   M    M   7        20 160
 4  87  77  82   2   0  17    T  0.0    0  6.6 15  30   M    M   6        20  20
 5  87  76  82   2   0  17    T  0.0    0  8.8 15 230   M    M   5        18 190
 6  85  74  80   0   0  15 0.00  0.0    0  6.1 14 240   M    M   4        15 220
 7  86  75  81   1   0  16 0.00  0.0    0  7.1 15 330   M    M   3        17 330
 8  85  74  80   0   0  15 0.05  0.0    0  8.2 16  30   M    M   4        22  30
 9  86  73  80   0   0  15    T  0.0    0  6.2 14 210   M    M   5        18 210
10  86  76  81   1   0  16 0.00  0.0    0  7.8 16  30   M    M   7        20  40
11  86  75  81   1   0  16    T  0.0    0  8.1 20  30   M    M   8        24  30
12  87  75  81   1   0  16 0.00  0.0    0  7.0 17 200   M    M   6        22 190
13  87  72  80   0   0  15 0.00  0.0    0  6.7 15 190   M    M   1        18 190
14  88  78  83   3   0  18 0.00  0.0    0  6.8 15 290   M    M   4        17 290
15  87  77  82   2   0  17 0.32  0.0    0  7.3 16 200   M    M   7 1      18 190
16  88  77  83   3   0  18 0.00  0.0    0  8.5 15 140   M    M   2        20 180
17  86  75  81   1   0  16 0.00  0.0    0  7.8 18 330   M    M   4        21 290
18  88  74  81   1   0  16 0.00  0.0    0  7.8 20 170   M    M   5        24 180
19  85  75  80   0   0  15 0.00  0.0    0  6.2 15 180   M    M   4        20 170
20  86  77  82   2   0  17 0.00  0.0    0  8.5 25 340   M    M   4        32 350
21  86  79  83   3   0  18 0.00  0.0    0  5.6 12 260   M    M   6        13 260
22  88  74  81   1   0  16 0.19  0.0    0  6.8 16 210   M    M   5 1      20 210
23  89  76  83   3   0  18 0.01  0.0    0  7.8 18 180   M    M   7        24 180
24  87  75  81   1   0  16    T  0.0    0  6.9 12 140   M    M   6        16 200
25  87  76  82   2   0  17    T  0.0    0  6.8 12 130   M    M   7        16 210
26  87  74  81   1   0  16 0.00  0.0    0  6.8 15 190   M    M   3        20 190
27  89  75  82   2   0  17 0.00  0.0    0  6.4 12 170   M    M   1        16 200
28  88  78  83   3   0  18 0.00  0.0    0  6.5 14 240   M    M   6        18 180
29  89  77  83   2   0  18 0.00  0.0    0  8.0 17  40   M    M   5        22  40
30  88  74  81   0   0  16 0.00  0.0    0  7.5 16  50   M    M   2        20  40
31  87  74  81   0   0  16 0.00  0.0    0  7.6 14  10   M    M   1        17  20
================================================================================
SM 2692 2336         0 508  0.57     0.0 223.3          M      145
================================================================================
AV 86.8 75.4                               7.2 FASTST   M    M   5    MAX(MPH)
                                 MISC ---->  # 25 340               # 32  350
================================================================================
NOTES:
# LAST OF SEVERAL OCCURRENCES

COLUMN 17 PEAK WIND IN M.P.H.

PRELIMINARY LOCAL CLIMATOLOGICAL DATA (WS FORM: F-6) , PAGE 2

                                          STATION:  KONA HI
                                          MONTH:    JULY
                                          YEAR:     2014
                                          LATITUDE:   19 38 N
                                          LONGITUDE: 156  0 W

[TEMPERATURE DATA]      [PRECIPITATION DATA]       SYMBOLS USED IN COLUMN 16

AVERAGE MONTHLY: 81.1   TOTAL FOR MONTH:   0.57    1 = FOG OR MIST
DPTR FM NORMAL:   1.1   DPTR FM NORMAL:   -0.13    2 = FOG REDUCING VISIBILITY
HIGHEST:    89 ON 29,27 GRTST 24HR  0.32 ON 15-15      TO 1/4 MILE OR LESS
LOWEST:     72 ON 13                               3 = THUNDER
                        SNOW, ICE PELLETS, HAIL    4 = ICE PELLETS
                        TOTAL MONTH:   0.0 INCH    5 = HAIL
                        GRTST 24HR     0.0         6 = FREEZING RAIN OR DRIZZLE
                        GRTST DEPTH:   0           7 = DUSTSTORM OR SANDSTORM:
                                                       VSBY 1/2 MILE OR LESS
                                                   8 = SMOKE OR HAZE
[NO. OF DAYS WITH]      [WEATHER - DAYS WITH]      9 = BLOWING SNOW
                                                   X = TORNADO
MAX 32 OR BELOW:   0    0.01 INCH OR MORE:   4
MAX 90 OR ABOVE:   0    0.10 INCH OR MORE:   2
MIN 32 OR BELOW:   0    0.50 INCH OR MORE:   0
MIN  0 OR BELOW:   0    1.00 INCH OR MORE:   0

[HDD (BASE 65) ]
TOTAL THIS MO.     0    CLEAR  (SCALE 0-3)   7
DPTR FM NORMAL     0    PTCLDY (SCALE 4-7)  24
TOTAL FM JUL 1     0    CLOUDY (SCALE 8-10)  0
DPTR FM NORMAL     0

[CDD (BASE 65) ]
TOTAL THIS MO.   508
DPTR FM NORMAL    41    [PRESSURE DATA]
TOTAL FM JAN 1  2821    HIGHEST SLP 30.06 ON  4
DPTR FM NORMAL   262    LOWEST  SLP 29.86 ON 20

[REMARKS]
#FINAL-07-14#




U.S. Dept. of Commerce
NOAA National Weather Service
1325 East West Highway
Silver Spring, MD 20910
E-mail: w-nws.webmaster@noaa.gov
Page last modified: May 16, 2007
NATIONAL WEATHER SERVICE: for Safety, for Work, for Fun - FOR LIFE