777
CXHW53 PHFO 301250
CF6KOA
PRELIMINARY LOCAL CLIMATOLOGICAL DATA (WS FORM: F-6)

                                          STATION:   KONA HI
                                          MONTH:     JANUARY
                                          YEAR:      2015
                                          LATITUDE:   19 38 N
                                          LONGITUDE: 156  0 W

  TEMPERATURE IN F:       :PCPN:    SNOW:  WIND      :SUNSHINE: SKY     :PK WND
================================================================================
1   2   3   4   5  6A  6B    7    8   9   10  11  12  13   14  15   16   17  18
                                     12Z  AVG MX 2MIN
DY MAX MIN AVG DEP HDD CDD  WTR  SNW DPTH SPD SPD DIR MIN PSBL S-S WX    SPD DR
================================================================================

 1  80  66  73  -2   0   8 0.00  0.0    0  8.5 16 220   M    M   6        20 210
 2  82  72  77   2   0  12 0.02  0.0    0 16.4 37 160   M    M   9 1      46 150
 3  78  65  72  -3   0   7 1.42  0.0    0 11.3 41 150   M    M   6 1      49 150
 4  78  64  71  -4   0   6 0.00  0.0    0  8.1 14 330   M    M   2        16 330
 5  79  63  71  -4   0   6 0.00  0.0    0  5.6 12 340   M    M   2        15 310
 6  83  64  74  -1   0   9 0.00  0.0    0 10.5 23  50   M    M   1        28 360
 7  79  64  72  -3   0   7 0.00  0.0    0  9.0 26  30   M    M   5        33  50
 8  79  67  73  -2   0   8 0.00  0.0    0  4.0  9 250   M    M   9        10 200
 9  81  67  74  -1   0   9 0.00  0.0    0  6.7 16 330   M    M   3        18 290
10  81  66  74  -1   0   9 0.00  0.0    0  6.0 10 290   M    M   0        14 280
11  80  64  72  -3   0   7 0.00  0.0    0  5.3 10 260   M    M   1        14 260
12  81  65  73  -2   0   8 0.00  0.0    0  5.5 12 210   M    M   1        16 200
13  80  65  73  -2   0   8 0.00  0.0    0  5.5 10 240   M    M   2        13 240
14  83  65  74  -1   0   9 0.00  0.0    0  6.9 14 360   M    M   2 8      16  10
15  83  72  78   3   0  13 0.00  0.0    0  5.9 12 210   M    M   7        15 210
16  82  68  75   0   0  10 0.00  0.0    0  6.3 12 210   M    M   1        14 230
17  81  67  74  -1   0   9 0.00  0.0    0  5.2  9 140   M    M   0        12 140
18  82  67  75   0   0  10 0.00  0.0    0  6.8 15 200   M    M   0        17 190
19  82  70  76   1   0  11 0.00  0.0    0  5.8 12 130   M    M   3        15 330
20  81  69  75   0   0  10 0.00  0.0    0  6.2 13 200   M    M   4        16 200
21  82  74  78   3   0  13 0.00  0.0    0  5.8 10 280   M    M   8        13 190
22  83  67  75   0   0  10 0.00  0.0    0  6.4 14 320   M    M   3 8      16 320
23  83  69  76   1   0  11 0.00  0.0    0  6.4 18 190   M    M   1        23 180
24  83  70  77   2   0  12 0.00  0.0    0 11.2 25  10   M    M   4        31 360
25  82  72  77   2   0  12    T  0.0    0 11.1 22 340   M    M   7        25  30
26  83  69  76   1   0  11 0.00  0.0    0  6.1 16 140   M    M   5        18 140
27  82  73  78   3   0  13 0.00  0.0    0  6.5 15 250   M    M   7        17 260
28  83  73  78   3   0  13 0.00  0.0    0  5.1 10 240   M    M   6        13 240
29  82  68  75   0   0  10 0.00  0.0    0  9.5 18 170   M    M   2        22 160
================================================================================
SM 2358 1965         0 281  1.44     0.0 213.6          M      107
================================================================================
AV 81.3 67.8                               7.4 FASTST   M    M   4    MAX(MPH)
                                 MISC ---->  # 41 150               # 49  150
================================================================================
NOTES:
# LAST OF SEVERAL OCCURRENCES

COLUMN 17 PEAK WIND IN M.P.H.

PRELIMINARY LOCAL CLIMATOLOGICAL DATA (WS FORM: F-6) , PAGE 2

                                          STATION:  KONA HI
                                          MONTH:    JANUARY
                                          YEAR:     2015
                                          LATITUDE:   19 38 N
                                          LONGITUDE: 156  0 W

[TEMPERATURE DATA]      [PRECIPITATION DATA]       SYMBOLS USED IN COLUMN 16

AVERAGE MONTHLY: 74.5   TOTAL FOR MONTH:   1.44    1 = FOG OR MIST
DPTR FM NORMAL:  -0.5   DPTR FM NORMAL:   -0.84    2 = FOG REDUCING VISIBILITY
HIGHEST:    83 ON 28,26 GRTST 24HR  1.44 ON  2- 3      TO 1/4 MILE OR LESS
LOWEST:     63 ON  5                               3 = THUNDER
                        SNOW, ICE PELLETS, HAIL    4 = ICE PELLETS
                        TOTAL MONTH:   0.0 INCH    5 = HAIL
                        GRTST 24HR     0.0         6 = FREEZING RAIN OR DRIZZLE
                        GRTST DEPTH:   0           7 = DUSTSTORM OR SANDSTORM:
                                                       VSBY 1/2 MILE OR LESS
                                                   8 = SMOKE OR HAZE
[NO. OF DAYS WITH]      [WEATHER - DAYS WITH]      9 = BLOWING SNOW
                                                   X = TORNADO
MAX 32 OR BELOW:   0    0.01 INCH OR MORE:   2
MAX 90 OR ABOVE:   0    0.10 INCH OR MORE:   1
MIN 32 OR BELOW:   0    0.50 INCH OR MORE:   1
MIN  0 OR BELOW:   0    1.00 INCH OR MORE:   1

[HDD (BASE 65) ]
TOTAL THIS MO.     0    CLEAR  (SCALE 0-3)  16
DPTR FM NORMAL     0    PTCLDY (SCALE 4-7)  10
TOTAL FM JUL 1     0    CLOUDY (SCALE 8-10)  3
DPTR FM NORMAL     0

[CDD (BASE 65) ]
TOTAL THIS MO.   281
DPTR FM NORMAL    -9    [PRESSURE DATA]
TOTAL FM JAN 1   281    HIGHEST SLP M ON M
DPTR FM NORMAL    -9    LOWEST  SLP 29.54 ON  2

[REMARKS]




U.S. Dept. of Commerce
NOAA National Weather Service
1325 East West Highway
Silver Spring, MD 20910
E-mail: w-nws.webmaster@noaa.gov
Page last modified: May 16, 2007
NATIONAL WEATHER SERVICE: for Safety, for Work, for Fun - FOR LIFE