967
CXHW53 PHFO 011250
CF6KOA
PRELIMINARY LOCAL CLIMATOLOGICAL DATA (WS FORM: F-6)

                                          STATION:   KONA HI
                                          MONTH:     NOVEMBER
                                          YEAR:      2014
                                          LATITUDE:   19 38 N
                                          LONGITUDE: 156  0 W

  TEMPERATURE IN F:       :PCPN:    SNOW:  WIND      :SUNSHINE: SKY     :PK WND
================================================================================
1   2   3   4   5  6A  6B    7    8   9   10  11  12  13   14  15   16   17  18
                                     12Z  AVG MX 2MIN
DY MAX MIN AVG DEP HDD CDD  WTR  SNW DPTH SPD SPD DIR MIN PSBL S-S WX    SPD DR
================================================================================

 1  85  76  81   2   0  16    T  0.0    0  8.0 14 140   M    M   6 1      20 140
 2  84  74  79   0   0  14 0.53  0.0    0  7.7 15 150   M    M   7 1      18 150
 3  87  76  82   3   0  17 0.00  0.0    0  6.7 20 160   M    M   4        24 170
 4  87  76  82   3   0  17 0.29  0.0    0  7.9 14 280   M    M   4 1      17  50
 5  86  72  79   0   0  14    T  0.0    0  5.6 14  20   M    M   4        17 100
 6  85  72  79   0   0  14 0.00  0.0    0  7.3 14 190   M    M   1        18 190
 7  85  74  80   1   0  15 0.00  0.0    0  6.2 13 330   M    M   5        16 300
 8  83  71  77  -2   0  12 0.55  0.0    0  8.1 21 360   M    M   6 1      23  20
 9  85  70  78  -1   0  13 0.00  0.0    0  5.7 13 320   M    M   5        16 330
10  84  71  78   0   0  13 0.00  0.0    0  6.6 16  10   M    M   4        17 360
11  87  72  80   2   0  15 0.00  0.0    0  7.5 13 300   M    M   4        16  40
12  82  76  79   1   0  14    T  0.0    0  6.5 13 200   M    M  10        16 190
13  84  74  79   1   0  14 0.11  0.0    0 12.0 22 150   M    M   8 1      26 150
14  85  74  80   2   0  15 0.00  0.0    0  9.0 17 150   M    M   4        20 150
15  86  73  80   2   0  15 0.01  0.0    0  8.4 21 240   M    M   2 1      24 240
16  86  71  79   1   0  14 0.00  0.0    0 12.6 26  10   M    M   2        31  10
17  86  72  79   1   0  14 0.00  0.0    0  8.1 20  40   M    M   1        23  40
18  84  72  78   0   0  13 0.00  0.0    0  5.8 17  30   M    M   5        21  30
19  85  72  79   1   0  14    T  0.0    0  5.7 14 170   M    M   4        18 190
20  85  71  78   0   0  13 0.00  0.0    0  6.8 20 170   M    M   1        22 170
21  86  71  79   1   0  14 0.00  0.0    0  6.0 14 180   M    M   2        16 170
22  87  73  80   3   0  15 0.00  0.0    0  7.3 16 250   M    M   2        18 240
23  85  71  78   1   0  13 0.00  0.0    0  5.1 13 270   M    M   1        15 240
24  83  70  77   0   0  12 0.05  0.0    0  8.2 22 360   M    M   5        26 360
25  86  69  78   1   0  13 0.00  0.0    0  9.1 23 330   M    M   2        26 340
26  85  70  78   1   0  13 0.00  0.0    0  6.3 15 170   M    M   1        21 180
27  89  71  80   3   0  15 0.00  0.0    0  8.0 20  30   M    M   1        24  60
28  92  71  82   5   0  17 0.00  0.0    0  6.3 23 180   M    M   2        30 170
29  85  72  79   2   0  14 0.00  0.0    0  5.6 10 170   M    M   1        14 170
30  84  71  78   1   0  13 0.00  0.0    0  8.2 25  30   M    M   4        30  50
================================================================================
SM 2563 2168         0 425  1.54     0.0 222.3          M      108
================================================================================
AV 85.4 72.3                               7.4 FASTST   M    M   4    MAX(MPH)
                                 MISC ---->  # 26  10               # 31   10
================================================================================
NOTES:
# LAST OF SEVERAL OCCURRENCES

COLUMN 17 PEAK WIND IN M.P.H.

PRELIMINARY LOCAL CLIMATOLOGICAL DATA (WS FORM: F-6) , PAGE 2

                                          STATION:  KONA HI
                                          MONTH:    NOVEMBER
                                          YEAR:     2014
                                          LATITUDE:   19 38 N
                                          LONGITUDE: 156  0 W

[TEMPERATURE DATA]      [PRECIPITATION DATA]       SYMBOLS USED IN COLUMN 16

AVERAGE MONTHLY: 78.9   TOTAL FOR MONTH:   1.54    1 = FOG OR MIST
DPTR FM NORMAL:   0.9   DPTR FM NORMAL:    0.26    2 = FOG REDUCING VISIBILITY
HIGHEST:    92 ON 28    GRTST 24HR  0.55 ON  8- 8      TO 1/4 MILE OR LESS
LOWEST:     69 ON 25                               3 = THUNDER
                        SNOW, ICE PELLETS, HAIL    4 = ICE PELLETS
                        TOTAL MONTH:   0.0 INCH    5 = HAIL
                        GRTST 24HR     0.0         6 = FREEZING RAIN OR DRIZZLE
                        GRTST DEPTH:   0           7 = DUSTSTORM OR SANDSTORM:
                                                       VSBY 1/2 MILE OR LESS
                                                   8 = SMOKE OR HAZE
[NO. OF DAYS WITH]      [WEATHER - DAYS WITH]      9 = BLOWING SNOW
                                                   X = TORNADO
MAX 32 OR BELOW:   0    0.01 INCH OR MORE:   6
MAX 90 OR ABOVE:   1    0.10 INCH OR MORE:   4
MIN 32 OR BELOW:   0    0.50 INCH OR MORE:   2
MIN  0 OR BELOW:   0    1.00 INCH OR MORE:   0

[HDD (BASE 65) ]
TOTAL THIS MO.     0    CLEAR  (SCALE 0-3)  13
DPTR FM NORMAL     0    PTCLDY (SCALE 4-7)  15
TOTAL FM JUL 1     0    CLOUDY (SCALE 8-10)  2
DPTR FM NORMAL     0

[CDD (BASE 65) ]
TOTAL THIS MO.   425
DPTR FM NORMAL    35    [PRESSURE DATA]
TOTAL FM JAN 1  4735    HIGHEST SLP 30.09 ON 18
DPTR FM NORMAL   352    LOWEST  SLP 29.82 ON 15

[REMARKS]
#FINAL-11-14#




U.S. Dept. of Commerce
NOAA National Weather Service
1325 East West Highway
Silver Spring, MD 20910
E-mail: w-nws.webmaster@noaa.gov
Page last modified: May 16, 2007
NATIONAL WEATHER SERVICE: for Safety, for Work, for Fun - FOR LIFE