752
CXUS53 KGID 011427
CF6JYR

PRELIMINARY LOCAL CLIMATOLOGICAL DATA (WS FORM: F-6)

                                          STATION:   YORK
                                          MONTH:     NOVEMBER
                                          YEAR:      2014
                                          LATITUDE:   40 54 N
                                          LONGITUDE:  97 37 W

  TEMPERATURE IN F:       :PCPN:    SNOW:  WIND      :SUNSHINE: SKY     :PK WND
================================================================================
1   2   3   4   5  6A  6B    7    8   9   10  11  12  13   14  15   16   17  18
                                     12Z  AVG MX 2MIN
DY MAX MIN AVG DEP HDD CDD  WTR  SNW DPTH SPD SPD DIR MIN PSBL S-S WX    SPD DR
================================================================================

 1  54  28  41   M  24   0 0.00    M    M 15.2 22 170   M    M   0        33 170
 2  64  41  53   M  12   0 0.00    M    M 17.5 24 190   M    M   0        31 190
 3  64  39  52   M  13   0 0.09    M    M 15.0 21 330   M    M   5        29 190
 4  63  32  48   M  17   0 0.00    M    M 10.1 15 280   M    M   0        20 280
 5  68  37  53   M  12   0 0.00    M    M 13.9 27 310   M    M   1        35 320
 6  54  32  43   M  22   0 0.00    M    M  9.0 16 320   M    M   0        18 360
 7  64  37  51   M  14   0 0.00    M    M 14.3 24 210   M    M   0        29 210
 8  50  32  41   M  24   0 0.00    M    M 11.9 20 350   M    M   0        32 360
 9  64  36  50   M  15   0 0.00    M    M  7.1 14 210   M    M   0         M  M
10  50  23  37   M  28   0    T    M    M 15.9 25 340   M    M   5        38 350
11  25  14  20   M  45   0    T    M    M 17.5 22 330   M    M   6        30 360
12  23  10  17   M  48   0 0.00    M    M 16.7 23 330   M    M   4        29 330
13  25   9  17   M  48   0    T    M    M 10.4 20 330   M    M   1        23 330
14  28   5  17   M  48   0 0.00    M    M  7.2 14 150   M    M   6        20 150
15  27  10  19   M  46   0    M    M    M 11.7 24 320   M    M   8        28 340
16  27  -2  13   M  52   0    T    M    M 12.6 25 330   M    M   2        37 330
17  18   1  10   M  55   0    T    M    M 15.3 24 330   M    M   2        35 330
18  39   0  20   M  45   0 0.00    M    M  8.5 18 320   M    M   4         M  M
19  39  10  25   M  40   0    T    M    M 10.1 21 330   M    M   4        27 330
20  32   7  20   M  45   0 0.00    M    M  5.0  9 150   M    M   0         M  M
21  39  18  29   M  36   0 0.00    M    M  7.9 10 200   M    M   3 1       M  M
22  54  36  45   M  20   0 0.00    M    M 12.4 16 210   M    M   7 12     22 200
23  54  32  43   M  22   0 0.01    M    M 13.4 22 340   M    M   4        37 340
24  37  19  28   M  37   0 0.00    M    M 19.9 29 320   M    M   3        39 330
25  46  16  31   M  34   0 0.00    M    M  9.3 16 300   M    M   3        29 230
26  37  18  28   M  37   0 0.00    M    M 16.5 29 330   M    M   5        36 330
27  34  14  24   M  41   0 0.00    M    M  9.0 17 170   M    M   2        21 160
28  66  23  45   M  20   0 0.00    M    M  8.9 17 230   M    M   0        22 230
29  81  25  53   M  12   0 0.00    M    M  9.2 27  10   M    M   0        38  10
30  27  10  19   M  46   0 0.00    M    M 22.1 30  10   M    M   1        39  10
================================================================================
SM 1353  612       958   0    M     M    373.5          M       76
================================================================================
AV 45.1 20.4                              12.4 FASTST   M    M   3    MAX(MPH)
                                 MISC ---->    30  10                  M    M
================================================================================
NOTES:
# LAST OF SEVERAL OCCURRENCES

COLUMN 17 PEAK WIND IN M.P.H.

PRELIMINARY LOCAL CLIMATOLOGICAL DATA (WS FORM: F-6) , PAGE 2

                                          STATION:  YORK
                                          MONTH:    NOVEMBER
                                          YEAR:     2014
                                          LATITUDE:   40 54 N
                                          LONGITUDE:  97 37 W

[TEMPERATURE DATA]      [PRECIPITATION DATA]       SYMBOLS USED IN COLUMN 16

AVERAGE MONTHLY: 32.8   TOTAL FOR MONTH:      M    1 = FOG OR MIST
DPTR FM NORMAL:     M   DPTR FM NORMAL:       M    2 = FOG REDUCING VISIBILITY
HIGHEST:    81 ON 29    GRTST 24HR     M ON   M        TO 1/4 MILE OR LESS
LOWEST:     -2 ON 16                               3 = THUNDER
                        SNOW, ICE PELLETS, HAIL    4 = ICE PELLETS
                        TOTAL MONTH:    M          5 = HAIL
                        GRTST 24HR    M  ON   M    6 = FREEZING RAIN OR DRIZZLE
                        GRTST DEPTH:  M  ON   M    7 = DUSTSTORM OR SANDSTORM:
                                                       VSBY 1/2 MILE OR LESS
                                                   8 = SMOKE OR HAZE
[NO. OF DAYS WITH]      [WEATHER - DAYS WITH]      9 = BLOWING SNOW
                                                   X = TORNADO
MAX 32 OR BELOW:   9    0.01 INCH OR MORE:   M
MAX 90 OR ABOVE:   0    0.10 INCH OR MORE:   M
MIN 32 OR BELOW:  24    0.50 INCH OR MORE:   M
MIN  0 OR BELOW:   2    1.00 INCH OR MORE:   M

[HDD (BASE 65) ]
TOTAL THIS MO.   958    CLEAR  (SCALE 0-3)  18
DPTR FM NORMAL     M    PTCLDY (SCALE 4-7)  11
TOTAL FM JUL 1  1425    CLOUDY (SCALE 8-10)  1
DPTR FM NORMAL     M

[CDD (BASE 65) ]
TOTAL THIS MO.     0
DPTR FM NORMAL     M    [PRESSURE DATA]
TOTAL FM JAN 1   845    HIGHEST SLP M ON M
DPTR FM NORMAL     M    LOWEST  SLP M ON M

[REMARKS]
#FINAL-11-14#




U.S. Dept. of Commerce
NOAA National Weather Service
1325 East West Highway
Silver Spring, MD 20910
E-mail: w-nws.webmaster@noaa.gov
Page last modified: May 16, 2007
NATIONAL WEATHER SERVICE: for Safety, for Work, for Fun - FOR LIFE