481
CXUS53 KGRR 301017
CF6JXN
PRELIMINARY LOCAL CLIMATOLOGICAL DATA (WS FORM: F-6)

                                          STATION:   JACKSON MI
                                          MONTH:     JULY
                                          YEAR:      2014
                                          LATITUDE:   42 16 N
                                          LONGITUDE:  84 28 W

  TEMPERATURE IN F:       :PCPN:    SNOW:  WIND      :SUNSHINE: SKY     :PK WND
================================================================================
1   2   3   4   5  6A  6B    7    8   9   10  11  12  13   14  15   16   17  18
                                     12Z  AVG MX 2MIN
DY MAX MIN AVG DEP HDD CDD  WTR  SNW DPTH SPD SPD DIR MIN PSBL S-S WX    SPD DR
================================================================================

 1  83  63  73   2   0   8 0.77    M    M  8.8 32 260   M    M   3 13     43 270
 2  75  61  68  -3   0   3 0.00    M    M  8.2 20 240   M    M   4        24 240
 3  72  53  63  -8   2   0 0.05    M    M  6.6 14 300   M    M   6 1      22 290
 4  75  49  62  -9   3   0 0.00    M    M  3.6 12  30   M    M   1 18     20 330
 5  79  49  64  -7   1   0 0.00    M    M  4.4 13 220   M    M   0 1      17 240
 6  81  60  71   0   0   6 0.00    M    M  9.3 24 210   M    M   4 3      34 220
 7  84  65  75   4   0  10 1.15    M    M  9.6 23 230   M    M   5 13     32 240
 8  75  63  69  -2   0   4 0.51    M    M  8.8 18 290   0    0   0        36 280
 9  75  60  68  -3   0   3 0.00    M    M  6.1 12 280   M    M   3        18 280
10  76  53  65  -6   0   0 0.00    M    M  2.8  7  30   M    M   0         M  M
11  81  54  68  -3   0   3 0.00    M    M  3.5 12 180   M    M   2        15 180
12  84  62  73   2   0   8 0.00    M    M  7.2 17 230   M    M   3        21 210
13  82  67  75   4   0  10 0.19    M    M  7.8 16 200   M    M   4 1      23 200
14  77  61  69  -2   0   4 0.31    M    M  3.7 13 180   M    M   6 1      16 250
15  69  55  62  -9   3   0    T    M    M  8.8 18 290   M    M   5 1      31 280
16  69  51  60 -11   5   0 0.11    M    M  5.5 13  30   M    M   7 1      18  30
17  74  51  63  -8   2   0    T    M    M  2.8 10 270   M    M   2 1      14 280
18  76  51  64  -7   1   0 0.00    M    M  4.7 12 140   M    M   1        17 150
19  76  58  67  -4   0   2    T    M    M  2.7 13 120   M    M   5        16 110
20  81  56  69  -2   0   4 0.00    M    M  2.0  8 160   M    M   2 1      21  40
21  84  60  72   1   0   7 0.00    M    M  3.7 10 200   M    M   1 1      14 220
22  86  62  74   3   0   9 0.00    M    M  8.2 17 240   M    M   2 18     21 240
23  79  62  71   0   0   6 0.00    M    M  7.0 14 240   M    M   9        20 280
24  75  53  64  -7   1   0 0.00    M    M  2.5 10  20   M    M   3        16  30
25  76  50  63  -8   2   0 0.00    M    M  5.6 15 230   M    M   2        21 190
26  80  58  69  -2   0   4 0.00    M    M  5.1 12 190   M    M   5 18     14 200
27  85  59  72   1   0   7 0.05    M    M  5.5 17 300   M    M   5 138    28 310
28  70  50  60 -11   5   0 0.00    M    M  5.5 14 300   M    M   8        23 340
29  73  48  61 -10   4   0 0.00    M    M  5.0 12 230   M    M   4 3       M  M
================================================================================
SM 2252 1644        29  98  3.14    M    165.0            0    102
================================================================================
AV 77.7 56.7                               5.7 FASTST    0   0   4    MAX(MPH)
                                 MISC ---->  # 32 260               # 43  270
================================================================================
NOTES:
# LAST OF SEVERAL OCCURRENCES

COLUMN 17 PEAK WIND IN M.P.H.

PRELIMINARY LOCAL CLIMATOLOGICAL DATA (WS FORM: F-6) , PAGE 2

                                          STATION:  JACKSON MI
                                          MONTH:    JULY
                                          YEAR:     2014
                                          LATITUDE:   42 16 N
                                          LONGITUDE:  84 28 W

[TEMPERATURE DATA]      [PRECIPITATION DATA]       SYMBOLS USED IN COLUMN 16

AVERAGE MONTHLY: 67.2   TOTAL FOR MONTH:   3.14    1 = FOG OR MIST
DPTR FM NORMAL:  -3.8   DPTR FM NORMAL:   -0.19    2 = FOG REDUCING VISIBILITY
HIGHEST:    86 ON 22    GRTST 24HR  1.15 ON  7- 7      TO 1/4 MILE OR LESS
LOWEST:     48 ON 29                               3 = THUNDER
                        SNOW, ICE PELLETS, HAIL    4 = ICE PELLETS
                        TOTAL MONTH:    M          5 = HAIL
                        GRTST 24HR    M  ON   M    6 = FREEZING RAIN OR DRIZZLE
                        GRTST DEPTH:  M  ON   M    7 = DUSTSTORM OR SANDSTORM:
                                                       VSBY 1/2 MILE OR LESS
                                                   8 = SMOKE OR HAZE
[NO. OF DAYS WITH]      [WEATHER - DAYS WITH]      9 = BLOWING SNOW
                                                   X = TORNADO
MAX 32 OR BELOW:   0    0.01 INCH OR MORE:   8
MAX 90 OR ABOVE:   0    0.10 INCH OR MORE:   6
MIN 32 OR BELOW:   0    0.50 INCH OR MORE:   3
MIN  0 OR BELOW:   0    1.00 INCH OR MORE:   1

[HDD (BASE 65) ]
TOTAL THIS MO.    29    CLEAR  (SCALE 0-3)  15
DPTR FM NORMAL    28    PTCLDY (SCALE 4-7)  13
TOTAL FM JUL 1    29    CLOUDY (SCALE 8-10)  1
DPTR FM NORMAL    28

[CDD (BASE 65) ]
TOTAL THIS MO.    98
DPTR FM NORMAL   -94    [PRESSURE DATA]
TOTAL FM JAN 1   273    HIGHEST SLP  0.00 ON M
DPTR FM NORMAL   -82    LOWEST  SLP  0.00 ON 10

[REMARKS]




U.S. Dept. of Commerce
NOAA National Weather Service
1325 East West Highway
Silver Spring, MD 20910
E-mail: w-nws.webmaster@noaa.gov
Page last modified: May 16, 2007
NATIONAL WEATHER SERVICE: for Safety, for Work, for Fun - FOR LIFE