494
CXUS54 KFWD 260730
CF6JWY
PRELIMINARY LOCAL CLIMATOLOGICAL DATA (WS FORM: F-6)

                                          STATION:   WAXAHACHIE
                                          MONTH:     NOVEMBER
                                          YEAR:      2014
                                          LATITUDE:   32 27 N
                                          LONGITUDE:  96 54 W

  TEMPERATURE IN F:       :PCPN:    SNOW:  WIND      :SUNSHINE: SKY     :PK WND
================================================================================
1   2   3   4   5  6A  6B    7    8   9   10  11  12  13   14  15   16   17  18
                                     12Z  AVG MX 2MIN
DY MAX MIN AVG DEP HDD CDD  WTR  SNW DPTH SPD SPD DIR MIN PSBL S-S WX    SPD DR
================================================================================

 1  62  37  50 -11  15   0 0.00  0.0    0  3.9 10  90   M    M   0         M  M
 2  68  43  56  -5   9   0 0.00  0.0    0  8.7 14 150   M    M   1        21 140
 3  75  53  64   4   1   0 0.00  0.0    0  9.4 18 170   M    M   9        25 170
 4  70  54  62   2   3   0 0.83  0.0    0 10.3 21 360   M    M  10        27 360
 5  57  52  55  -4  10   0 0.24  0.0    0  6.8 13 330   M    M   8        17 350
 6  70  45  58  -1   7   0 0.00  0.0    0  5.2 12  10   M    M   0         M  M
 7  67  38  53  -6  12   0 0.00  0.0    0  3.1  9 150   M    M   0         M  M
 8  68  46  57  -1   8   0 0.00  0.0    0  6.8 23 350   M    M   0        29 350
 9  73  37  55  -3  10   0 0.00  0.0    0  5.7 16 190   M    M   0        18 180
10  78  47  63   5   2   0 0.00  0.0    0 14.1 29 190   M    M   0        38 190
11  65  37  51  -6  14   0 0.00  0.0    0 16.0 24 330   M    M   3        32 310
12  41  32  37 -20  28   0 0.00  0.0    0 15.2 22 350   M    M   3        28 350
13  38  27  33 -23  32   0 0.00  0.0    0 12.3 21 350   M    M   6        28 350
14  39  25  32 -24  33   0 0.00  0.0    0  1.3  5  50   M    M   9         M  M
15  44  38  41 -15  24   0 0.01  0.0    0  6.4 16 160   M    M  10 1      20 150
16  41  28  35 -20  30   0 0.02    M    0 11.0 20 350   M    M  10 1      25 350
17  44  25  35 -20  30   0 0.00  0.0    M  9.3 18 320   M    M   1        25 330
18  56  24  40 -14  25   0 0.00  0.0    0  5.8 14 190   M    M   0        17 230
19  66  36  51  -3  14   0 0.00  0.0    0  8.9 15 230   M    M   0        23 210
20  72  43  58   5   7   0 0.00  0.0    0  7.6 20 190   M    M   3        23 200
21  67  58  63  10   2   0 0.00  0.0    0  7.8 13 160   M    M  10 12     21 160
22  61  55  58   5   7   0 0.28  0.0    0  7.1 10 170   M    M   9 1      20 130
23  77  49  63  11   2   0 0.01  0.0    0 11.2 22 310   M    M   2 12     35 310
24  61  42  52   0  13   0 0.00  0.0    0  6.8 14 310   M    M   0        21 320
25  64  37  51   0  14   0 0.00  0.0    0  5.3 14 280   M    M   0        20 280
================================================================================
SM 1524 1008       352   0  1.39     0.0 206.0          M       94
================================================================================
AV 61.0 40.3                               8.2 FASTST   M    M   4    MAX(MPH)
                                 MISC ---->    29   M               # 38  190
================================================================================
NOTES:
# LAST OF SEVERAL OCCURRENCES

COLUMN 17 PEAK WIND IN M.P.H.

PRELIMINARY LOCAL CLIMATOLOGICAL DATA (WS FORM: F-6) , PAGE 2

                                          STATION:  WAXAHACHIE
                                          MONTH:    NOVEMBER
                                          YEAR:     2014
                                          LATITUDE:   32 27 N
                                          LONGITUDE:  96 54 W

[TEMPERATURE DATA]      [PRECIPITATION DATA]       SYMBOLS USED IN COLUMN 16

AVERAGE MONTHLY: 50.6   TOTAL FOR MONTH:   1.39    1 = FOG OR MIST
DPTR FM NORMAL:  -5.6   DPTR FM NORMAL:   -1.18    2 = FOG REDUCING VISIBILITY
HIGHEST:    78 ON 10    GRTST 24HR  0.83 ON  4- 4      TO 1/4 MILE OR LESS
LOWEST:     24 ON 18                               3 = THUNDER
                        SNOW, ICE PELLETS, HAIL    4 = ICE PELLETS
                        TOTAL MONTH:   0.0 INCH    5 = HAIL
                        GRTST 24HR     0.0         6 = FREEZING RAIN OR DRIZZLE
                        GRTST DEPTH:   0           7 = DUSTSTORM OR SANDSTORM:
                                                       VSBY 1/2 MILE OR LESS
                                                   8 = SMOKE OR HAZE
[NO. OF DAYS WITH]      [WEATHER - DAYS WITH]      9 = BLOWING SNOW
                                                   X = TORNADO
MAX 32 OR BELOW:   0    0.01 INCH OR MORE:   6
MAX 90 OR ABOVE:   0    0.10 INCH OR MORE:   3
MIN 32 OR BELOW:   6    0.50 INCH OR MORE:   1
MIN  0 OR BELOW:   0    1.00 INCH OR MORE:   0

[HDD (BASE 65) ]
TOTAL THIS MO.   352    CLEAR  (SCALE 0-3)  15
DPTR FM NORMAL   116    PTCLDY (SCALE 4-7)   3
TOTAL FM JUL 1   376    CLOUDY (SCALE 8-10)  7
DPTR FM NORMAL    53

[CDD (BASE 65) ]
TOTAL THIS MO.     0
DPTR FM NORMAL   -14    [PRESSURE DATA]
TOTAL FM JAN 1  2430    HIGHEST SLP M ON M
DPTR FM NORMAL     3    LOWEST  SLP M ON M

[REMARKS]




U.S. Dept. of Commerce
NOAA National Weather Service
1325 East West Highway
Silver Spring, MD 20910
E-mail: w-nws.webmaster@noaa.gov
Page last modified: May 16, 2007
NATIONAL WEATHER SERVICE: for Safety, for Work, for Fun - FOR LIFE