910
CXUS54 KFWD 290730
CF6JWY
PRELIMINARY LOCAL CLIMATOLOGICAL DATA (WS FORM: F-6)

                                          STATION:   WAXAHACHIE
                                          MONTH:     JANUARY
                                          YEAR:      2015
                                          LATITUDE:   32 27 N
                                          LONGITUDE:  96 54 W

  TEMPERATURE IN F:       :PCPN:    SNOW:  WIND      :SUNSHINE: SKY     :PK WND
================================================================================
1   2   3   4   5  6A  6B    7    8   9   10  11  12  13   14  15   16   17  18
                                     12Z  AVG MX 2MIN
DY MAX MIN AVG DEP HDD CDD  WTR  SNW DPTH SPD SPD DIR MIN PSBL S-S WX    SPD DR
================================================================================

 1  37  32  35  -9  30   0 0.39    M    0  4.6  7  30   M    M  10 1       M  M
 2  40  36  38  -6  27   0 0.15    M    0  6.3 10 360   M    M  10 1       M  M
 3  53  38  46   2  19   0 0.47    M    0  6.2 13 270   M    M   5        17 270
 4  44  28  36  -8  29   0 0.00  0.0    0 11.7 24 340   M    M   1        30 340
 5  46  23  35  -9  30   0 0.00  0.0    0  5.2 12 170   M    M   0         M  M
 6  60  30  45   1  20   0 0.00  0.0    0  4.8 10 200   M    M   0        16 200
 7  41  22  32 -12  33   0 0.00  0.0    0 16.1 27 340   M    M   0        33 340
 8  38  15  27 -17  38   0 0.00  0.0    0  6.1 14 170   M    M   0        18 200
 9  37  26  32 -12  33   0 0.00  0.0    0  7.5 16 360   M    M   9        25  10
10  36  31  34 -10  31   0 0.09  0.0    0  4.0  8  40   M    M  10         M  M
11  42  32  37  -7  28   0 0.84  0.0    0  3.5  8 120   M    M  10 1       M  M
12  44  35  40  -4  25   0 0.00  0.0    0 11.0 17 360   M    M  10 1      23 360
13  38  32  35  -9  30   0 0.00  0.0    0  9.5 14 360   M    M  10 1      18 350
14  41  36  39  -5  26   0 0.00  0.0    0  4.7  7 330   M    M  10         M  M
15  55  32  44   0  21   0 0.00  0.0    0  5.4 12 320   M    M   3        16 310
16  64  34  49   5  16   0 0.00  0.0    0  6.3 13 210   M    M   0         M  M
17  70  38  54   9  11   0 0.00  0.0    0  9.4 15 280   M    M   0        24 210
18  68  36  52   7  13   0 0.00  0.0    0  7.1 13 210   M    M   0         M  M
19  69  39  54   9  11   0 0.00  0.0    0  5.3 10 210   M    M   0         M  M
20  60  38  49   4  16   0 0.00  0.0    0  3.5 12  20   M    M   3 12     17  10
21  60  44  52   7  13   0 0.17  0.0    0  9.1 13  60   M    M   5        21  70
22  47  39  43  -2  22   0 0.83  0.0    0 14.0 21  50   M    M  10        30  50
23  51  36  44  -1  21   0 0.00  0.0    0  8.4 17 300   M    M   4        24 300
24  59  33  46   1  19   0 0.00  0.0    0  6.9 12 320   M    M   0         M  M
25  65  42  54   9  11   0 0.00  0.0    0 11.1 22 300   M    M   0        32 320
26  72  33  53   8  12   0 0.00  0.0    0  5.4 12 260   M    M   0        16 240
27  78  49  64  19   1   0 0.00  0.0    0  4.4  9 310   M    M   0         M  M
28  79  47  63  18   2   0 0.00  0.0    0  9.2 17 190   M    M   0        24 180
================================================================================
SM 1494  956       588   0  2.94     0.0 206.7          M      110
================================================================================
AV 53.4 34.1                               7.4 FASTST   M    M   4    MAX(MPH)
                                 MISC ---->  # 27 340                 33    M
================================================================================
NOTES:
# LAST OF SEVERAL OCCURRENCES

COLUMN 17 PEAK WIND IN M.P.H.

PRELIMINARY LOCAL CLIMATOLOGICAL DATA (WS FORM: F-6) , PAGE 2

                                          STATION:  WAXAHACHIE
                                          MONTH:    JANUARY
                                          YEAR:     2015
                                          LATITUDE:   32 27 N
                                          LONGITUDE:  96 54 W

[TEMPERATURE DATA]      [PRECIPITATION DATA]       SYMBOLS USED IN COLUMN 16

AVERAGE MONTHLY: 43.8   TOTAL FOR MONTH:   2.94    1 = FOG OR MIST
DPTR FM NORMAL:  -0.7   DPTR FM NORMAL:    0.94    2 = FOG REDUCING VISIBILITY
HIGHEST:    79 ON 28    GRTST 24HR  0.84 ON 11-11      TO 1/4 MILE OR LESS
LOWEST:     15 ON  8                               3 = THUNDER
                        SNOW, ICE PELLETS, HAIL    4 = ICE PELLETS
                        TOTAL MONTH:   0.0 INCH    5 = HAIL
                        GRTST 24HR     0.0         6 = FREEZING RAIN OR DRIZZLE
                        GRTST DEPTH:   0           7 = DUSTSTORM OR SANDSTORM:
                                                       VSBY 1/2 MILE OR LESS
                                                   8 = SMOKE OR HAZE
[NO. OF DAYS WITH]      [WEATHER - DAYS WITH]      9 = BLOWING SNOW
                                                   X = TORNADO
MAX 32 OR BELOW:   0    0.01 INCH OR MORE:   7
MAX 90 OR ABOVE:   0    0.10 INCH OR MORE:   6
MIN 32 OR BELOW:  11    0.50 INCH OR MORE:   2
MIN  0 OR BELOW:   0    1.00 INCH OR MORE:   0

[HDD (BASE 65) ]
TOTAL THIS MO.   588    CLEAR  (SCALE 0-3)  16
DPTR FM NORMAL    12    PTCLDY (SCALE 4-7)   3
TOTAL FM JUL 1  1456    CLOUDY (SCALE 8-10)  9
DPTR FM NORMAL  -111

[CDD (BASE 65) ]
TOTAL THIS MO.     0
DPTR FM NORMAL     0    [PRESSURE DATA]
TOTAL FM JAN 1     0    HIGHEST SLP M ON M
DPTR FM NORMAL     0    LOWEST  SLP M ON M

[REMARKS]




U.S. Dept. of Commerce
NOAA National Weather Service
1325 East West Highway
Silver Spring, MD 20910
E-mail: w-nws.webmaster@noaa.gov
Page last modified: May 16, 2007
NATIONAL WEATHER SERVICE: for Safety, for Work, for Fun - FOR LIFE