422
CXUS54 KFWD 230730
CF6JWY
PRELIMINARY LOCAL CLIMATOLOGICAL DATA (WS FORM: F-6)

                                          STATION:   WAXAHACHIE
                                          MONTH:     JULY
                                          YEAR:      2014
                                          LATITUDE:   32 27 N
                                          LONGITUDE:  96 54 W

  TEMPERATURE IN F:       :PCPN:    SNOW:  WIND      :SUNSHINE: SKY     :PK WND
================================================================================
1   2   3   4   5  6A  6B    7    8   9   10  11  12  13   14  15   16   17  18
                                     12Z  AVG MX 2MIN
DY MAX MIN AVG DEP HDD CDD  WTR  SNW DPTH SPD SPD DIR MIN PSBL S-S WX    SPD DR
================================================================================

 1  92  72  82   0   0  17 0.00  0.0    0  8.0 15 170   M    M   2 1      22 180
 2  92  72  82   0   0  17 0.50  0.0    0  4.5  8 340   M    M   3         M  M
 3  86  70  78  -4   0  13 0.00  0.0    0  5.0  9  30   M    M   1         9  40
 4  91  69  80  -3   0  15 0.00  0.0    0  2.9  7 100   M    M   2 1       M  M
 5  91  71  81  -2   0  16 0.00  0.0    0  4.4  9 190   M    M   2 1       M  M
 6  91  70  81  -2   0  16 0.00  0.0    0  6.7 13 190   M    M   0 1      18 200
 7  95  72  84   1   0  19 0.00  0.0    0  8.0 15 180   M    M   1        21 170
 8  95  73  84   1   0  19 0.00  0.0    0  8.7 13 190   M    M   0        17 180
 9  95  73  84   1   0  19 0.00  0.0    0  5.9 12 210   M    M   1        20 200
10  94  73  84   1   0  19 0.00  0.0    0  9.2 15 170   M    M   0        22 160
11  93  69  81  -2   0  16 0.00  0.0    0  7.7 16 190   M    M   0        21 160
12  95  70  83   0   0  18 0.00  0.0    0  4.9 13 150   M    M   0        17 150
13  97  74  86   2   0  21 0.00  0.0    0  5.0  9 250   M    M   1         M  M
14 100  75  88   4   0  23 0.06  0.0    0  6.3 14 310   M    M   2        23 310
15  91  74  83  -1   0  18 0.00  0.0    0  6.1 14  40   M    M   3        18  50
16   M   M   M   M   M   M    M    M    M   M   M   M   M    M   M         M  M
17   M   M   M   M   M   M    M    M    M   M   M   M   M    M   M         M  M
18  76  67  72 -12   0   7 0.00  0.0    0  6.2  9 360   M    M   9         M  M
19  77  65  71 -13   0   6 0.00  0.0    0  2.4  7  80   M    M   8 1       M  M
20  91  64  78  -6   0  13 0.00  0.0    0  3.5  8 180   M    M   5 12      M  M
21  78  72  75  -9   0  10 0.00  0.0    0  3.1  6  80   M    M   7 1       M  M
22  96  77  87   3   0  22 0.00  0.0    M  4.1  9  90   M    M   2 8       M  M
================================================================================
SM 1816 1422         0 324  0.56     0.0 112.6          M       49
================================================================================
AV 90.8 71.1                               5.6 FASTST   M    M   2    MAX(MPH)
                                 MISC ---->    16   M               # 23  310
================================================================================
NOTES:
# LAST OF SEVERAL OCCURRENCES

COLUMN 17 PEAK WIND IN M.P.H.

PRELIMINARY LOCAL CLIMATOLOGICAL DATA (WS FORM: F-6) , PAGE 2

                                          STATION:  WAXAHACHIE
                                          MONTH:    JULY
                                          YEAR:     2014
                                          LATITUDE:   32 27 N
                                          LONGITUDE:  96 54 W

[TEMPERATURE DATA]      [PRECIPITATION DATA]       SYMBOLS USED IN COLUMN 16

AVERAGE MONTHLY: 80.9   TOTAL FOR MONTH:   0.56    1 = FOG OR MIST
DPTR FM NORMAL:  -2.4   DPTR FM NORMAL:   -1.37    2 = FOG REDUCING VISIBILITY
HIGHEST:   100 ON 14    GRTST 24HR  0.50 ON  2- 2      TO 1/4 MILE OR LESS
LOWEST:     64 ON 20                               3 = THUNDER
                        SNOW, ICE PELLETS, HAIL    4 = ICE PELLETS
                        TOTAL MONTH:   0.0 INCH    5 = HAIL
                        GRTST 24HR     0.0         6 = FREEZING RAIN OR DRIZZLE
                        GRTST DEPTH:   0           7 = DUSTSTORM OR SANDSTORM:
                                                       VSBY 1/2 MILE OR LESS
                                                   8 = SMOKE OR HAZE
[NO. OF DAYS WITH]      [WEATHER - DAYS WITH]      9 = BLOWING SNOW
                                                   X = TORNADO
MAX 32 OR BELOW:   0    0.01 INCH OR MORE:   2
MAX 90 OR ABOVE:  16    0.10 INCH OR MORE:   1
MIN 32 OR BELOW:   0    0.50 INCH OR MORE:   1
MIN  0 OR BELOW:   0    1.00 INCH OR MORE:   0

[HDD (BASE 65) ]
TOTAL THIS MO.     0    CLEAR  (SCALE 0-3)  16
DPTR FM NORMAL     0    PTCLDY (SCALE 4-7)   3
TOTAL FM JUL 1     0    CLOUDY (SCALE 8-10)  1
DPTR FM NORMAL     0

[CDD (BASE 65) ]
TOTAL THIS MO.   324
DPTR FM NORMAL   -78    [PRESSURE DATA]
TOTAL FM JAN 1  1106    HIGHEST SLP M ON M
DPTR FM NORMAL   -73    LOWEST  SLP M ON M

[REMARKS]




U.S. Dept. of Commerce
NOAA National Weather Service
1325 East West Highway
Silver Spring, MD 20910
E-mail: w-nws.webmaster@noaa.gov
Page last modified: May 16, 2007
NATIONAL WEATHER SERVICE: for Safety, for Work, for Fun - FOR LIFE