899
CXUS54 KFWD 290730
CF6JWY
PRELIMINARY LOCAL CLIMATOLOGICAL DATA (WS FORM: F-6)

                                          STATION:   WAXAHACHIE
                                          MONTH:     AUGUST
                                          YEAR:      2014
                                          LATITUDE:   32 27 N
                                          LONGITUDE:  96 54 W

  TEMPERATURE IN F:       :PCPN:    SNOW:  WIND      :SUNSHINE: SKY     :PK WND
================================================================================
1   2   3   4   5  6A  6B    7    8   9   10  11  12  13   14  15   16   17  18
                                     12Z  AVG MX 2MIN
DY MAX MIN AVG DEP HDD CDD  WTR  SNW DPTH SPD SPD DIR MIN PSBL S-S WX    SPD DR
================================================================================

 1  80  68  74 -10   0   9 0.00  0.0    0  6.6 12 340   M    M  10 1       M  M
 2  87  64  76  -9   0  11 0.00  0.0    0  5.8 10  20   M    M   4 1      17  20
 3  91  68  80  -5   0  15 0.00  0.0    0  6.1 12  30   M    M   3 1      20  30
 4  92  70  81  -4   0  16 0.00  0.0    0  4.9 12  60   M    M   2 1       M  M
 5  96  70  83  -2   0  18 0.00  0.0    0  4.0 10 170   M    M   2 18      M  M
 6  98  74  86   1   0  21 0.00  0.0    0  7.6 10 150   M    M   0         M  M
 7  99  74  87   2   0  22 0.00  0.0    0  7.6 13 180   M    M   0        18 200
 8 101  78  90   5   0  25 0.00  0.0    0  9.5 16 200   M    M   0        23 200
 9 100  75  88   3   0  23 0.00  0.0    0  6.5 10 170   M    M   1        18 210
10 101  74  88   4   0  23 0.01  0.0    0  5.4 10 240   M    M   1        20 360
11  98  75  87   3   0  22 0.00  0.0    0  5.5 14 350   M    M   1        20 350
12  94  73  84   0   0  19 0.00  0.0    0  6.7 15 350   M    M   0        22  20
13  93  66  80  -4   0  15 0.00  0.0    0  3.8 10  50   M    M   1         M  M
14  94  66  80  -4   0  15 0.00  0.0    0  3.4  8  80   M    M   0         M  M
15  98  70  84   0   0  19 0.00  0.0    0  6.5 13 210   M    M   0        20 180
16 101  76  89   5   0  24 0.01  0.0    0  7.6 14 190   M    M   2        22 190
17  84  71  78  -6   0  13 0.64  0.0    0  4.8 10 170   M    M   5         M  M
18  89  74  82  -2   0  17    M  0.0    0  5.1 10 200   M    M   0         M  M
19  92  73  83  -1   0  18 0.00  0.0    0  6.5 14 150   M    M   1        22 150
20  97  75  86   2   0  21 0.00  0.0    0 11.5 22 190   M    M   1        27 190
21  98  75  87   3   0  22 0.00  0.0    0 11.0 17 190   M    M   1        28 190
22 100  76  88   4   0  23 0.00  0.0    0 10.7 15 190   M    M   0        22 220
23  98  74  86   3   0  21 0.00  0.0    0  7.3 13 200   M    M   0        18 170
24  99  73  86   3   0  21 0.00  0.0    0  6.0 10 190   M    M   0         M  M
25  99  72  86   3   0  21 0.00  0.0    0  3.7  8 230   M    M   0         M  M
26  98  74  86   3   0  21 0.00  0.0    0  3.3  9  70   M    M   2         M  M
27  94  72  83   0   0  18 0.00  0.0    0  3.5  9  90   M    M   2         M  M
28  96  70  83   1   0  18 0.00  0.0    0  4.5  9 140   M    M   2        17 140
================================================================================
SM 2667 2020         0 531  0.66     0.0 175.4          M       41
================================================================================
AV 95.2 72.1                               6.3 FASTST   M    M   1    MAX(MPH)
                                 MISC ---->    22   M                 28    M
================================================================================
NOTES:
# LAST OF SEVERAL OCCURRENCES

COLUMN 17 PEAK WIND IN M.P.H.

PRELIMINARY LOCAL CLIMATOLOGICAL DATA (WS FORM: F-6) , PAGE 2

                                          STATION:  WAXAHACHIE
                                          MONTH:    AUGUST
                                          YEAR:     2014
                                          LATITUDE:   32 27 N
                                          LONGITUDE:  96 54 W

[TEMPERATURE DATA]      [PRECIPITATION DATA]       SYMBOLS USED IN COLUMN 16

AVERAGE MONTHLY: 83.7   TOTAL FOR MONTH:   0.66    1 = FOG OR MIST
DPTR FM NORMAL:  -0.3   DPTR FM NORMAL:   -1.40    2 = FOG REDUCING VISIBILITY
HIGHEST:   101 ON 16,10 GRTST 24HR  0.64 ON 17-17      TO 1/4 MILE OR LESS
LOWEST:     64 ON  2                               3 = THUNDER
                        SNOW, ICE PELLETS, HAIL    4 = ICE PELLETS
                        TOTAL MONTH:   0.0 INCH    5 = HAIL
                        GRTST 24HR     0.0         6 = FREEZING RAIN OR DRIZZLE
                        GRTST DEPTH:   0           7 = DUSTSTORM OR SANDSTORM:
                                                       VSBY 1/2 MILE OR LESS
                                                   8 = SMOKE OR HAZE
[NO. OF DAYS WITH]      [WEATHER - DAYS WITH]      9 = BLOWING SNOW
                                                   X = TORNADO
MAX 32 OR BELOW:   0    0.01 INCH OR MORE:   3
MAX 90 OR ABOVE:  24    0.10 INCH OR MORE:   1
MIN 32 OR BELOW:   0    0.50 INCH OR MORE:   1
MIN  0 OR BELOW:   0    1.00 INCH OR MORE:   0

[HDD (BASE 65) ]
TOTAL THIS MO.     0    CLEAR  (SCALE 0-3)  25
DPTR FM NORMAL     0    PTCLDY (SCALE 4-7)   2
TOTAL FM JUL 1     0    CLOUDY (SCALE 8-10)  1
DPTR FM NORMAL     0

[CDD (BASE 65) ]
TOTAL THIS MO.   531
DPTR FM NORMAL    -3    [PRESSURE DATA]
TOTAL FM JAN 1  1766    HIGHEST SLP M ON M
DPTR FM NORMAL  -122    LOWEST  SLP M ON M

[REMARKS]




U.S. Dept. of Commerce
NOAA National Weather Service
1325 East West Highway
Silver Spring, MD 20910
E-mail: w-nws.webmaster@noaa.gov
Page last modified: May 16, 2007
NATIONAL WEATHER SERVICE: for Safety, for Work, for Fun - FOR LIFE