708
CXUS55 KCTP 011131
CF6JST
PRELIMINARY LOCAL CLIMATOLOGICAL DATA (WS FORM: F-6)

                                          STATION:   JOHNSTOWN
                                          MONTH:     NOVEMBER
                                          YEAR:      2014
                                          LATITUDE:   40 18 N
                                          LONGITUDE:  78 50 W

  TEMPERATURE IN F:       :PCPN:    SNOW:  WIND      :SUNSHINE: SKY     :PK WND
================================================================================
1   2   3   4   5  6A  6B    7    8   9   10  11  12  13   14  15   16   17  18
                                     12Z  AVG MX 2MIN
DY MAX MIN AVG DEP HDD CDD  WTR  SNW DPTH SPD SPD DIR MIN PSBL S-S WX    SPD DR
================================================================================

 1  40  31  36  -9  29   0 0.04    M    M 11.7 22 340   M    M  10 1      32 330
 2  41  30  36  -9  29   0    T    M    M 16.3 26 320   M    M   5        34 290
 3  52  31  42  -3  23   0 0.00    M    M 12.9 22 260   M    M   3        29 250
 4  65  48  57  13   8   0 0.00    M    M 12.7 26 250   M    M   1        37 230
 5  58  44  51   7  14   0 0.02    M    M  9.6 28 260   M    M   4 1      43 260
 6  50  40  45   1  20   0 0.60    M    M  9.3 31 240   M    M   9 123    43 250
 7  40  26  33 -10  32   0 0.10    M    M 15.1 29 300   M    M   9 12     37 300
 8  48  26  37  -6  28   0 0.00    M    M  9.8 20 260   M    M   4        25 240
 9  47  36  42   0  23   0 0.00    M    M  9.1 17 280   M    M   7        26 280
10  62  40  51   9  14   0 0.00    M    M  9.6 22 160   M    M   3        29 150
11  68  43  56  14   9   0 0.00    M    M  9.0 20 160   M    M   1        26 160
12  56  31  44   3  21   0    T    M    0 11.6 22 280   M    M   9 1      28 280
13  31  24  28 -13  37   0 0.01    M    M  9.2 20 290   M    M  10 18     24 280
14  26  21  24 -16  41   0 0.01    M    M 11.5 17 280   M    M  10 18     25 310
15  31  21  26 -14  39   0    T    M    0  6.2 15 290   M    M   4        18 280
16  37  26  32  -8  33   0 0.01    M    M  8.5 15 170   M    M  10 18     20 210
17  40  14  27 -12  38   0 0.27    M    M 11.7 31 280   M    M  10 126    41 260
18  14   9  12 -27  53   0    T    M    M 18.4 31 270   M    M  10 189    40 270
19  34  10  22 -16  43   0    T    T    M 12.7 28 260   M    M   9 1      34 250
20  32  18  25 -13  40   0    T    T    M 17.5 29 280   M    M   7 1      42 280
21  22  15  19 -18  46   0    T    T    M 11.2 20 270   M    M   6 8      27 250
22  48  17  33  -4  32   0    T  0.0    M 10.5 16 210   M    M   6        23 200
23  59  44  52  16  13   0 0.16  0.0    0 11.5 25 150   M    M   5 1      36 150
24  67  43  55  19  10   0 0.06  0.0    M 17.0 33 230   M    M   5 1      45 220
25  45  29  37   1  28   0 0.00  0.0    M 12.6 23 260   M    M   4        34 280
26  32  29  31  -4  34   0 0.26    M    M  4.6 10 300   M    M   8 12     13 290
27  29  24  27  -8  38   0 0.06    M    M  9.3 22 310   M    M  10 126    30 290
28  24  18  21 -13  44   0 0.01    M    M 12.9 23 310   M    M   8 1      29 310
29  37  21  29  -5  36   0    T    M    M 10.3 20 170   M    M   8 1      26 170
30  57  37  47  14  18   0 0.00  0.0    M 13.8 24 240   M    M  10        33 250
================================================================================
SM 1292  846       873   0  1.61    T    346.1          M      205
================================================================================
AV 43.1 28.2                              11.5 FASTST   M    M   7    MAX(MPH)
                                 MISC ---->  # 33 230               # 45  220
================================================================================
NOTES:
# LAST OF SEVERAL OCCURRENCES

COLUMN 17 PEAK WIND IN M.P.H.

PRELIMINARY LOCAL CLIMATOLOGICAL DATA (WS FORM: F-6) , PAGE 2

                                          STATION:  JOHNSTOWN
                                          MONTH:    NOVEMBER
                                          YEAR:     2014
                                          LATITUDE:   40 18 N
                                          LONGITUDE:  78 50 W

[TEMPERATURE DATA]      [PRECIPITATION DATA]       SYMBOLS USED IN COLUMN 16

AVERAGE MONTHLY: 35.6   TOTAL FOR MONTH:   1.61    1 = FOG OR MIST
DPTR FM NORMAL:  -3.9   DPTR FM NORMAL:   -2.09    2 = FOG REDUCING VISIBILITY
HIGHEST:    68 ON 11    GRTST 24HR  0.60 ON  6- 6      TO 1/4 MILE OR LESS
LOWEST:      9 ON 18                               3 = THUNDER
                        SNOW, ICE PELLETS, HAIL    4 = ICE PELLETS
                        TOTAL MONTH:    T          5 = HAIL
                        GRTST 24HR    T  ON 21-21  6 = FREEZING RAIN OR DRIZZLE
                        GRTST DEPTH:   0           7 = DUSTSTORM OR SANDSTORM:
                                                       VSBY 1/2 MILE OR LESS
                                                   8 = SMOKE OR HAZE
[NO. OF DAYS WITH]      [WEATHER - DAYS WITH]      9 = BLOWING SNOW
                                                   X = TORNADO
MAX 32 OR BELOW:   9    0.01 INCH OR MORE:  13
MAX 90 OR ABOVE:   0    0.10 INCH OR MORE:   5
MIN 32 OR BELOW:  21    0.50 INCH OR MORE:   1
MIN  0 OR BELOW:   0    1.00 INCH OR MORE:   0

[HDD (BASE 65) ]
TOTAL THIS MO.   873    CLEAR  (SCALE 0-3)   4
DPTR FM NORMAL   109    PTCLDY (SCALE 4-7)  14
TOTAL FM JUL 1  1511    CLOUDY (SCALE 8-10) 12
DPTR FM NORMAL    54

[CDD (BASE 65) ]
TOTAL THIS MO.     0
DPTR FM NORMAL     0    [PRESSURE DATA]
TOTAL FM JAN 1   341    HIGHEST SLP 30.51 ON 21
DPTR FM NORMAL   -41    LOWEST  SLP 29.45 ON 24

[REMARKS]
#FINAL-11-14#




U.S. Dept. of Commerce
NOAA National Weather Service
1325 East West Highway
Silver Spring, MD 20910
E-mail: w-nws.webmaster@noaa.gov
Page last modified: May 16, 2007
NATIONAL WEATHER SERVICE: for Safety, for Work, for Fun - FOR LIFE