612
CXUS55 KCTP 301131
CF6JST
PRELIMINARY LOCAL CLIMATOLOGICAL DATA (WS FORM: F-6)

                                          STATION:   JOHNSTOWN
                                          MONTH:     JANUARY
                                          YEAR:      2015
                                          LATITUDE:   40 18 N
                                          LONGITUDE:  78 50 W

  TEMPERATURE IN F:       :PCPN:    SNOW:  WIND      :SUNSHINE: SKY     :PK WND
================================================================================
1   2   3   4   5  6A  6B    7    8   9   10  11  12  13   14  15   16   17  18
                                     12Z  AVG MX 2MIN
DY MAX MIN AVG DEP HDD CDD  WTR  SNW DPTH SPD SPD DIR MIN PSBL S-S WX    SPD DR
================================================================================

 1  30  16  23  -3  42   0 0.00    M    M 19.6 29 270   M    M   1        41 260
 2  33  24  29   3  36   0 0.00    M    M 14.6 30 270   M    M   0        40 290
 3  41  23  32   6  33   0 0.47    M    M 12.1 22 160   M    M   8 16     30 140
 4  58  30  44  18  21   0 0.13    M    M 15.1 31 260   M    M   9 1      46 260
 5  30   9  20  -6  45   0 0.01    M    M 18.7 31 280   M    M   6 129    43 280
 6  15   8  12 -14  53   0 0.07    M    M 10.4 25 260   M    M   9 1      34 270
 7  13   0   7 -19  58   0    T    M    M 18.8 30 290   M    M  10 89     39 290
 8  18  -3   8 -18  57   0    T    M    M 14.7 25 280   M    M   5 8      34 250
 9  22   4  13 -12  52   0    T    M    M 20.4 37 250   M    M   7 1289   54 250
10  12  -3   5 -20  60   0    T    M    M 11.6 24 280   M    M   4 8      36 270
11  37  10  24  -1  41   0    T    M    M  9.7 24 250   M    M   7 14     40 250
12  37  25  31   6  34   0 0.18    M    M 10.0 20 320   M    M  10 126    24 330
13  25  11  18  -7  47   0    T    M    M  8.0 16 350   M    M   3        22 360
14  24  12  18  -7  47   0    T    M    M  7.0 14 160   M    M   7 18     17 170
15  27  16  22  -3  43   0    T    M    M 10.6 20 240   M    M   5        28 240
16  28  16  22  -3  43   0    T    M    M 17.5 29 250   M    M   9 168    40 260
17  35  14  25   0  40   0 0.00    M    M  9.2 18 170   M    M   2        27 170
18  42  30  36  11  29   0 0.03    M    M 10.7 22 280   M    M   6 1      28 270
19  32  27  30   5  35   0    T    M    M 13.7 25 290   M    M  10 1      32 290
20  34  25  30   5  35   0 0.02    M    M  4.1 13 300   M    M   8 12     17 300
21  34  27  31   6  34   0 0.09    M    0  7.5 21 240   M    M  10 1      26 230
22  32  25  29   4  36   0 0.01    M    M 10.7 20 280   M    M  10 1268   25 290
23  33  21  27   2  38   0 0.15    M    M  5.9 14 270   M    M   8 1      18 270
24  30  24  27   2  38   0 0.13    M    M 11.9 24 270   M    M  10 1268   32 250
25  32  27  30   5  35   0 0.21    M    M  9.0 24 280   M    M  10 126    33 290
26  29  18  24  -1  41   0 0.22    M    0  4.7 12 130   M    M  10 1      15 130
27  19  13  16  -9  49   0 0.03    M    M 13.2 21 300   M    M  10 1      27 310
28  19   7  13 -12  52   0    T    M    M  8.9 17 290   M    M   3 18     23 290
29  33  12  23  -2  42   0 0.13    M    M 11.6 28 290   M    M   7 126    35 300
================================================================================
SM  854  468      1216   0  1.88    M    339.9          M      204
================================================================================
AV 29.4 16.1                              11.7 FASTST   M    M   7    MAX(MPH)
                                 MISC ---->  # 37 250               # 54  250
================================================================================
NOTES:
# LAST OF SEVERAL OCCURRENCES

COLUMN 17 PEAK WIND IN M.P.H.

PRELIMINARY LOCAL CLIMATOLOGICAL DATA (WS FORM: F-6) , PAGE 2

                                          STATION:  JOHNSTOWN
                                          MONTH:    JANUARY
                                          YEAR:     2015
                                          LATITUDE:   40 18 N
                                          LONGITUDE:  78 50 W

[TEMPERATURE DATA]      [PRECIPITATION DATA]       SYMBOLS USED IN COLUMN 16

AVERAGE MONTHLY: 22.8   TOTAL FOR MONTH:   1.88    1 = FOG OR MIST
DPTR FM NORMAL:  -2.5   DPTR FM NORMAL:   -0.83    2 = FOG REDUCING VISIBILITY
HIGHEST:    58 ON  4    GRTST 24HR  0.53 ON  3- 4      TO 1/4 MILE OR LESS
LOWEST:     -3 ON 10, 8                            3 = THUNDER
                        SNOW, ICE PELLETS, HAIL    4 = ICE PELLETS
                        TOTAL MONTH:    M          5 = HAIL
                        GRTST 24HR    M  ON   M    6 = FREEZING RAIN OR DRIZZLE
                        GRTST DEPTH:   0           7 = DUSTSTORM OR SANDSTORM:
                                                       VSBY 1/2 MILE OR LESS
                                                   8 = SMOKE OR HAZE
[NO. OF DAYS WITH]      [WEATHER - DAYS WITH]      9 = BLOWING SNOW
                                                   X = TORNADO
MAX 32 OR BELOW:  18    0.01 INCH OR MORE:  15
MAX 90 OR ABOVE:   0    0.10 INCH OR MORE:   8
MIN 32 OR BELOW:  29    0.50 INCH OR MORE:   0
MIN  0 OR BELOW:   3    1.00 INCH OR MORE:   0

[HDD (BASE 65) ]
TOTAL THIS MO.  1216    CLEAR  (SCALE 0-3)   4
DPTR FM NORMAL    63    PTCLDY (SCALE 4-7)  12
TOTAL FM JUL 1  3733    CLOUDY (SCALE 8-10) 13
DPTR FM NORMAL    -4

[CDD (BASE 65) ]
TOTAL THIS MO.     0
DPTR FM NORMAL     0    [PRESSURE DATA]
TOTAL FM JAN 1     0    HIGHEST SLP M ON M
DPTR FM NORMAL     0    LOWEST  SLP 29.40 ON 24

[REMARKS]




U.S. Dept. of Commerce
NOAA National Weather Service
1325 East West Highway
Silver Spring, MD 20910
E-mail: w-nws.webmaster@noaa.gov
Page last modified: May 16, 2007
NATIONAL WEATHER SERVICE: for Safety, for Work, for Fun - FOR LIFE