933
CXHW50 PHFO 291250
CF6JRF
PRELIMINARY LOCAL CLIMATOLOGICAL DATA (WS FORM: F-6)

                                          STATION:   KALAELOA ARPT/OAHU HI
                                          MONTH:     JANUARY
                                          YEAR:      2015
                                          LATITUDE:   21 19 N
                                          LONGITUDE: 158  4 W

  TEMPERATURE IN F:       :PCPN:    SNOW:  WIND      :SUNSHINE: SKY     :PK WND
================================================================================
1   2   3   4   5  6A  6B    7    8   9   10  11  12  13   14  15   16   17  18
                                     12Z  AVG MX 2MIN
DY MAX MIN AVG DEP HDD CDD  WTR  SNW DPTH SPD SPD DIR MIN PSBL S-S WX    SPD DR
================================================================================

 1  75  60  68  -5   0   3    T  0.0    0  5.0 20 300   M    M   7 8      24 300
 2  79  62  71  -2   0   6 0.36  0.0    0 11.6 37 250   M    M   8 1      43 260
 3  76  56  66  -7   0   1 0.05  0.0    0  8.7 29 300   M    M   2 1      37 300
 4  78  56  67  -6   0   2 0.00  0.0    0  4.1 20 300   M    M   5        24 290
 5  78  55  67  -6   0   2 0.00  0.0    0  2.8 12  20   M    M   1        18  20
 6  79  61  70  -3   0   5 0.00  0.0    0  6.2 13  10   M    M   3        21 360
 7  78  58  68  -5   0   3 0.00  0.0    0  3.4 12  70   M    M   2        21  80
 8  78  56  67  -6   0   2 0.00  0.0    0  3.5 12 120   M    M   3        18 120
 9  80  60  70  -3   0   5 0.00  0.0    0  2.7  9 150   M    M   3        12 150
10  80  62  71  -2   0   6 0.00  0.0    0  3.6 13 150   M    M   2        15 150
11  78  59  69  -4   0   4 0.00  0.0    0  3.7  9 210   M    M   2        13 280
12  79  59  69  -4   0   4 0.00  0.0    0  3.8 10 240   M    M   2        13 230
13  79  58  69  -4   0   4 0.01  0.0    0  2.7  9 190   M    M   2        14 190
14  79  61  70  -3   0   5 0.00  0.0    0  2.6 10 150   M    M   6        12 150
15  80  66  73   0   0   8    T  0.0    0  6.0 13 160   M    M   9        16 170
16  79  66  73   0   0   8 0.08  0.0    0  3.5 12 180   M    M   7 1      14 180
17  79  65  72  -1   0   7    T  0.0    0  2.8 10 150   M    M   6        14 150
18  80  60  70  -3   0   5 0.00  0.0    0  3.8 13 140   M    M   0        15 300
19  80  60  70  -3   0   5 0.00  0.0    0  2.7 10 130   M    M   1        15 130
20  80  61  71  -2   0   6 0.01  0.0    0  2.8 10 150   M    M   1        13 160
21  80  60  70  -3   0   5 0.00  0.0    0  3.4 12 160   M    M   1        14 150
22  81  63  72  -1   0   7 0.01  0.0    0  4.9 10 210   M    M   4        13 210
23  81  70  76   4   0  11 0.05  0.0    0  7.3 15 220   M    M   5 18     21 230
24  80  68  74   2   0   9 0.00  0.0    0  6.8 16  30   M    M   5        29  30
25  78  67  73   1   0   8 0.00  0.0    0  7.4 14  20   M    M   5        24  50
26  81  65  73   1   0   8 0.00  0.0    0  4.9 13  70   M    M   1        22  70
27  81  61  71  -1   0   6 0.00  0.0    0  2.8 14 120   M    M   4        18 120
28  80  65  73   1   0   8    T  0.0    0  2.6  9 160   M    M   5        14 270
================================================================================
SM 2216 1720         0 153  0.57     0.0 126.1          M      102
================================================================================
AV 79.1 61.4                               4.5 FASTST   M    M   4    MAX(MPH)
                                 MISC ---->  # 37 250               # 43  260
================================================================================
NOTES:
# LAST OF SEVERAL OCCURRENCES

COLUMN 17 PEAK WIND IN M.P.H.

PRELIMINARY LOCAL CLIMATOLOGICAL DATA (WS FORM: F-6) , PAGE 2

                                          STATION:  KALAELOA ARPT/OAHU HI
                                          MONTH:    JANUARY
                                          YEAR:     2015
                                          LATITUDE:   21 19 N
                                          LONGITUDE: 158  4 W

[TEMPERATURE DATA]      [PRECIPITATION DATA]       SYMBOLS USED IN COLUMN 16

AVERAGE MONTHLY: 70.3   TOTAL FOR MONTH:   0.57    1 = FOG OR MIST
DPTR FM NORMAL:  -2.5   DPTR FM NORMAL:   -1.61    2 = FOG REDUCING VISIBILITY
HIGHEST:    81 ON 27,26 GRTST 24HR  0.41 ON  2- 3      TO 1/4 MILE OR LESS
LOWEST:     55 ON  5                               3 = THUNDER
                        SNOW, ICE PELLETS, HAIL    4 = ICE PELLETS
                        TOTAL MONTH:   0.0 INCH    5 = HAIL
                        GRTST 24HR     0.0         6 = FREEZING RAIN OR DRIZZLE
                        GRTST DEPTH:   0           7 = DUSTSTORM OR SANDSTORM:
                                                       VSBY 1/2 MILE OR LESS
                                                   8 = SMOKE OR HAZE
[NO. OF DAYS WITH]      [WEATHER - DAYS WITH]      9 = BLOWING SNOW
                                                   X = TORNADO
MAX 32 OR BELOW:   0    0.01 INCH OR MORE:   7
MAX 90 OR ABOVE:   0    0.10 INCH OR MORE:   1
MIN 32 OR BELOW:   0    0.50 INCH OR MORE:   0
MIN  0 OR BELOW:   0    1.00 INCH OR MORE:   0

[HDD (BASE 65) ]
TOTAL THIS MO.     0    CLEAR  (SCALE 0-3)  14
DPTR FM NORMAL     0    PTCLDY (SCALE 4-7)  12
TOTAL FM JUL 1     2    CLOUDY (SCALE 8-10)  2
DPTR FM NORMAL     2

[CDD (BASE 65) ]
TOTAL THIS MO.   153
DPTR FM NORMAL   -69    [PRESSURE DATA]
TOTAL FM JAN 1   153    HIGHEST SLP M ON M
DPTR FM NORMAL   -69    LOWEST  SLP 29.54 ON  2

[REMARKS]




U.S. Dept. of Commerce
NOAA National Weather Service
1325 East West Highway
Silver Spring, MD 20910
E-mail: w-nws.webmaster@noaa.gov
Page last modified: May 16, 2007
NATIONAL WEATHER SERVICE: for Safety, for Work, for Fun - FOR LIFE