672
CXHW50 PHFO 281250
CF6JRF
PRELIMINARY LOCAL CLIMATOLOGICAL DATA (WS FORM: F-6)

                                          STATION:   KALAELOA ARPT/OAHU HI
                                          MONTH:     AUGUST
                                          YEAR:      2014
                                          LATITUDE:   21 19 N
                                          LONGITUDE: 158  4 W

  TEMPERATURE IN F:       :PCPN:    SNOW:  WIND      :SUNSHINE: SKY     :PK WND
================================================================================
1   2   3   4   5  6A  6B    7    8   9   10  11  12  13   14  15   16   17  18
                                     12Z  AVG MX 2MIN
DY MAX MIN AVG DEP HDD CDD  WTR  SNW DPTH SPD SPD DIR MIN PSBL S-S WX    SPD DR
================================================================================

 1  91  72  82   1   0  17 0.00  0.0    0  4.6 15 120   M    M   3        22  70
 2  90  76  83   2   0  18    T  0.0    0  5.2 14  70   M    M   6        22  70
 3  91  74  83   2   0  18 0.00  0.0    0  6.1 14 120   M    M   1        23  70
 4  91  76  84   3   0  19 0.00  0.0    0  6.9 15  90   M    M   4        25  90
 5  91  75  83   2   0  18    T  0.0    0  7.3 15  90   M    M   2        24  70
 6  89  73  81   0   0  16 0.02  0.0    0  5.1 14  70   M    M   4        23  60
 7  91  73  82   1   0  17 0.01  0.0    0  6.2 15  80   M    M   2        25  60
 8  88  76  82   1   0  17 0.28  0.0    0  8.2 20  90   M    M   8        32  90
 9  86  74  80  -1   0  15 0.24  0.0    0  3.1 13 130   M    M   5        18 120
10  87  73  80  -1   0  15 0.00  0.0    0  5.3 13 220   M    M   1        15 220
11  86  68  77  -4   0  12 0.00  0.0    0  3.3 10 210   M    M   1        16 200
12  87  70  79  -2   0  14 0.00  0.0    0  4.2 12 230   M    M   2        15 230
13  92  72  82   1   0  17    T  0.0    0  4.0 15 120   M    M   4        24 120
14  91  72  82   1   0  17 0.00  0.0    0  4.5 13  60   M    M   2        22  80
15  90  70  80  -1   0  15 0.00  0.0    0  4.7 13  70   M    M   3        22  70
16  89  75  82   1   0  17 0.00  0.0    0  5.9 13  70   M    M   4        25 350
17  88  73  81   0   0  16    T  0.0    0  4.9 15  80   M    M   5        23  70
18  91  70  81   0   0  16 0.00  0.0    0  4.1 13  70   M    M   2        22  60
19  89  73  81   0   0  16 0.00  0.0    0  4.6 13  30   M    M   2        22  10
20  90  72  81   0   0  16 0.00  0.0    0  4.1 14 140   M    M   2        21 140
21  89  71  80  -1   0  15    T  0.0    0  4.7 13  80   M    M   3        21  80
22  89  74  82   1   0  17 0.00  0.0    0  5.5 15  70   M    M   2        24  50
23  90  72  81   0   0  16 0.00  0.0    0  3.7 13  70   M    M   2        23  90
24  87  73  80  -1   0  15 0.09  0.0    0  3.6 14 120   M    M   3        21 120
25  91  72  82   1   0  17 0.06  0.0    0  4.1 13  80   M    M   5        20  70
26  90  71  81   0   0  16 0.02  0.0    0  3.8 13  80   M    M   3 8      21 100
27  90  71  81   0   0  16 0.00  0.0    0  4.6 14  90   M    M   1        25  90
================================================================================
SM 2414 1961         0 438  0.72     0.0 132.3          M       82
================================================================================
AV 89.4 72.6                               4.9 FASTST   M    M   3    MAX(MPH)
                                 MISC ---->  # 20  90               # 32   90
================================================================================
NOTES:
# LAST OF SEVERAL OCCURRENCES

COLUMN 17 PEAK WIND IN M.P.H.

PRELIMINARY LOCAL CLIMATOLOGICAL DATA (WS FORM: F-6) , PAGE 2

                                          STATION:  KALAELOA ARPT/OAHU HI
                                          MONTH:    AUGUST
                                          YEAR:     2014
                                          LATITUDE:   21 19 N
                                          LONGITUDE: 158  4 W

[TEMPERATURE DATA]      [PRECIPITATION DATA]       SYMBOLS USED IN COLUMN 16

AVERAGE MONTHLY: 81.0   TOTAL FOR MONTH:   0.72    1 = FOG OR MIST
DPTR FM NORMAL:   0.0   DPTR FM NORMAL:    0.19    2 = FOG REDUCING VISIBILITY
HIGHEST:    92 ON 13    GRTST 24HR  0.48 ON  8- 9      TO 1/4 MILE OR LESS
LOWEST:     68 ON 11                               3 = THUNDER
                        SNOW, ICE PELLETS, HAIL    4 = ICE PELLETS
                        TOTAL MONTH:   0.0 INCH    5 = HAIL
                        GRTST 24HR     0.0         6 = FREEZING RAIN OR DRIZZLE
                        GRTST DEPTH:   0           7 = DUSTSTORM OR SANDSTORM:
                                                       VSBY 1/2 MILE OR LESS
                                                   8 = SMOKE OR HAZE
[NO. OF DAYS WITH]      [WEATHER - DAYS WITH]      9 = BLOWING SNOW
                                                   X = TORNADO
MAX 32 OR BELOW:   0    0.01 INCH OR MORE:   7
MAX 90 OR ABOVE:  15    0.10 INCH OR MORE:   2
MIN 32 OR BELOW:   0    0.50 INCH OR MORE:   0
MIN  0 OR BELOW:   0    1.00 INCH OR MORE:   0

[HDD (BASE 65) ]
TOTAL THIS MO.     0    CLEAR  (SCALE 0-3)  17
DPTR FM NORMAL     0    PTCLDY (SCALE 4-7)  10
TOTAL FM JUL 1     0    CLOUDY (SCALE 8-10)  0
DPTR FM NORMAL     0

[CDD (BASE 65) ]
TOTAL THIS MO.   438
DPTR FM NORMAL     6    [PRESSURE DATA]
TOTAL FM JAN 1  2668    HIGHEST SLP M ON M
DPTR FM NORMAL   -29    LOWEST  SLP 29.89 ON 27

[REMARKS]




U.S. Dept. of Commerce
NOAA National Weather Service
1325 East West Highway
Silver Spring, MD 20910
E-mail: w-nws.webmaster@noaa.gov
Page last modified: May 16, 2007
NATIONAL WEATHER SERVICE: for Safety, for Work, for Fun - FOR LIFE