374
CXUS53 KBIS 010726
CF6JMS
PRELIMINARY LOCAL CLIMATOLOGICAL DATA (WS FORM: F-6)

                                          STATION:   JAMESTOWN ND
                                          MONTH:     NOVEMBER
                                          YEAR:      2014
                                          LATITUDE:   46 55 N
                                          LONGITUDE:  98 40 W

  TEMPERATURE IN F:       :PCPN:    SNOW:  WIND      :SUNSHINE: SKY     :PK WND
================================================================================
1   2   3   4   5  6A  6B    7    8   9   10  11  12  13   14  15   16   17  18
                                     12Z  AVG MX 2MIN
DY MAX MIN AVG DEP HDD CDD  WTR  SNW DPTH SPD SPD DIR MIN PSBL S-S WX    SPD DR
================================================================================

 1  48  28  38   2  27   0 0.00    M    M 19.1 33 170   M    M   0        40 180
 2  57  35  46  10  19   0 0.00    M    M 10.8 22 170   M    M   0        26 170
 3  47  37  42   7  23   0 0.00    M    M 15.0 28 310   M    M   5        34 310
 4  46  31  39   5  26   0    T    M    M 11.0 26 300   M    M   3        33 300
 5  37  32  35   1  30   0 0.07    M    M  9.4 17  10   M    M  10 1      21  10
 6  44  28  36   3  29   0 0.00    M    M  7.7 16 150   M    M   2        20 150
 7  58  36  47  14  18   0 0.03    M    M 21.9 40 330   M    M   8        53 320
 8  39  26  33   1  32   0 0.01    M    M 12.1 31 330   M    M   8 1      40 320
 9  33  24  29  -3  36   0    T    M    M  7.5 17 330   M    M   6 1      21 320
10  24  13  19 -12  46   0 0.02    M    M 13.7 24 350   M    M   6 1      29 350
11  20   9  15 -15  50   0    T    M    M 13.8 21 320   M    M   9 1      26 320
12  22  15  19 -11  46   0    T    M    M 20.0 29 330   M    M  10 1      34 330
13  18   3  11 -18  54   0    T    M    M 12.5 23 320   M    M   5        28 320
14  19  -1   9 -19  56   0 0.00    M    M  3.8  9 200   M    M   1        12 220
15  19   5  12 -16  53   0 0.00    M    M  8.3 17 320   M    M   5        21 270
16  22   5  14 -13  51   0    T    M    M 19.2 33 310   M    M   7 18     41 320
17  15   5  10 -17  55   0    T    M    M 17.7 26 320   M    M   6 8      32 310
18  25   9  17  -9  48   0    T    M    M 15.0 32 330   M    M   8        42 330
19  23  10  17  -9  48   0    T    M    M 19.8 29 320   M    M   6        38 300
20  21   2  12 -13  53   0 0.00    M    M  8.0 18 180   M    M   0        23 190
21  39  11  25   1  40   0 0.00    M    M 12.7 22 250   M    M   2        28 240
22  44  20  32   8  33   0 0.00    M    M  7.3 16 180   M    M   2        19 170
23  41  14  28   5  37   0    T    M    M 18.0 32 320   M    M   9        44 320
24  21   8  15  -8  50   0    T    M    M 17.3 29 330   M    M   5 1      37 320
25  33  13  23   1  42   0 0.12    M    M 10.4 28  30   M    M  10 12     32  40
26  13 -25  -6 -28  71   0    T    M    M 10.1 24  10   M    M   6 189    28  10
27   6 -28 -11 -32  76   0 0.04    M    M  8.9 18 130   M    M   5 1      23 170
28  16   6  11 -10  54   0 0.01    M    M 11.7 16 140   M    M   8 189    21 140
29  20   0  10 -10  55   0    T    M    M 18.4 33 310   M    M   8 8      41 310
30   4  -6  -1 -21  66   0    T    M    M 17.2 30 320   M    M   2        35 320
================================================================================
SM  874  365      1324   0  0.30    M    398.3          M      162
================================================================================
AV 29.1 12.2                              13.3 FASTST   M    M   5    MAX(MPH)
                                 MISC ---->  # 40 330               # 53  320
================================================================================
NOTES:
# LAST OF SEVERAL OCCURRENCES

COLUMN 17 PEAK WIND IN M.P.H.

PRELIMINARY LOCAL CLIMATOLOGICAL DATA (WS FORM: F-6) , PAGE 2

                                          STATION:  JAMESTOWN ND
                                          MONTH:    NOVEMBER
                                          YEAR:     2014
                                          LATITUDE:   46 55 N
                                          LONGITUDE:  98 40 W

[TEMPERATURE DATA]      [PRECIPITATION DATA]       SYMBOLS USED IN COLUMN 16

AVERAGE MONTHLY: 20.6   TOTAL FOR MONTH:   0.30    1 = FOG OR MIST
DPTR FM NORMAL:  -7.1   DPTR FM NORMAL:   -0.33    2 = FOG REDUCING VISIBILITY
HIGHEST:    58 ON  7    GRTST 24HR  0.12 ON 25-25      TO 1/4 MILE OR LESS
LOWEST:    -28 ON 27                               3 = THUNDER
                        SNOW, ICE PELLETS, HAIL    4 = ICE PELLETS
                        TOTAL MONTH:    M          5 = HAIL
                        GRTST 24HR    M  ON   M    6 = FREEZING RAIN OR DRIZZLE
                        GRTST DEPTH:  M  ON   M    7 = DUSTSTORM OR SANDSTORM:
                                                       VSBY 1/2 MILE OR LESS
                                                   8 = SMOKE OR HAZE
[NO. OF DAYS WITH]      [WEATHER - DAYS WITH]      9 = BLOWING SNOW
                                                   X = TORNADO
MAX 32 OR BELOW:  17    0.01 INCH OR MORE:   7
MAX 90 OR ABOVE:   0    0.10 INCH OR MORE:   1
MIN 32 OR BELOW:  27    0.50 INCH OR MORE:   0
MIN  0 OR BELOW:   5    1.00 INCH OR MORE:   0

[HDD (BASE 65) ]
TOTAL THIS MO.  1324    CLEAR  (SCALE 0-3)   8
DPTR FM NORMAL   207    PTCLDY (SCALE 4-7)  16
TOTAL FM JUL 1  2163    CLOUDY (SCALE 8-10)  6
DPTR FM NORMAL    79

[CDD (BASE 65) ]
TOTAL THIS MO.     0
DPTR FM NORMAL     0    [PRESSURE DATA]
TOTAL FM JAN 1   367    HIGHEST SLP M ON M
DPTR FM NORMAL   -79    LOWEST  SLP 29.37 ON 22

[REMARKS]
#FINAL-11-14#




U.S. Dept. of Commerce
NOAA National Weather Service
1325 East West Highway
Silver Spring, MD 20910
E-mail: w-nws.webmaster@noaa.gov
Page last modified: May 16, 2007
NATIONAL WEATHER SERVICE: for Safety, for Work, for Fun - FOR LIFE