922
CXUS53 KBIS 210732
CF6JMS
PRELIMINARY LOCAL CLIMATOLOGICAL DATA (WS FORM: F-6)

                                          STATION:   JAMESTOWN ND
                                          MONTH:     APRIL
                                          YEAR:      2014
                                          LATITUDE:   46 55 N
                                          LONGITUDE:  98 40 W

  TEMPERATURE IN F:       :PCPN:    SNOW:  WIND      :SUNSHINE: SKY     :PK WND
================================================================================
1   2   3   4   5  6A  6B    7    8   9   10  11  12  13   14  15   16   17  18
                                     12Z  AVG MX 2MIN
DY MAX MIN AVG DEP HDD CDD  WTR  SNW DPTH SPD SPD DIR MIN PSBL S-S WX    SPD DR
================================================================================

 1  24   5  15 -20  50   0    T    M    M 12.9 29 340   M    M   0 189    35 330
 2  27  -3  12 -24  53   0 0.04    M    M  6.7 15  80   M    M   4 1      18  80
 3  34  24  29  -7  36   0 0.06    M    M  8.9 18 350   M    M  10 1      22 340
 4  32  22  27 -10  38   0 0.00    M    M 10.7 22 340   M    M   7        25 350
 5  49  22  36  -1  29   0 0.00    M    M  9.0 17 170   M    M   0        20 180
 6  57  25  41   3  24   0    T    M    M  5.2 15 270   M    M   2 1      19 210
 7  51  31  41   3  24   0 0.01    M    M  9.5 30 330   M    M   3 3      36 340
 8  56  27  42   3  23   0 0.00    M    M  8.1 18 210   M    M   0        24 220
 9  76  38  57  17   8   0 0.00    M    M 15.5 35 310   M    M   0        42 310
10  57  36  47   7  18   0 0.00    M    M 14.5 31 300   M    M   3        38 300
11  60  30  45   5  20   0    T    M    M  8.8 23  60   M    M   4        29  60
12  61  34  48   7  17   0    T    M    M 14.1 30 330   M    M   7 1      37 310
13  35  22  29 -13  36   0 0.00    M    M 20.4 31 340   M    M   6        38 360
14  31  18  25 -17  40   0    T    M    M 11.5 25 360   M    M   6        31 330
15  35  14  25 -17  40   0 0.00    M    M 15.6 26  90   M    M   7        32  90
16  40  25  33 -10  32   0 0.00    M    M 17.5 25  70   M    M   7        32  70
17  45  18  32 -12  33   0 0.00    M    M  6.3 13 110   M    M   3        17 170
18  54  30  42  -2  23   0 0.00    M    M 24.6 39 120   M    M   4        51 130
19  67  32  50   6  15   0 0.00    M    M 13.8 31 290   M    M   0        38 290
20  76  29  53   8  12   0    T    M    M 10.3 22 190   M    M   1 1      28 320
================================================================================
SM  967  479       571   0  0.11    M    243.9          M       74
================================================================================
AV 48.3 24.0                              12.2 FASTST   M    M   4    MAX(MPH)
                                 MISC ---->  # 39 120               # 51  130
================================================================================
NOTES:
# LAST OF SEVERAL OCCURRENCES

COLUMN 17 PEAK WIND IN M.P.H.

PRELIMINARY LOCAL CLIMATOLOGICAL DATA (WS FORM: F-6) , PAGE 2

                                          STATION:  JAMESTOWN ND
                                          MONTH:    APRIL
                                          YEAR:     2014
                                          LATITUDE:   46 55 N
                                          LONGITUDE:  98 40 W

[TEMPERATURE DATA]      [PRECIPITATION DATA]       SYMBOLS USED IN COLUMN 16

AVERAGE MONTHLY: 36.2   TOTAL FOR MONTH:   0.11    1 = FOG OR MIST
DPTR FM NORMAL:  -4.0   DPTR FM NORMAL:   -0.56    2 = FOG REDUCING VISIBILITY
HIGHEST:    76 ON 20, 9 GRTST 24HR  0.10 ON  2- 3      TO 1/4 MILE OR LESS
LOWEST:     -3 ON  2                               3 = THUNDER
                        SNOW, ICE PELLETS, HAIL    4 = ICE PELLETS
                        TOTAL MONTH:    M          5 = HAIL
                        GRTST 24HR    M  ON   M    6 = FREEZING RAIN OR DRIZZLE
                        GRTST DEPTH:  M  ON   M    7 = DUSTSTORM OR SANDSTORM:
                                                       VSBY 1/2 MILE OR LESS
                                                   8 = SMOKE OR HAZE
[NO. OF DAYS WITH]      [WEATHER - DAYS WITH]      9 = BLOWING SNOW
                                                   X = TORNADO
MAX 32 OR BELOW:   4    0.01 INCH OR MORE:   3
MAX 90 OR ABOVE:   0    0.10 INCH OR MORE:   0
MIN 32 OR BELOW:  17    0.50 INCH OR MORE:   0
MIN  0 OR BELOW:   1    1.00 INCH OR MORE:   0

[HDD (BASE 65) ]
TOTAL THIS MO.   571    CLEAR  (SCALE 0-3)   9
DPTR FM NORMAL    71    PTCLDY (SCALE 4-7)  10
TOTAL FM JUL 1  9110    CLOUDY (SCALE 8-10)  1
DPTR FM NORMAL   690

[CDD (BASE 65) ]
TOTAL THIS MO.     0
DPTR FM NORMAL     0    [PRESSURE DATA]
TOTAL FM JAN 1     0    HIGHEST SLP M ON M
DPTR FM NORMAL     0    LOWEST  SLP 29.51 ON  9

[REMARKS]




U.S. Dept. of Commerce
NOAA National Weather Service
1325 East West Highway
Silver Spring, MD 20910
E-mail: w-nws.webmaster@noaa.gov
Page last modified: May 16, 2007
NATIONAL WEATHER SERVICE: for Safety, for Work, for Fun - FOR LIFE