365
CXUS53 KBIS 220736
CF6JMS
PRELIMINARY LOCAL CLIMATOLOGICAL DATA (WS FORM: F-6)

                                          STATION:   JAMESTOWN ND
                                          MONTH:     AUGUST
                                          YEAR:      2014
                                          LATITUDE:   46 55 N
                                          LONGITUDE:  98 40 W

  TEMPERATURE IN F:       :PCPN:    SNOW:  WIND      :SUNSHINE: SKY     :PK WND
================================================================================
1   2   3   4   5  6A  6B    7    8   9   10  11  12  13   14  15   16   17  18
                                     12Z  AVG MX 2MIN
DY MAX MIN AVG DEP HDD CDD  WTR  SNW DPTH SPD SPD DIR MIN PSBL S-S WX    SPD DR
================================================================================

 1  83  59  71   1   0   6 0.00    M    M  3.8  9 100   M    M   1        13 100
 2  85  60  73   3   0   8    T    M    M  3.9 16 150   M    M   6 13     22 140
 3  78  59  69  -1   0   4 0.00    M    M  5.9 13  60   M    M   3        16  70
 4  77  52  65  -5   0   0 0.00    M    M  5.5 13 120   M    M   0        17 100
 5  78  51  65  -5   0   0 0.00    M    M  4.9 13 140   M    M   0        16 140
 6  76  59  68  -2   0   3 0.00    M    M  7.3 14 110   M    M   0        18 110
 7  77  56  67  -3   0   2 0.00    M    M  6.7 15 180   M    M   6 1      21 180
 8  81  60  71   1   0   6 0.00    M    M  7.2 16 150   M    M   2 1      19 140
 9  76  62  69  -1   0   4    T    M    M  6.8 14 120   M    M   7 1      16 130
10  76  56  66  -4   0   1 0.00    M    M 10.0 21 330   M    M   4 12     28 320
11  76  51  64  -6   1   0 0.00    M    M  5.8 13 320   M    M   1        18  20
12  83  51  67  -2   0   2 0.00    M    M  3.5 10 340   M    M   0        14 320
13  83  58  71   2   0   6 0.00    M    M  6.3 13 130   M    M   3        18 130
14  82  64  73   4   0   8    T    M    M 11.3 21 170   M    M   1        28 140
15  81  64  73   4   0   8 0.00    M    M  5.1 13 140   M    M   7        16 170
16  80  66  73   4   0   8 1.27    M    M  6.3 18  90   M    M   6 123    32 290
17  81  65  73   5   0   8 0.03    M    M  3.9 15 240   M    M   7 13     18 230
18  77  62  70   2   0   5 0.05    M    M  8.1 17 340   M    M   4 3      24 330
19  82  60  71   3   0   6 0.00    M    M  4.0  8 310   M    M   0        12 350
20  82  64  73   5   0   8 0.21    M    M  9.7 24 100   M    M   1 13     31 100
21  80  66  73   5   0   8    T    M    M  6.7 22  90   M    M   5 18     33  90
================================================================================
SM 1674 1245         1 101  1.56    M    132.7          M       64
================================================================================
AV 79.7 59.3                               6.3 FASTST   M    M   3    MAX(MPH)
                                 MISC ---->  # 24 100               # 33   90
================================================================================
NOTES:
# LAST OF SEVERAL OCCURRENCES

COLUMN 17 PEAK WIND IN M.P.H.

PRELIMINARY LOCAL CLIMATOLOGICAL DATA (WS FORM: F-6) , PAGE 2

                                          STATION:  JAMESTOWN ND
                                          MONTH:    AUGUST
                                          YEAR:     2014
                                          LATITUDE:   46 55 N
                                          LONGITUDE:  98 40 W

[TEMPERATURE DATA]      [PRECIPITATION DATA]       SYMBOLS USED IN COLUMN 16

AVERAGE MONTHLY: 69.5   TOTAL FOR MONTH:   1.56    1 = FOG OR MIST
DPTR FM NORMAL:   0.2   DPTR FM NORMAL:    0.20    2 = FOG REDUCING VISIBILITY
HIGHEST:    85 ON  2    GRTST 24HR  1.27 ON 16-16      TO 1/4 MILE OR LESS
LOWEST:     51 ON 12,11                            3 = THUNDER
                        SNOW, ICE PELLETS, HAIL    4 = ICE PELLETS
                        TOTAL MONTH:    M          5 = HAIL
                        GRTST 24HR    M  ON   M    6 = FREEZING RAIN OR DRIZZLE
                        GRTST DEPTH:  M  ON   M    7 = DUSTSTORM OR SANDSTORM:
                                                       VSBY 1/2 MILE OR LESS
                                                   8 = SMOKE OR HAZE
[NO. OF DAYS WITH]      [WEATHER - DAYS WITH]      9 = BLOWING SNOW
                                                   X = TORNADO
MAX 32 OR BELOW:   0    0.01 INCH OR MORE:   4
MAX 90 OR ABOVE:   0    0.10 INCH OR MORE:   2
MIN 32 OR BELOW:   0    0.50 INCH OR MORE:   1
MIN  0 OR BELOW:   0    1.00 INCH OR MORE:   1

[HDD (BASE 65) ]
TOTAL THIS MO.     1    CLEAR  (SCALE 0-3)  11
DPTR FM NORMAL   -20    PTCLDY (SCALE 4-7)  10
TOTAL FM JUL 1    29    CLOUDY (SCALE 8-10)  0
DPTR FM NORMAL   -14

[CDD (BASE 65) ]
TOTAL THIS MO.   101
DPTR FM NORMAL   -10    [PRESSURE DATA]
TOTAL FM JAN 1   328    HIGHEST SLP M ON M
DPTR FM NORMAL   -55    LOWEST  SLP 29.66 ON 20

[REMARKS]




U.S. Dept. of Commerce
NOAA National Weather Service
1325 East West Highway
Silver Spring, MD 20910
E-mail: w-nws.webmaster@noaa.gov
Page last modified: May 16, 2007
NATIONAL WEATHER SERVICE: for Safety, for Work, for Fun - FOR LIFE