768
CXUS53 KSGF 270800
CF6JLN
PRELIMINARY LOCAL CLIMATOLOGICAL DATA (WS FORM: F-6)

                                          STATION:   JOPLIN MO
                                          MONTH:     JULY
                                          YEAR:      2014
                                          LATITUDE:   37 10 N
                                          LONGITUDE:  94 30 W

  TEMPERATURE IN F:       :PCPN:    SNOW:  WIND      :SUNSHINE: SKY     :PK WND
================================================================================
1   2   3   4   5  6A  6B    7    8   9   10  11  12  13   14  15   16   17  18
                                     12Z  AVG MX 2MIN
DY MAX MIN AVG DEP HDD CDD  WTR  SNW DPTH SPD SPD DIR MIN PSBL S-S WX    SPD DR
================================================================================

 1  86  70  78  -1   0  13 0.00    M    M  8.1 21 290   M    M   2        28 290
 2  81  57  69 -10   0   4    T    M    M  8.0 20 310   M    M   1        73 210
 3  80  50  65 -14   0   0 0.00    M    M  3.8 10  20   M    M   0 1      14  70
 4  86  57  72  -8   0   7 0.00    M    M  5.8 12 140   M    M   1 8      17 170
 5  87  68  78  -2   0  13 0.00    M    M 12.5 20 200   M    M   2        25 180
 6  89  70  80   0   0  15 0.41    M    M 13.5 23 190   M    M   3 13     28 200
 7  92  76  84   4   0  19 0.00    M    M 15.3 23 210   M    M   0        33 210
 8  86  66  76  -4   0  11 0.01    M    M  6.7 29  10   M    M   3        45 350
 9  88  61  75  -5   0  10 0.00    M    M  3.7 10 340   M    M   0 1      14 330
10  83  63  73  -7   0   8 0.04    M    M  6.7 21 140   M    M   3 13     25 140
11  92  68  80   0   0  15 0.00    M    M  9.9 20 210   M    M   1        24 210
12  94  74  84   4   0  19 0.00    M    M 12.0 21 210   M    M   0        26 230
13  96  76  86   6   0  21 0.00    M    M 10.7 21 220   M    M   1 3      25 220
14  91  60  76  -4   0  11 0.01  0.0    0  5.8 22  30   M    M   1 13     30  20
15  77  53  65 -15   0   0 0.00  0.0    0  6.3 15 360   M    M   1        21 350
16  78  50  64 -16   1   0 0.00  0.0    0  2.6 10 320   M    M   2 1      13 310
17  76  57  67 -13   0   2 0.04    M    M  4.4 14 150   M    M   5 1      17 150
18  81  58  70 -10   0   5    T    M    M  5.0 16  80   M    M   4 12     21  80
19  82  56  69 -11   0   4 0.00    M    M  2.9 12 200   M    M   3 18     16 200
20  86  60  73  -8   0   8 0.00    M    M  8.1 17 200   M    M   1 1      23 190
21  93  67  80  -1   0  15 0.00  0.0    0  8.5 16 200   M    M   0        20 200
22  97  71  84   3   0  19 0.00  0.0    0  8.2 15 230   M    M   0        20 230
23  90  69  80  -1   0  15 0.11  0.0    0  8.1 39 310   M    M   2 138    49 310
24  89  66  78  -3   0  13 0.00    M    M  6.5 15 110   M    M   1        19 120
25  94  69  82   1   0  17 0.00    M    M 14.0 24 200   M    M   0        30 200
26  99  77  88   7   0  23 0.00    M    M 16.6 24 200   M    M   0        33 210
================================================================================
SM 2273 1669         1 287  0.62     0.0 213.7          M       37
================================================================================
AV 87.4 64.2                               8.2 FASTST   M    M   1    MAX(MPH)
                                 MISC ---->  # 39 310               # 73  210
================================================================================
NOTES:
# LAST OF SEVERAL OCCURRENCES

COLUMN 17 PEAK WIND IN M.P.H.

PRELIMINARY LOCAL CLIMATOLOGICAL DATA (WS FORM: F-6) , PAGE 2

                                          STATION:  JOPLIN MO
                                          MONTH:    JULY
                                          YEAR:     2014
                                          LATITUDE:   37 10 N
                                          LONGITUDE:  94 30 W

[TEMPERATURE DATA]      [PRECIPITATION DATA]       SYMBOLS USED IN COLUMN 16

AVERAGE MONTHLY: 75.8   TOTAL FOR MONTH:   0.62    1 = FOG OR MIST
DPTR FM NORMAL:  -4.3   DPTR FM NORMAL:   -2.68    2 = FOG REDUCING VISIBILITY
HIGHEST:    99 ON 26    GRTST 24HR  0.41 ON  6- 6      TO 1/4 MILE OR LESS
LOWEST:     50 ON 16, 3                            3 = THUNDER
                        SNOW, ICE PELLETS, HAIL    4 = ICE PELLETS
                        TOTAL MONTH:   0.0 INCH    5 = HAIL
                        GRTST 24HR     0.0         6 = FREEZING RAIN OR DRIZZLE
                        GRTST DEPTH:   0           7 = DUSTSTORM OR SANDSTORM:
                                                       VSBY 1/2 MILE OR LESS
                                                   8 = SMOKE OR HAZE
[NO. OF DAYS WITH]      [WEATHER - DAYS WITH]      9 = BLOWING SNOW
                                                   X = TORNADO
MAX 32 OR BELOW:   0    0.01 INCH OR MORE:   6
MAX 90 OR ABOVE:  10    0.10 INCH OR MORE:   2
MIN 32 OR BELOW:   0    0.50 INCH OR MORE:   0
MIN  0 OR BELOW:   0    1.00 INCH OR MORE:   0

[HDD (BASE 65) ]
TOTAL THIS MO.     1    CLEAR  (SCALE 0-3)  24
DPTR FM NORMAL     1    PTCLDY (SCALE 4-7)   2
TOTAL FM JUL 1     1    CLOUDY (SCALE 8-10)  0
DPTR FM NORMAL     1

[CDD (BASE 65) ]
TOTAL THIS MO.   287
DPTR FM NORMAL  -108    [PRESSURE DATA]
TOTAL FM JAN 1   803    HIGHEST SLP M ON M
DPTR FM NORMAL   -90    LOWEST  SLP 29.76 ON  7

[REMARKS]




U.S. Dept. of Commerce
NOAA National Weather Service
1325 East West Highway
Silver Spring, MD 20910
E-mail: w-nws.webmaster@noaa.gov
Page last modified: May 16, 2007
NATIONAL WEATHER SERVICE: for Safety, for Work, for Fun - FOR LIFE