635
CXUS55 KJKL 290540
CF6JKL
PRELIMINARY LOCAL CLIMATOLOGICAL DATA (WS FORM: F-6)

                                          STATION:   JACKSON KY
                                          MONTH:     NOVEMBER
                                          YEAR:      2014
                                          LATITUDE:   37 35 N
                                          LONGITUDE:  83 19 W

  TEMPERATURE IN F:       :PCPN:    SNOW:  WIND      :SUNSHINE: SKY     :PK WND
================================================================================
1   2   3   4   5  6A  6B    7    8   9   10  11  12  13   14  15   16   17  18
                                     12Z  AVG MX 2MIN
DY MAX MIN AVG DEP HDD CDD  WTR  SNW DPTH SPD SPD DIR MIN PSBL S-S WX    SPD DR
================================================================================

 1  38  32  35 -19  30   0 0.14  0.8    1  7.8 15 320   M    M  10 1      23 340
 2  48  27  38 -15  27   0 0.00  0.0    0  3.7  9 320   M    M   1        13 330
 3  65  31  48  -5  17   0 0.00  0.0    0  3.0 10 170   M    M   1        14 180
 4  65  47  56   3   9   0 0.00  0.0    0  4.1 10 180   M    M   0        21 250
 5  58  49  54   2  11   0 0.85  0.0    0  2.3  8 240   M    M  10 12     13 170
 6  58  41  50  -2  15   0 0.29  0.0    0  6.7 23 270   M    M  10 125    37 270
 7  46  34  40 -12  25   0    T  0.0    0  4.6 16 300   M    M   6 1      23 310
 8  56  32  44  -7  21   0 0.00  0.0    0  4.2 10 240   M    M   3        16 250
 9  57  41  49  -2  16   0 0.00  0.0    0  2.1  8 250   M    M   4        12 340
10  70  40  55   4  10   0 0.00  0.0    0  3.1  9 180   M    M   0        17 210
11  72  49  61  11   4   0 0.02  0.0    0  5.5 14 280   M    M   2 1      22 230
12  50  34  42  -8  23   0 0.02  0.0    0  2.8 14 310   M    M  10 1      19 310
13  35  24  30 -19  35   0 0.01    T    0  4.5 12 320   M    M  10 8      18 330
14  29  22  26 -23  39   0    T    T    0  2.6  9 330   M    M   9        14 320
15  37  16  27 -22  38   0 0.00  0.0    0  1.5  8 140   M    M   2        11 110
16  42  34  38 -10  27   0 0.50    T    0  1.9  8 190   M    M  10 12     12 200
17  41  20  31 -17  34   0 0.87  0.2    0  6.3 20 290   M    M   9 124    28 290
18  27  15  21 -27  44   0    T    T    0  6.7 15 250   M    M   5        25 260
19  48  16  32 -15  33   0 0.00  0.0    0  6.4 15 190   M    M   1        26 180
20  43  26  35 -12  30   0 0.00  0.0    0  6.6 15 300   M    M   4        23 260
21  42  21  32 -14  33   0 0.00  0.0    0  1.4  6 130   M    M   0        10 260
22  63  29  46   0  19   0 0.00  0.0    0  4.6 10 190   M    M   3        18 190
23  62  49  56  10   9   0 0.25  0.0    0  5.2 17 180   M    M   8 1      31 210
24  70  45  58  13   7   0    T  0.0    0  7.1 21 260   M    M   5        34 220
25  56  38  47   2  18   0 0.00  0.0    0  4.1 10 240   M    M   0        19 250
26  50  33  42  -2  23   0 0.00  0.0    0  3.1  8 300   M    M   5        14 300
27  37  28  33 -11  32   0 0.02  0.2    T  5.1 15 300   M    M  10 18     21 320
28  36  26  31 -13  34   0    T    T    0  3.7 10 280   M    M   6        16 280
================================================================================
SM 1401  899       663   0  2.97     1.2 120.7          M      144
================================================================================
AV 50.0 32.1                               4.3 FASTST   M    M   5    MAX(MPH)
                                 MISC ---->  # 23 270               # 37  270
================================================================================
NOTES:
# LAST OF SEVERAL OCCURRENCES

COLUMN 17 PEAK WIND IN M.P.H.

PRELIMINARY LOCAL CLIMATOLOGICAL DATA (WS FORM: F-6) , PAGE 2

                                          STATION:  JACKSON KY
                                          MONTH:    NOVEMBER
                                          YEAR:     2014
                                          LATITUDE:   37 35 N
                                          LONGITUDE:  83 19 W

[TEMPERATURE DATA]      [PRECIPITATION DATA]       SYMBOLS USED IN COLUMN 16

AVERAGE MONTHLY: 41.1   TOTAL FOR MONTH:   2.97    1 = FOG OR MIST
DPTR FM NORMAL:  -7.8   DPTR FM NORMAL:   -0.70    2 = FOG REDUCING VISIBILITY
HIGHEST:    72 ON 11    GRTST 24HR  1.35 ON 16-17      TO 1/4 MILE OR LESS
LOWEST:     15 ON 18                               3 = THUNDER
                        SNOW, ICE PELLETS, HAIL    4 = ICE PELLETS
                        TOTAL MONTH:   1.2 INCHES  5 = HAIL
                        GRTST 24HR   0.8 ON   M    6 = FREEZING RAIN OR DRIZZLE
                        GRTST DEPTH:   1 ON  1     7 = DUSTSTORM OR SANDSTORM:
                                                       VSBY 1/2 MILE OR LESS
                                                   8 = SMOKE OR HAZE
[NO. OF DAYS WITH]      [WEATHER - DAYS WITH]      9 = BLOWING SNOW
                                                   X = TORNADO
MAX 32 OR BELOW:   2    0.01 INCH OR MORE:  10
MAX 90 OR ABOVE:   0    0.10 INCH OR MORE:   6
MIN 32 OR BELOW:  15    0.50 INCH OR MORE:   3
MIN  0 OR BELOW:   0    1.00 INCH OR MORE:   0

[HDD (BASE 65) ]
TOTAL THIS MO.   663    CLEAR  (SCALE 0-3)  11
DPTR FM NORMAL   203    PTCLDY (SCALE 4-7)   7
TOTAL FM JUL 1   962    CLOUDY (SCALE 8-10) 10
DPTR FM NORMAL   205

[CDD (BASE 65) ]
TOTAL THIS MO.     0
DPTR FM NORMAL     0    [PRESSURE DATA]
TOTAL FM JAN 1  1165    HIGHEST SLP M ON M
DPTR FM NORMAL    15    LOWEST  SLP 29.42 ON 23

[REMARKS]




U.S. Dept. of Commerce
NOAA National Weather Service
1325 East West Highway
Silver Spring, MD 20910
E-mail: w-nws.webmaster@noaa.gov
Page last modified: May 16, 2007
NATIONAL WEATHER SERVICE: for Safety, for Work, for Fun - FOR LIFE