493
CXUS55 KJKL 010802
CF6JKL

PRELIMINARY LOCAL CLIMATOLOGICAL DATA (WS FORM: F-6)

                                          STATION:   JACKSON KY
                                          MONTH:     SEPTEMBER
                                          YEAR:      2014
                                          LATITUDE:   37 35 N
                                          LONGITUDE:  83 19 W

  TEMPERATURE IN F:       :PCPN:    SNOW:  WIND      :SUNSHINE: SKY     :PK WND
================================================================================
1   2   3   4   5  6A  6B    7    8   9   10  11  12  13   14  15   16   17  18
                                     12Z  AVG MX 2MIN
DY MAX MIN AVG DEP HDD CDD  WTR  SNW DPTH SPD SPD DIR MIN PSBL S-S WX    SPD DR
================================================================================

 1  87  70  79   6   0  14 0.00  0.0    0  1.8  9 230   M    M   6 1      22 220
 2  86  68  77   5   0  12 0.36  0.0    0  1.6 24 290   M    M   4 1238   36 300
 3  80  68  74   2   0   9 0.01  0.0    0  0.4  7 160   M    M   7 12      9 170
 4  84  68  76   4   0  11 1.02  0.0    0  1.1  8 360   M    M   3 1238   13  10
 5  85  69  77   5   0  12 0.00  0.0    0  0.3  6 180   M    M   2 123    10 190
 6  87  68  78   7   0  13 0.09  0.0    0  1.1 18 330   M    M   3 13     33 330
 7  71  62  67  -4   0   2 0.02  0.0    0  0.2  5  60   M    M   8 1       9  20
 8  83  60  72   1   0   7 0.00  0.0    0  0.5  7 130   M    M   4 1      13  80
 9  84  65  75   5   0  10 0.00  0.0    0  1.2  7 170   M    M   4 12      9 160
10  81  67  74   4   0   9 0.00  0.0    0  3.3  9 170   M    M   2        17 180
11  79  67  73   3   0   8 0.64  0.0    0  2.7 12 310   M    M   8 1      18 310
12  67  58  63  -7   2   0    T  0.0    0  0.3  5 110   M    M  10 1       9  50
13  64  53  59 -10   6   0 0.08  0.0    0  1.4  8 320   M    M   9 1      12 310
14  71  50  61  -8   4   0 0.00  0.0    0  1.0  6 320   M    M   1        11  50
15  75  55  65  -3   0   0 0.08  0.0    0  1.5 10 300   M    M   2 1      16 310
16  66  56  61  -7   4   0 0.05  0.0    0  0.4  5 350   M    M   9 12      9 350
17  72  53  63  -5   2   0 0.00  0.0    0  1.2  7 310   M    M   6 1      10 320
18  72  53  63  -4   2   0 0.00  0.0    0  0.4  7 130   M    M   3 18     10 120
19  78  53  66  -1   0   1 0.00  0.0    0  0.9  6 160   M    M   1        10 150
20  81  62  72   5   0   7 0.00  0.0    0  1.8  8 270   M    M   2        14 260
21  79  59  69   3   0   4 0.00  0.0    0  3.7 15 320   M    M   4 3      24 320
22  68  50  59  -7   6   0 0.00  0.0    0  3.1  9 330   M    M   3        15 320
23  71  48  60  -5   5   0 0.00  0.0    0  0.9  7 120   M    M   0        13 120
24  74  51  63  -2   2   0 0.00  0.0    0  1.7  6  90   M    M   0 8      10  70
25  79  57  68   3   0   3 0.00  0.0    0  0.8  7  90   M    M   1        10  80
26  79  60  70   6   0   5 0.00  0.0    0  0.3  6  90   M    M   0        10 120
27  80  61  71   7   0   6 0.00  0.0    0  1.2  6 110   M    M   0        10 120
28  73  61  67   3   0   2    T  0.0    0  0.4  5 160   M    M   1         8 210
29  81  60  71   8   0   6    T  0.0    0  0.6  7 280   M    M   3 12      9 270
30  80  57  69   6   0   4 0.00  0.0    0  0.5  7 320   M    M   1 1      10 300
================================================================================
SM 2317 1789        33 145  2.35     0.0  36.3          M      107
================================================================================
AV 77.2 59.6                               1.2 FASTST   M    M   4    MAX(MPH)
                                 MISC ---->  # 24 290               # 36  300
================================================================================
NOTES:
# LAST OF SEVERAL OCCURRENCES

COLUMN 17 PEAK WIND IN M.P.H.

PRELIMINARY LOCAL CLIMATOLOGICAL DATA (WS FORM: F-6) , PAGE 2

                                          STATION:  JACKSON KY
                                          MONTH:    SEPTEMBER
                                          YEAR:     2014
                                          LATITUDE:   37 35 N
                                          LONGITUDE:  83 19 W

[TEMPERATURE DATA]      [PRECIPITATION DATA]       SYMBOLS USED IN COLUMN 16

AVERAGE MONTHLY: 68.4   TOTAL FOR MONTH:   2.35    1 = FOG OR MIST
DPTR FM NORMAL:   0.3   DPTR FM NORMAL:   -1.11    2 = FOG REDUCING VISIBILITY
HIGHEST:    87 ON  6, 1 GRTST 24HR  1.02 ON  4         TO 1/4 MILE OR LESS
LOWEST:     48 ON 23                               3 = THUNDER
                        SNOW, ICE PELLETS, HAIL    4 = ICE PELLETS
                        TOTAL MONTH:   0.0 INCH    5 = HAIL
                        GRTST 24HR     0.0         6 = FREEZING RAIN OR DRIZZLE
                        GRTST DEPTH:   0           7 = DUSTSTORM OR SANDSTORM:
                                                       VSBY 1/2 MILE OR LESS
                                                   8 = SMOKE OR HAZE
[NO. OF DAYS WITH]      [WEATHER - DAYS WITH]      9 = BLOWING SNOW
                                                   X = TORNADO
MAX 32 OR BELOW:   0    0.01 INCH OR MORE:   9
MAX 90 OR ABOVE:   0    0.10 INCH OR MORE:   3
MIN 32 OR BELOW:   0    0.50 INCH OR MORE:   2
MIN  0 OR BELOW:   0    1.00 INCH OR MORE:   1

[HDD (BASE 65) ]
TOTAL THIS MO.    33    CLEAR  (SCALE 0-3)  18
DPTR FM NORMAL   -17    PTCLDY (SCALE 4-7)   8
TOTAL FM JUL 1    36    CLOUDY (SCALE 8-10)  4
DPTR FM NORMAL   -16

[CDD (BASE 65) ]
TOTAL THIS MO.   145
DPTR FM NORMAL     2    [PRESSURE DATA]
TOTAL FM JAN 1  1146    HIGHEST SLP 30.35 ON 24
DPTR FM NORMAL    25    LOWEST  SLP 29.81 ON 21

[REMARKS]
#FINAL-09-14#







U.S. Dept. of Commerce
NOAA National Weather Service
1325 East West Highway
Silver Spring, MD 20910
E-mail: w-nws.webmaster@noaa.gov
Page last modified: May 16, 2007
NATIONAL WEATHER SERVICE: for Safety, for Work, for Fun - FOR LIFE