587
CXUS51 KOKX 010701
CF6JFK
PRELIMINARY LOCAL CLIMATOLOGICAL DATA (WS FORM: F-6)

                                          STATION:   KENNEDY NY
                                          MONTH:     JULY
                                          YEAR:      2014
                                          LATITUDE:   40 39 N
                                          LONGITUDE:  73 47 W

  TEMPERATURE IN F:       :PCPN:    SNOW:  WIND      :SUNSHINE: SKY     :PK WND
================================================================================
1   2   3   4   5  6A  6B    7    8   9   10  11  12  13   14  15   16   17  18
                                     12Z  AVG MX 2MIN
DY MAX MIN AVG DEP HDD CDD  WTR  SNW DPTH SPD SPD DIR MIN PSBL S-S WX    SPD DR
================================================================================

 1  84  71  78   4   0  13 0.00  0.0    0 14.9 30 180   M    M   6        38 180
 2  85  71  78   3   0  13 0.52  0.0    0 11.9 30 180   M    M   5 13     37 180
 3  85  71  78   3   0  13 0.35  0.0    0  8.8 28 190   M    M   8 13     35 190
 4  76  66  71  -4   0   6 0.32  0.0    0 14.9 31 360   M    M   9 18     41 360
 5  84  65  75   0   0  10 0.00  0.0    0 13.6 25 310   M    M   1        31 300
 6  83  66  75   0   0  10 0.00  0.0    0 12.8 23 190   M    M   4        29 190
 7  83  70  77   2   0  12 0.00  0.0    0 12.2 21 190   M    M   6        25 190
 8  88  72  80   4   0  15    T  0.0    0 14.6 32 240   M    M   8        45 230
 9  84  71  78   2   0  13 0.01  0.0    0 11.6 22 190   M    M   7 3      28 190
10  85  71  78   2   0  13 0.03  0.0    0  6.3 15  40   M    M   6 3      18  20
11  85  67  76   0   0  11 0.00  0.0    0  7.1 15  30   M    M   6        22  40
12  82  66  74  -2   0   9 0.00  0.0    0  9.7 20 180   M    M   5 18     25 170
13  80  69  75  -1   0  10 0.06  0.0    0 16.1 29 180   M    M   8        37 190
14  83  70  77   1   0  12 1.87  0.0    0  6.8 21 170   M    M   9 13     25 160
15  82  69  76   0   0  11 1.03  0.0    0  7.0 17 200   M    M   9 138    22 200
16  83  70  77   1   0  12 0.01  0.0    0  8.5 18 350   M    M   9 1      23 330
17  82  67  75  -1   0  10 0.00  0.0    0  8.9 15 190   M    M   6        20 200
18  84  65  75  -1   0  10 0.00  0.0    0  6.7 16 330   M    M   5        24 320
19  79  68  74  -2   0   9 0.00  0.0    0  6.8 15 360   M    M   9        25 340
20  78  68  73  -3   0   8    T  0.0    0  8.7 20 120   M    M   7        23 120
21  83  65  74  -2   0   9 0.00  0.0    0  6.8 14 170   M    M   4        22  70
22  84  68  76   0   0  11 0.00  0.0    0 12.5 25 320   M    M   3        33 320
23  83  71  77   1   0  12 0.02  0.0    0 13.4 28 190   M    M   5 3      35 190
24  83  72  78   2   0  13 0.00  0.0    0 10.6 20 350   M    M   8        26 360
25  83  67  75  -1   0  10 0.00  0.0    0 10.0 16 170   M    M   4        21  10
26  81  69  75  -1   0  10 0.09  0.0    0 10.0 18 190   M    M   7        23 180
27  84  71  78   2   0  13 0.01  0.0    0 11.9 22 190   M    M   7 3      25 190
28  84  69  77   1   0  12 0.51  0.0    0 16.2 31 170   M    M   7 13     39 170
29  79  64  72  -4   0   7 0.00  0.0    0 10.6 21 320   M    M   5        28 310
30  80  64  72  -4   0   7 0.00  0.0    0  9.2 20 190   M    M   4        23 190
31  82  65  74  -2   0   9 0.00  0.0    0 11.8 23 180   M    M   5        28 180
================================================================================
SM 2561 2118         0 333  4.83     0.0 330.9          M      192
================================================================================
AV 82.6 68.3                              10.7 FASTST   M    M   6    MAX(MPH)
                                 MISC ---->    32   M                 45    M
================================================================================
NOTES:
# LAST OF SEVERAL OCCURRENCES

COLUMN 17 PEAK WIND IN M.P.H.

PRELIMINARY LOCAL CLIMATOLOGICAL DATA (WS FORM: F-6) , PAGE 2

                                          STATION:  KENNEDY NY
                                          MONTH:    JULY
                                          YEAR:     2014
                                          LATITUDE:   40 39 N
                                          LONGITUDE:  73 47 W

[TEMPERATURE DATA]      [PRECIPITATION DATA]       SYMBOLS USED IN COLUMN 16

AVERAGE MONTHLY: 75.5   TOTAL FOR MONTH:   4.83    1 = FOG OR MIST
DPTR FM NORMAL:  -0.3   DPTR FM NORMAL:    0.75    2 = FOG REDUCING VISIBILITY
HIGHEST:    88 ON  8    GRTST 24HR  2.52 ON 14-15      TO 1/4 MILE OR LESS
LOWEST:     64 ON 30,29                            3 = THUNDER
                        SNOW, ICE PELLETS, HAIL    4 = ICE PELLETS
                        TOTAL MONTH:   0.0 INCH    5 = HAIL
                        GRTST 24HR     0.0         6 = FREEZING RAIN OR DRIZZLE
                        GRTST DEPTH:   0           7 = DUSTSTORM OR SANDSTORM:
                                                       VSBY 1/2 MILE OR LESS
                                                   8 = SMOKE OR HAZE
[NO. OF DAYS WITH]      [WEATHER - DAYS WITH]      9 = BLOWING SNOW
                                                   X = TORNADO
MAX 32 OR BELOW:   0    0.01 INCH OR MORE:  13
MAX 90 OR ABOVE:   0    0.10 INCH OR MORE:   6
MIN 32 OR BELOW:   0    0.50 INCH OR MORE:   4
MIN  0 OR BELOW:   0    1.00 INCH OR MORE:   2

[HDD (BASE 65) ]
TOTAL THIS MO.     0    CLEAR  (SCALE 0-3)   2
DPTR FM NORMAL     0    PTCLDY (SCALE 4-7)  22
TOTAL FM JUL 1     0    CLOUDY (SCALE 8-10)  7
DPTR FM NORMAL     0

[CDD (BASE 65) ]
TOTAL THIS MO.   333
DPTR FM NORMAL    -4    [PRESSURE DATA]
TOTAL FM JAN 1   573    HIGHEST SLP M ON M
DPTR FM NORMAL    18    LOWEST  SLP 29.52 ON 28

[REMARKS]
#FINAL-07-14#




U.S. Dept. of Commerce
NOAA National Weather Service
1325 East West Highway
Silver Spring, MD 20910
E-mail: w-nws.webmaster@noaa.gov
Page last modified: May 16, 2007
NATIONAL WEATHER SERVICE: for Safety, for Work, for Fun - FOR LIFE