564
CXUS51 KOKX 260701
CF6JFK
PRELIMINARY LOCAL CLIMATOLOGICAL DATA (WS FORM: F-6)

                                          STATION:   KENNEDY NY
                                          MONTH:     NOVEMBER
                                          YEAR:      2014
                                          LATITUDE:   40 39 N
                                          LONGITUDE:  73 47 W

  TEMPERATURE IN F:       :PCPN:    SNOW:  WIND      :SUNSHINE: SKY     :PK WND
================================================================================
1   2   3   4   5  6A  6B    7    8   9   10  11  12  13   14  15   16   17  18
                                     12Z  AVG MX 2MIN
DY MAX MIN AVG DEP HDD CDD  WTR  SNW DPTH SPD SPD DIR MIN PSBL S-S WX    SPD DR
================================================================================

 1  49  43  46  -6  19   0 1.03  0.0    0 18.4 25 350   M    M  10        35  30
 2  50  41  46  -6  19   0    T  0.0    0 26.1 44 350   M    M   6        53 350
 3  61  40  51   0  14   0 0.00  0.0    0 14.9 31 310   M    M   4        38 310
 4  67  50  59   8   6   0 0.00  0.0    0 10.1 13 200   M    M   8        13 200
 5  65  52  59   8   6   0 0.00  0.0    0  9.6 21 280   M    M   9        25 280
 6  54  49  52   2  13   0 0.43  0.0    0  6.2 14 270   M    M  10 1      25  90
 7  54  41  48  -2  17   0    T  0.0    0 18.1 29 310   M    M   7        38 310
 8  48  36  42  -8  23   0 0.00  0.0    0 11.9 22 220   M    M   6        24 220
 9  57  44  51   1  14   0 0.00  0.0    0  8.2 17 230   M    M   7        20 220
10  59  38  49   0  16   0 0.00  0.0    0  4.3 10 180   M    M   3        13 170
11  64  42  53   4  12   0 0.00  0.0    0  5.4 15 140   M    M   6 1      17 140
12  66  45  56   7   9   0    T  0.0    0  7.2 23 320   M    M   7 128    28 330
13  49  38  44  -4  21   0 0.11  0.0    0  8.2 16 290   M    M   6        18 300
14  44  37  41  -7  24   0 0.07    T    0 14.2 23 330   M    M   6        28 320
15  43  30  37 -11  28   0 0.00  0.0    0  9.2 17 320   M    M   3        24 320
16  45  31  38  -9  27   0    T  0.0    0  7.4 15 220   M    M   9        17 230
17  55  40  48   1  17   0 1.37  0.0    0  8.7 29 270   M    M   9 1      37 290
18  46  25  36 -11  29   0 0.00  0.0    0 23.7 32 260   M    M   4        41 270
19  37  23  30 -16  35   0 0.00  0.0    0 16.0 28 270   M    M   3        35 270
20  48  32  40  -6  25   0 0.00  0.0    0 16.5 24 270   M    M   6        33 270
21  38  28  33 -13  32   0 0.00  0.0    0 15.5 25 320   M    M   1        33 290
22  44  26  35 -11  30   0 0.00  0.0    0 13.7 24 230   M    M   4        28 230
23  55  43  49   4  16   0 0.00  0.0    0  9.5 18 250   M    M   8        22 250
24  64  55  60  15   5   0 0.45  0.0    0 19.6 35 160   M    M   7 12     46 170
25  62  48  55  11  10   0 0.00  0.0    0 10.9 21 290   M    M   9 1      29 290
================================================================================
SM 1324  977       467   0  3.46    T    313.5          M      158
================================================================================
AV 53.0 39.1                              12.5 FASTST   M    M   6    MAX(MPH)
                                 MISC ---->  # 44 350               # 53  350
================================================================================
NOTES:
# LAST OF SEVERAL OCCURRENCES

COLUMN 17 PEAK WIND IN M.P.H.

PRELIMINARY LOCAL CLIMATOLOGICAL DATA (WS FORM: F-6) , PAGE 2

                                          STATION:  KENNEDY NY
                                          MONTH:    NOVEMBER
                                          YEAR:     2014
                                          LATITUDE:   40 39 N
                                          LONGITUDE:  73 47 W

[TEMPERATURE DATA]      [PRECIPITATION DATA]       SYMBOLS USED IN COLUMN 16

AVERAGE MONTHLY: 46.0   TOTAL FOR MONTH:   3.46    1 = FOG OR MIST
DPTR FM NORMAL:  -2.3   DPTR FM NORMAL:    0.75    2 = FOG REDUCING VISIBILITY
HIGHEST:    67 ON  4    GRTST 24HR  1.37 ON 17-17      TO 1/4 MILE OR LESS
LOWEST:     23 ON 19                               3 = THUNDER
                        SNOW, ICE PELLETS, HAIL    4 = ICE PELLETS
                        TOTAL MONTH:    T          5 = HAIL
                        GRTST 24HR    T  ON 14-14  6 = FREEZING RAIN OR DRIZZLE
                        GRTST DEPTH:   0           7 = DUSTSTORM OR SANDSTORM:
                                                       VSBY 1/2 MILE OR LESS
                                                   8 = SMOKE OR HAZE
[NO. OF DAYS WITH]      [WEATHER - DAYS WITH]      9 = BLOWING SNOW
                                                   X = TORNADO
MAX 32 OR BELOW:   0    0.01 INCH OR MORE:   6
MAX 90 OR ABOVE:   0    0.10 INCH OR MORE:   5
MIN 32 OR BELOW:   7    0.50 INCH OR MORE:   2
MIN  0 OR BELOW:   0    1.00 INCH OR MORE:   2

[HDD (BASE 65) ]
TOTAL THIS MO.   467    CLEAR  (SCALE 0-3)   2
DPTR FM NORMAL    48    PTCLDY (SCALE 4-7)  17
TOTAL FM JUL 1   661    CLOUDY (SCALE 8-10)  6
DPTR FM NORMAL   -57

[CDD (BASE 65) ]
TOTAL THIS MO.     0
DPTR FM NORMAL     0    [PRESSURE DATA]
TOTAL FM JAN 1  1050    HIGHEST SLP M ON M
DPTR FM NORMAL    45    LOWEST  SLP 29.50 ON 17

[REMARKS]




U.S. Dept. of Commerce
NOAA National Weather Service
1325 East West Highway
Silver Spring, MD 20910
E-mail: w-nws.webmaster@noaa.gov
Page last modified: May 16, 2007
NATIONAL WEATHER SERVICE: for Safety, for Work, for Fun - FOR LIFE