317
CXUS51 KOKX 260701
CF6JFK
PRELIMINARY LOCAL CLIMATOLOGICAL DATA (WS FORM: F-6)

                                          STATION:   KENNEDY NY
                                          MONTH:     JANUARY
                                          YEAR:      2015
                                          LATITUDE:   40 39 N
                                          LONGITUDE:  73 47 W

  TEMPERATURE IN F:       :PCPN:    SNOW:  WIND      :SUNSHINE: SKY     :PK WND
================================================================================
1   2   3   4   5  6A  6B    7    8   9   10  11  12  13   14  15   16   17  18
                                     12Z  AVG MX 2MIN
DY MAX MIN AVG DEP HDD CDD  WTR  SNW DPTH SPD SPD DIR MIN PSBL S-S WX    SPD DR
================================================================================

 1  40  28  34   0  31   0 0.00  0.0    0 17.3 26 230   M    M   2        32 230
 2  45  35  40   6  25   0 0.00  0.0    0 13.7 24 300   M    M   6        30 300
 3  47  30  39   6  26   0 0.94    T    0  9.2 18  90   M    M   9 1      23 100
 4  55  43  49  16  16   0 0.47  0.0    0 10.0 28 290   M    M  10 12     36 290
 5  51  23  37   4  28   0 0.00  0.0    0 19.7 33 280   M    M   5        48 290
 6  23  19  21 -12  44   0 0.07  1.1    0  8.6 23 310   M    M   8 1      28 310
 7  25  10  18 -15  47   0 0.00  0.0    1 21.4 40 310   M    M   6        47 310
 8  22   8  15 -18  50   0 0.00  0.0    T 17.3 33 310   M    M   4        39 300
 9  34  21  28  -5  37   0 0.07  1.3    0 19.7 33 210   M    M   7 19     40 270
10  24  18  21 -12  44   0 0.00  0.0    1 16.6 25 280   M    M   1        32 280
11  38  20  29  -4  36   0 0.00  0.0    1 10.9 21 200   M    M   8        24 190
12  40  34  37   5  28   0 0.70  0.0    0  6.0 16 350   M    M  10 1      20 350
13  37  19  28  -4  37   0 0.00  0.0    0 15.1 24 360   M    M   6        29 360
14  33  19  26  -6  39   0 0.00  0.0    0 11.6 16  30   M    M   8        20  20
15  35  27  31  -1  34   0 0.00  0.0    0  9.8 18 270   M    M   5        22 260
16  45  20  33   1  32   0 0.00  0.0    0 18.3 36 310   M    M   4        45 300
17  32  18  25  -7  40   0 0.00  0.0    0 10.5 21 320   M    M   3        26 330
18  47  27  37   5  28   0 1.62  0.0    0  6.2 21 310   M    M   9 1      23 300
19  45  35  40   8  25   0    T  0.0    0 15.3 31 290   M    M   7        37 290
20  41  32  37   5  28   0    T    T    0 12.1 20 290   M    M   7        28 310
21  38  26  32   0  33   0    T    T    0  6.1 14  20   M    M   7        20 120
22  41  31  36   4  29   0 0.00  0.0    0  8.1 20 310   M    M   6        28 310
23  39  28  34   2  31   0    T    T    0 10.6 17 230   M    M   4        21 230
24  40  33  37   5  28   0 0.75  3.4    3 11.3 23 300   M    M   9 12     66  30
25  45  32  39   7  26   0 0.00  0.0    T 15.0 26 290   M    M   7        33 300
================================================================================
SM  962  636       822   0  4.62     5.8 320.4          M      158
================================================================================
AV 38.5 25.4                              12.8 FASTST   M    M   6    MAX(MPH)
                                 MISC ---->  # 40 310               # 66   30
================================================================================
NOTES:
# LAST OF SEVERAL OCCURRENCES

COLUMN 17 PEAK WIND IN M.P.H.

PRELIMINARY LOCAL CLIMATOLOGICAL DATA (WS FORM: F-6) , PAGE 2

                                          STATION:  KENNEDY NY
                                          MONTH:    JANUARY
                                          YEAR:     2015
                                          LATITUDE:   40 39 N
                                          LONGITUDE:  73 47 W

[TEMPERATURE DATA]      [PRECIPITATION DATA]       SYMBOLS USED IN COLUMN 16

AVERAGE MONTHLY: 32.0   TOTAL FOR MONTH:   4.62    1 = FOG OR MIST
DPTR FM NORMAL:  -0.6   DPTR FM NORMAL:    2.02    2 = FOG REDUCING VISIBILITY
HIGHEST:    55 ON  4    GRTST 24HR  1.62 ON 18-18      TO 1/4 MILE OR LESS
LOWEST:      8 ON  8                               3 = THUNDER
                        SNOW, ICE PELLETS, HAIL    4 = ICE PELLETS
                        TOTAL MONTH:   5.8 INCHES  5 = HAIL
                        GRTST 24HR   3.4 ON   M    6 = FREEZING RAIN OR DRIZZLE
                        GRTST DEPTH:   3 ON 24     7 = DUSTSTORM OR SANDSTORM:
                                                       VSBY 1/2 MILE OR LESS
                                                   8 = SMOKE OR HAZE
[NO. OF DAYS WITH]      [WEATHER - DAYS WITH]      9 = BLOWING SNOW
                                                   X = TORNADO
MAX 32 OR BELOW:   5    0.01 INCH OR MORE:   7
MAX 90 OR ABOVE:   0    0.10 INCH OR MORE:   5
MIN 32 OR BELOW:  20    0.50 INCH OR MORE:   4
MIN  0 OR BELOW:   0    1.00 INCH OR MORE:   1

[HDD (BASE 65) ]
TOTAL THIS MO.   822    CLEAR  (SCALE 0-3)   3
DPTR FM NORMAL    11    PTCLDY (SCALE 4-7)  15
TOTAL FM JUL 1  2328    CLOUDY (SCALE 8-10)  7
DPTR FM NORMAL  -152

[CDD (BASE 65) ]
TOTAL THIS MO.     0
DPTR FM NORMAL     0    [PRESSURE DATA]
TOTAL FM JAN 1     0    HIGHEST SLP M ON M
DPTR FM NORMAL     0    LOWEST  SLP 29.28 ON 24

[REMARKS]




U.S. Dept. of Commerce
NOAA National Weather Service
1325 East West Highway
Silver Spring, MD 20910
E-mail: w-nws.webmaster@noaa.gov
Page last modified: May 16, 2007
NATIONAL WEATHER SERVICE: for Safety, for Work, for Fun - FOR LIFE