480
CXUS51 KOKX 230701
CF6JFK
PRELIMINARY LOCAL CLIMATOLOGICAL DATA (WS FORM: F-6)

                                          STATION:   KENNEDY NY
                                          MONTH:     APRIL
                                          YEAR:      2014
                                          LATITUDE:   40 39 N
                                          LONGITUDE:  73 47 W

  TEMPERATURE IN F:       :PCPN:    SNOW:  WIND      :SUNSHINE: SKY     :PK WND
================================================================================
1   2   3   4   5  6A  6B    7    8   9   10  11  12  13   14  15   16   17  18
                                     12Z  AVG MX 2MIN
DY MAX MIN AVG DEP HDD CDD  WTR  SNW DPTH SPD SPD DIR MIN PSBL S-S WX    SPD DR
================================================================================

 1  57  37  47   1  18   0 0.00  0.0    0 10.0 16 190   M    M   3        25  90
 2  48  38  43  -4  22   0 0.03  0.0    0  3.9 10 170   M    M   8        20 140
 3  63  39  51   4  14   0 0.08  0.0    0  5.8 13 200   M    M   8        16  10
 4  45  41  43  -5  22   0 0.10  0.0    0 13.9 26 100   M    M  10 18     32 100
 5  57  41  49   1  16   0    T  0.0    0 16.5 33 270   M    M   5 1      39 270
 6  57  37  47  -1  18   0 0.00  0.0    0 10.6 25 220   M    M   2        55 320
 7  51  37  44  -4  21   0 0.35  0.0    0 10.9 26  90   M    M   9 18     35  90
 8  66  47  57   8   8   0 0.25  0.0    0 13.7 30 270   M    M   8 123    37 290
 9  64  43  54   5  11   0 0.00  0.0    0 15.1 30 310   M    M   3        37 340
10  53  38  46  -4  19   0 0.00  0.0    0 16.4 29 180   M    M   2        35 170
11  69  47  58   8   7   0    T  0.0    0  8.7 20 190   M    M   9        24  10
12  68  49  59   9   6   0 0.00  0.0    0 10.9 19 190   M    M   5        25 190
13  65  47  56   6   9   0 0.00  0.0    0 14.9 31 180   M    M   6        38 180
14  66  51  59   8   6   0 0.00  0.0    0 22.5 36 180   M    M   7 1      47 180
15  56  34  45  -6  20   0 0.65  0.1    0 23.0 33 180   M    M  10 124    43 180
16  49  32  41 -11  24   0 0.08    T    0 16.3 31 330   M    M   3 14     37 320
17  47  35  41 -11  24   0 0.00  0.0    0 12.5 22 130   M    M   5        32 140
18  46  36  41 -11  24   0 0.00  0.0    0  6.7 30 230   M    M   9         M  M
19  68  40  54   2  11   0 0.00  0.0    0  9.8 20  10   M    M   8         M  M
20  54  42  48  -5  17   0 0.00  0.0    0 11.5 22 130   M    M   6        26 130
21  58  37  48  -5  17   0 0.00  0.0    0  6.2 13 170   M    M   4        15 150
22  62  45  54   1  11   0    T  0.0    0  8.5 24 180   M    M   8        29 170
================================================================================
SM 1269  893       345   0  1.54     0.1 268.3          M      138
================================================================================
AV 57.7 40.6                              12.2 FASTST   M    M   6    MAX(MPH)
                                 MISC ---->  # 36 180               # 55  320
================================================================================
NOTES:
# LAST OF SEVERAL OCCURRENCES

COLUMN 17 PEAK WIND IN M.P.H.

PRELIMINARY LOCAL CLIMATOLOGICAL DATA (WS FORM: F-6) , PAGE 2

                                          STATION:  KENNEDY NY
                                          MONTH:    APRIL
                                          YEAR:     2014
                                          LATITUDE:   40 39 N
                                          LONGITUDE:  73 47 W

[TEMPERATURE DATA]      [PRECIPITATION DATA]       SYMBOLS USED IN COLUMN 16

AVERAGE MONTHLY: 49.1   TOTAL FOR MONTH:   1.54    1 = FOG OR MIST
DPTR FM NORMAL:  -0.8   DPTR FM NORMAL:   -1.36    2 = FOG REDUCING VISIBILITY
HIGHEST:    69 ON 11    GRTST 24HR  0.73 ON 15-16      TO 1/4 MILE OR LESS
LOWEST:     32 ON 16                               3 = THUNDER
                        SNOW, ICE PELLETS, HAIL    4 = ICE PELLETS
                        TOTAL MONTH:   0.1 INCH    5 = HAIL
                        GRTST 24HR   0.1 ON   M    6 = FREEZING RAIN OR DRIZZLE
                        GRTST DEPTH:   0           7 = DUSTSTORM OR SANDSTORM:
                                                       VSBY 1/2 MILE OR LESS
                                                   8 = SMOKE OR HAZE
[NO. OF DAYS WITH]      [WEATHER - DAYS WITH]      9 = BLOWING SNOW
                                                   X = TORNADO
MAX 32 OR BELOW:   0    0.01 INCH OR MORE:   7
MAX 90 OR ABOVE:   0    0.10 INCH OR MORE:   4
MIN 32 OR BELOW:   1    0.50 INCH OR MORE:   1
MIN  0 OR BELOW:   0    1.00 INCH OR MORE:   0

[HDD (BASE 65) ]
TOTAL THIS MO.   345    CLEAR  (SCALE 0-3)   4
DPTR FM NORMAL    11    PTCLDY (SCALE 4-7)  12
TOTAL FM JUL 1  4902    CLOUDY (SCALE 8-10)  6
DPTR FM NORMAL   332

[CDD (BASE 65) ]
TOTAL THIS MO.     0
DPTR FM NORMAL     0    [PRESSURE DATA]
TOTAL FM JAN 1     0    HIGHEST SLP M ON M
DPTR FM NORMAL     0    LOWEST  SLP 29.40 ON  8

[REMARKS]




U.S. Dept. of Commerce
NOAA National Weather Service
1325 East West Highway
Silver Spring, MD 20910
E-mail: w-nws.webmaster@noaa.gov
Page last modified: May 16, 2007
NATIONAL WEATHER SERVICE: for Safety, for Work, for Fun - FOR LIFE