165
CXUS51 KOKX 170701
CF6JFK
PRELIMINARY LOCAL CLIMATOLOGICAL DATA (WS FORM: F-6)

                                          STATION:   KENNEDY NY
                                          MONTH:     SEPTEMBER
                                          YEAR:      2014
                                          LATITUDE:   40 39 N
                                          LONGITUDE:  73 47 W

  TEMPERATURE IN F:       :PCPN:    SNOW:  WIND      :SUNSHINE: SKY     :PK WND
================================================================================
1   2   3   4   5  6A  6B    7    8   9   10  11  12  13   14  15   16   17  18
                                     12Z  AVG MX 2MIN
DY MAX MIN AVG DEP HDD CDD  WTR  SNW DPTH SPD SPD DIR MIN PSBL S-S WX    SPD DR
================================================================================

 1  86  74  80   8   0  15    T  0.0    0  8.8 16 190   M    M   7        21 180
 2  92  74  83  11   0  18 0.00  0.0    0 11.2 25 230   M    M   5        31 230
 3  88  72  80   8   0  15 0.00  0.0    0  9.3 21 270   M    M   7        25 270
 4  85  68  77   5   0  12 0.00  0.0    0  8.5 21 180   M    M   3 1      25 180
 5  85  71  78   6   0  13 0.00  0.0    0  9.5 18 180   M    M   5        22 180
 6  86  68  77   6   0  12 0.04  0.0    0 10.7 23 220   M    M   6 3      28 230
 7  82  66  74   3   0   9    T  0.0    0  6.8 18 350   M    M   7        23  20
 8  78  65  72   1   0   7 0.00  0.0    0 10.9 18 100   M    M   7        24 110
 9  75  64  70   0   0   5    T  0.0    0 11.1 17  60   M    M   8        25  40
10  78  63  71   1   0   6 0.00  0.0    0  7.9 13 150   M    M   6        16 130
11  85  69  77   7   0  12 0.00  0.0    0 13.0 22 330   M    M   7        26 360
12  79  63  71   1   0   6 0.00  0.0    0 10.8 18 360   M    M   6        23 350
13  70  60  65  -4   0   0 0.29  0.0    0 11.0 24 100   M    M   8 1      29 100
14  72  54  63  -6   2   0 0.00  0.0    0  8.5 18 350   M    M   5        23 330
15  71  55  63  -5   2   0 0.00  0.0    0  8.0 14  20   M    M   5        17  40
16  67  60  64  -4   1   0 0.26  0.0    0  5.3  8 330   M    M   8 1       9 330
================================================================================
SM 1279 1046         5 130  0.59     0.0 151.3          M      100
================================================================================
AV 79.9 65.4                               9.5 FASTST   M    M   6    MAX(MPH)
                                 MISC ---->  # 25 230               # 31  230
================================================================================
NOTES:
# LAST OF SEVERAL OCCURRENCES

COLUMN 17 PEAK WIND IN M.P.H.

PRELIMINARY LOCAL CLIMATOLOGICAL DATA (WS FORM: F-6) , PAGE 2

                                          STATION:  KENNEDY NY
                                          MONTH:    SEPTEMBER
                                          YEAR:     2014
                                          LATITUDE:   40 39 N
                                          LONGITUDE:  73 47 W

[TEMPERATURE DATA]      [PRECIPITATION DATA]       SYMBOLS USED IN COLUMN 16

AVERAGE MONTHLY: 72.7   TOTAL FOR MONTH:   0.59    1 = FOG OR MIST
DPTR FM NORMAL:   2.2   DPTR FM NORMAL:   -1.14    2 = FOG REDUCING VISIBILITY
HIGHEST:    92 ON  2    GRTST 24HR  0.29 ON 13-13      TO 1/4 MILE OR LESS
LOWEST:     54 ON 14                               3 = THUNDER
                        SNOW, ICE PELLETS, HAIL    4 = ICE PELLETS
                        TOTAL MONTH:   0.0 INCH    5 = HAIL
                        GRTST 24HR     0.0         6 = FREEZING RAIN OR DRIZZLE
                        GRTST DEPTH:   0           7 = DUSTSTORM OR SANDSTORM:
                                                       VSBY 1/2 MILE OR LESS
                                                   8 = SMOKE OR HAZE
[NO. OF DAYS WITH]      [WEATHER - DAYS WITH]      9 = BLOWING SNOW
                                                   X = TORNADO
MAX 32 OR BELOW:   0    0.01 INCH OR MORE:   3
MAX 90 OR ABOVE:   1    0.10 INCH OR MORE:   2
MIN 32 OR BELOW:   0    0.50 INCH OR MORE:   0
MIN  0 OR BELOW:   0    1.00 INCH OR MORE:   0

[HDD (BASE 65) ]
TOTAL THIS MO.     5    CLEAR  (SCALE 0-3)   1
DPTR FM NORMAL    -1    PTCLDY (SCALE 4-7)  14
TOTAL FM JUL 1     5    CLOUDY (SCALE 8-10)  1
DPTR FM NORMAL    -2

[CDD (BASE 65) ]
TOTAL THIS MO.   130
DPTR FM NORMAL    35    [PRESSURE DATA]
TOTAL FM JAN 1   993    HIGHEST SLP M ON M
DPTR FM NORMAL    37    LOWEST  SLP 29.79 ON  2

[REMARKS]




U.S. Dept. of Commerce
NOAA National Weather Service
1325 East West Highway
Silver Spring, MD 20910
E-mail: w-nws.webmaster@noaa.gov
Page last modified: May 16, 2007
NATIONAL WEATHER SERVICE: for Safety, for Work, for Fun - FOR LIFE