184
CXUS55 KBOI 301002
CF6JER
PRELIMINARY LOCAL CLIMATOLOGICAL DATA (WS FORM: F-6)

                                          STATION:   JEROME ID
                                          MONTH:     AUGUST
                                          YEAR:      2014
                                          LATITUDE:   42 43 N
                                          LONGITUDE: 114 27 W

  TEMPERATURE IN F:       :PCPN:    SNOW:  WIND      :SUNSHINE: SKY     :PK WND
================================================================================
1   2   3   4   5  6A  6B    7    8   9   10  11  12  13   14  15   16   17  18
                                     12Z  AVG MX 2MIN
DY MAX MIN AVG DEP HDD CDD  WTR  SNW DPTH SPD SPD DIR MIN PSBL S-S WX    SPD DR
================================================================================

 1  92  59  76   4   0  11 0.00    M    M  7.4 21  40   M    M   0        27  40
 2  91  62  77   5   0  12    T    M    M  6.5 20  40   M    M   2        24  50
 3  98  63  81   9   0  16    T    M    M 10.8 20  40   M    M   1        26  30
 4  76  65  71  -1   0   6    T    M    M 13.2 23  40   M    M   8        29  40
 5  74  62  68  -4   0   3 0.44    M    M  5.5 13 100   M    M   9 1      17  90
 6  62  58  60 -12   5   0 1.97    M    M  7.2 16 240   M    M   9 1      21 290
 7  77  58  68  -4   0   3 0.00    M    M  5.6  9 100   M    M   5        12  90
 8  82  59  71  -1   0   6 0.00    M    M  9.6 17  60   M    M   0        22  70
 9  84  58  71  -1   0   6 0.00    M    M  9.0 17  40   M    M   1        24  30
10  92  62  77   5   0  12 0.00    M    M  9.2 17  40   M    M   0        23  40
11  94  61  78   6   0  13    T    M    M  8.2 16  50   M    M   0        20  50
12  88  61  75   4   0  10 0.23    M    M  8.0 24 170   M    M   4 13     32 160
13  83  60  72   1   0   7 0.22    M    M 11.9 23  60   M    M   2 3      30  60
14  82  59  71   0   0   6 0.00    M    M  7.0 17  60   M    M   0        23  80
15  83  59  71   0   0   6 0.00    M    M  4.5 13 260   M    M   0        16 240
16  84  58  71   0   0   6 0.00    M    M  5.3 14 230   M    M   0        18 240
17  88  55  72   2   0   7 0.00    M    M  2.7  9  80   M    M   0        10  80
18  89  56  73   3   0   8 0.00    M    M  5.3 15  60   M    M   0        24  40
19  88  60  74   4   0   9 0.00    M    M 11.2 20 150   M    M   0        28 150
20  81  56  69  -1   0   4 0.03    M    M  8.2 14 290   M    M   1 3      21 290
21  79  57  68  -1   0   3 0.10    M    M  8.1 25 190   M    M   4        33 190
22  72  50  61  -8   4   0 0.44    M    M 12.6 31  20   M    M   3 13     42  20
23  73  47  60  -9   5   0    T    M    M 11.1 22 240   M    M   3        26 230
24  74  50  62  -7   3   0    T    M    M  7.3 16 300   M    M   1        27 290
25  72  52  62  -6   3   0 0.08    M    M  7.0 18  60   M    M   6 13     24  50
26  77  49  63  -5   2   0    T    M    M  3.5 12 120   M    M   0        16 130
27  80  50  65  -3   0   0 0.00    M    M  5.5 12 230   M    M   0        15 240
28  88  53  71   3   0   6 0.00    M    M  5.3  9 100   M    M   0        15 280
29  85  54  70   3   0   5    T    M    M  5.3 28 190   M    M   1 3      52 200
================================================================================
SM 2388 1653        22 165  3.51    M    222.0          M       60
================================================================================
AV 82.3 57.0                               7.7 FASTST   M    M   2    MAX(MPH)
                                 MISC ---->  # 31  20               # 52  200
================================================================================
NOTES:
# LAST OF SEVERAL OCCURRENCES

COLUMN 17 PEAK WIND IN M.P.H.

PRELIMINARY LOCAL CLIMATOLOGICAL DATA (WS FORM: F-6) , PAGE 2

                                          STATION:  JEROME ID
                                          MONTH:    AUGUST
                                          YEAR:     2014
                                          LATITUDE:   42 43 N
                                          LONGITUDE: 114 27 W

[TEMPERATURE DATA]      [PRECIPITATION DATA]       SYMBOLS USED IN COLUMN 16

AVERAGE MONTHLY: 69.7   TOTAL FOR MONTH:   3.51    1 = FOG OR MIST
DPTR FM NORMAL:  -0.7   DPTR FM NORMAL:    3.28    2 = FOG REDUCING VISIBILITY
HIGHEST:    98 ON  3    GRTST 24HR  2.25 ON  5- 6      TO 1/4 MILE OR LESS
LOWEST:     47 ON 23                               3 = THUNDER
                        SNOW, ICE PELLETS, HAIL    4 = ICE PELLETS
                        TOTAL MONTH:    M          5 = HAIL
                        GRTST 24HR    M  ON   M    6 = FREEZING RAIN OR DRIZZLE
                        GRTST DEPTH:  M  ON   M    7 = DUSTSTORM OR SANDSTORM:
                                                       VSBY 1/2 MILE OR LESS
                                                   8 = SMOKE OR HAZE
[NO. OF DAYS WITH]      [WEATHER - DAYS WITH]      9 = BLOWING SNOW
                                                   X = TORNADO
MAX 32 OR BELOW:   0    0.01 INCH OR MORE:   8
MAX 90 OR ABOVE:   5    0.10 INCH OR MORE:   6
MIN 32 OR BELOW:   0    0.50 INCH OR MORE:   1
MIN  0 OR BELOW:   0    1.00 INCH OR MORE:   1

[HDD (BASE 65) ]
TOTAL THIS MO.    22    CLEAR  (SCALE 0-3)  21
DPTR FM NORMAL     8    PTCLDY (SCALE 4-7)   6
TOTAL FM JUL 1    22    CLOUDY (SCALE 8-10)  2
DPTR FM NORMAL    -4

[CDD (BASE 65) ]
TOTAL THIS MO.   165
DPTR FM NORMAL    -9    [PRESSURE DATA]
TOTAL FM JAN 1   592    HIGHEST SLP M ON M
DPTR FM NORMAL   135    LOWEST  SLP 29.56 ON 19

[REMARKS]




U.S. Dept. of Commerce
NOAA National Weather Service
1325 East West Highway
Silver Spring, MD 20910
E-mail: w-nws.webmaster@noaa.gov
Page last modified: May 16, 2007
NATIONAL WEATHER SERVICE: for Safety, for Work, for Fun - FOR LIFE