032
CXUS55 KBOI 191002
CF6JER
PRELIMINARY LOCAL CLIMATOLOGICAL DATA (WS FORM: F-6)

                                          STATION:   JEROME ID
                                          MONTH:     APRIL
                                          YEAR:      2014
                                          LATITUDE:   42 43 N
                                          LONGITUDE: 114 27 W

  TEMPERATURE IN F:       :PCPN:    SNOW:  WIND      :SUNSHINE: SKY     :PK WND
================================================================================
1   2   3   4   5  6A  6B    7    8   9   10  11  12  13   14  15   16   17  18
                                     12Z  AVG MX 2MIN
DY MAX MIN AVG DEP HDD CDD  WTR  SNW DPTH SPD SPD DIR MIN PSBL S-S WX    SPD DR
================================================================================

 1  40  31  36  -8  29   0 0.04    M    M 14.5 26 220   M    M   7 1      32 210
 2  45  31  38  -6  27   0 0.06    M    M  7.2 29 280   M    M   7 1      33 280
 3  51  28  40  -4  25   0 0.00    M    M  3.9 12  90   M    M   1        12  90
 4  55  32  44  -1  21   0 0.00    M    M  8.0 20 240   M    M   1        24 250
 5  54  34  44  -1  21   0 0.00    M    M 13.3 31 260   M    M   3        39 260
 6  59  39  49   4  16   0    T    M    M 17.7 39 270   M    M   5        46 270
 7  65  36  51   6  14   0 0.00    M    M  9.7 17 250   M    M   0        22 270
 8  73  43  58  13   7   0 0.00    M    M  6.8 10 120   M    M   0         M  M
 9  69  46  58  13   7   0 0.00    M    M 12.7 26 260   M    M   1        33 250
10  64  41  53   7  12   0 0.00    M    M 12.5 24 240   M    M   1        31 240
11  69  39  54   8  11   0 0.00    M    M  9.5 22 260   M    M   0        29 250
12  62  40  51   5  14   0 0.00    M    M 16.0 32 260   M    M   0        39 260
13  57  33  45  -1  20   0 0.02    M    M  9.3 20  70   M    M   5 1      27 100
14  60  27  44  -2  21   0 0.00    M    M 10.3 22  40   M    M   0        26  40
15  58  35  47   1  18   0 0.00    M    M 16.8 38 260   M    M   0        47 270
16  59  35  47   0  18   0 0.00    M    M  8.9 22 260   M    M   1        27 270
17  73  32  53   6  12   0    T    M    M  9.4 26 250   M    M   2        38 110
18  60  39  50   3  15   0 0.06    M    M 14.8 25 250   M    M   4        33 280
================================================================================
SM 1073  641       308   0  0.18    M    201.3          M       38
================================================================================
AV 59.6 35.6                              11.2 FASTST   M    M   2    MAX(MPH)
                                 MISC ---->  # 39 270               # 47  270
================================================================================
NOTES:
# LAST OF SEVERAL OCCURRENCES

COLUMN 17 PEAK WIND IN M.P.H.

PRELIMINARY LOCAL CLIMATOLOGICAL DATA (WS FORM: F-6) , PAGE 2

                                          STATION:  JEROME ID
                                          MONTH:    APRIL
                                          YEAR:     2014
                                          LATITUDE:   42 43 N
                                          LONGITUDE: 114 27 W

[TEMPERATURE DATA]      [PRECIPITATION DATA]       SYMBOLS USED IN COLUMN 16

AVERAGE MONTHLY: 47.6   TOTAL FOR MONTH:   0.18    1 = FOG OR MIST
DPTR FM NORMAL:   2.1   DPTR FM NORMAL:   -0.60    2 = FOG REDUCING VISIBILITY
HIGHEST:    73 ON 17, 8 GRTST 24HR  0.06 ON 18-18      TO 1/4 MILE OR LESS
LOWEST:     27 ON 14                               3 = THUNDER
                        SNOW, ICE PELLETS, HAIL    4 = ICE PELLETS
                        TOTAL MONTH:    M          5 = HAIL
                        GRTST 24HR    M  ON   M    6 = FREEZING RAIN OR DRIZZLE
                        GRTST DEPTH:  M  ON   M    7 = DUSTSTORM OR SANDSTORM:
                                                       VSBY 1/2 MILE OR LESS
                                                   8 = SMOKE OR HAZE
[NO. OF DAYS WITH]      [WEATHER - DAYS WITH]      9 = BLOWING SNOW
                                                   X = TORNADO
MAX 32 OR BELOW:   0    0.01 INCH OR MORE:   4
MAX 90 OR ABOVE:   0    0.10 INCH OR MORE:   0
MIN 32 OR BELOW:   6    0.50 INCH OR MORE:   0
MIN  0 OR BELOW:   0    1.00 INCH OR MORE:   0

[HDD (BASE 65) ]
TOTAL THIS MO.   308    CLEAR  (SCALE 0-3)  13
DPTR FM NORMAL   -43    PTCLDY (SCALE 4-7)   5
TOTAL FM JUL 1  5676    CLOUDY (SCALE 8-10)  0
DPTR FM NORMAL  -331

[CDD (BASE 65) ]
TOTAL THIS MO.     0
DPTR FM NORMAL     0    [PRESSURE DATA]
TOTAL FM JAN 1     0    HIGHEST SLP M ON M
DPTR FM NORMAL     0    LOWEST  SLP 29.59 ON 17

[REMARKS]




U.S. Dept. of Commerce
NOAA National Weather Service
1325 East West Highway
Silver Spring, MD 20910
E-mail: w-nws.webmaster@noaa.gov
Page last modified: May 16, 2007
NATIONAL WEATHER SERVICE: for Safety, for Work, for Fun - FOR LIFE