775
CXUS55 KBOI 301002
CF6JER
PRELIMINARY LOCAL CLIMATOLOGICAL DATA (WS FORM: F-6)

                                          STATION:   JEROME ID
                                          MONTH:     SEPTEMBER
                                          YEAR:      2014
                                          LATITUDE:   42 43 N
                                          LONGITUDE: 114 27 W

  TEMPERATURE IN F:       :PCPN:    SNOW:  WIND      :SUNSHINE: SKY     :PK WND
================================================================================
1   2   3   4   5  6A  6B    7    8   9   10  11  12  13   14  15   16   17  18
                                     12Z  AVG MX 2MIN
DY MAX MIN AVG DEP HDD CDD  WTR  SNW DPTH SPD SPD DIR MIN PSBL S-S WX    SPD DR
================================================================================

 1  74  48  61  -5   4   0 0.00    M    M  8.1 17 220   M    M   0        24 210
 2  82  43  63  -3   2   0 0.00    M    M  5.7 13  70   M    M   0        15  70
 3  69  44  57  -9   8   0 0.00    M    M 14.6 28 240   M    M   0        35 260
 4  72  38  55 -10  10   0 0.00    M    M  6.9 13  40   M    M   0        18 110
 5  77  44  61  -4   4   0 0.00    M    M  7.4 13  90   M    M   0        17 100
 6  84  48  66   2   0   1 0.00    M    M  8.4 18  60   M    M   0        23  60
 7  85  54  70   6   0   5 0.00    M    M  6.6 15  70   M    M   0        18  60
 8  82  51  67   3   0   2    T    M    M  6.5 15  60   M    M   0        17 100
 9  76  51  64   1   1   0 0.00    M    M 12.2 26 250   M    M   0        32 240
10  72  49  61  -2   4   0 0.00    M    M 14.1 25 250   M    M   0        32 260
11  65  42  54  -9  11   0 0.00    M    M  9.0 18  40   M    M   0        26  40
12  73  35  54  -8  11   0 0.00    M    M 12.5 26  60   M    M   0        32  60
13  82  44  63   1   2   0 0.00    M    M  8.0 18  50   M    M   0        23  50
14  83  48  66   4   0   1 0.00    M    M  4.4 12  40   M    M   0        13  40
15  88  52  70   9   0   5 0.00    M    M  6.4 12  70   M    M   0        14  90
16  88  58  73  12   0   8    T    M    M  7.1 21  60   M    M   0        27  50
17  89  59  74  14   0   9    T    M    M  7.3 16 130   M    M   0        19 130
18  80  58  69   9   0   4    T    M    M  5.9 13 240   M    M   1 3      17 240
19  78  52  65   5   0   0 0.00    M    M  9.0 17 260   M    M   0        24 250
20  84  50  67   8   0   2 0.00    M    M  4.5 10  40   M    M   0        12  40
21  69  56  63   4   2   0 0.07    M    M  8.7 15  70   M    M   5        19  70
22  74  51  63   5   2   0    T    M    M  5.7 13  60   M    M   3 1      15 210
23  85  54  70  12   0   5 0.00    M    M  9.5 16  70   M    M   0        20  60
24  92  57  75  17   0  10 0.00    M    M 10.0 16 120   M    M   0        22 120
25  90  56  73  16   0   8    T    M    M 11.2 25 230   M    M   0        32 230
26  72  48  60   3   5   0 0.01    M    M  7.3 20 210   M    M   2 3      24 200
27  62  50  56   0   9   0 0.02    M    M 11.1 24  60   M    M   5        29  60
28  68  50  59   3   6   0 0.15    M    M 10.3 22  40   M    M   5 13     27  40
29  55  48  52  -4  13   0 0.21    M    M  4.4  9  90   M    M  10 1      11 110
================================================================================
SM 2250 1438        94  60  0.46    M    242.8          M       31
================================================================================
AV 77.6 49.6                               8.4 FASTST   M    M   1    MAX(MPH)
                                 MISC ---->  # 28 240               # 35  260
================================================================================
NOTES:
# LAST OF SEVERAL OCCURRENCES

COLUMN 17 PEAK WIND IN M.P.H.

PRELIMINARY LOCAL CLIMATOLOGICAL DATA (WS FORM: F-6) , PAGE 2

                                          STATION:  JEROME ID
                                          MONTH:    SEPTEMBER
                                          YEAR:     2014
                                          LATITUDE:   42 43 N
                                          LONGITUDE: 114 27 W

[TEMPERATURE DATA]      [PRECIPITATION DATA]       SYMBOLS USED IN COLUMN 16

AVERAGE MONTHLY: 63.6   TOTAL FOR MONTH:   0.46    1 = FOG OR MIST
DPTR FM NORMAL:   2.5   DPTR FM NORMAL:    0.05    2 = FOG REDUCING VISIBILITY
HIGHEST:    92 ON 24    GRTST 24HR  0.36 ON 28-29      TO 1/4 MILE OR LESS
LOWEST:     35 ON 12                               3 = THUNDER
                        SNOW, ICE PELLETS, HAIL    4 = ICE PELLETS
                        TOTAL MONTH:    M          5 = HAIL
                        GRTST 24HR    M  ON   M    6 = FREEZING RAIN OR DRIZZLE
                        GRTST DEPTH:  M  ON   M    7 = DUSTSTORM OR SANDSTORM:
                                                       VSBY 1/2 MILE OR LESS
                                                   8 = SMOKE OR HAZE
[NO. OF DAYS WITH]      [WEATHER - DAYS WITH]      9 = BLOWING SNOW
                                                   X = TORNADO
MAX 32 OR BELOW:   0    0.01 INCH OR MORE:   5
MAX 90 OR ABOVE:   2    0.10 INCH OR MORE:   2
MIN 32 OR BELOW:   0    0.50 INCH OR MORE:   0
MIN  0 OR BELOW:   0    1.00 INCH OR MORE:   0

[HDD (BASE 65) ]
TOTAL THIS MO.    94    CLEAR  (SCALE 0-3)  25
DPTR FM NORMAL   -66    PTCLDY (SCALE 4-7)   3
TOTAL FM JUL 1   121    CLOUDY (SCALE 8-10)  1
DPTR FM NORMAL   -72

[CDD (BASE 65) ]
TOTAL THIS MO.    60
DPTR FM NORMAL    16    [PRESSURE DATA]
TOTAL FM JAN 1   652    HIGHEST SLP M ON M
DPTR FM NORMAL   143    LOWEST  SLP 29.58 ON M

[REMARKS]




U.S. Dept. of Commerce
NOAA National Weather Service
1325 East West Highway
Silver Spring, MD 20910
E-mail: w-nws.webmaster@noaa.gov
Page last modified: May 16, 2007
NATIONAL WEATHER SERVICE: for Safety, for Work, for Fun - FOR LIFE