575
CXUS53 KLSX 011600
CF6JEF
PRELIMINARY LOCAL CLIMATOLOGICAL DATA (WS FORM: F-6)

                                          STATION:   JEFFERSON CITY
                                          MONTH:     NOVEMBER
                                          YEAR:      2014
                                          LATITUDE:   38 35 N
                                          LONGITUDE:  92 10 W

  TEMPERATURE IN F:       :PCPN:    SNOW:  WIND      :SUNSHINE: SKY     :PK WND
================================================================================
1   2   3   4   5  6A  6B    7    8   9   10  11  12  13   14  15   16   17  18
                                     12Z  AVG MX 2MIN
DY MAX MIN AVG DEP HDD CDD  WTR  SNW DPTH SPD SPD DIR MIN PSBL S-S WX    SPD DR
================================================================================

 1  50  25  38 -14  27   0 0.00  0.0    0  4.7 12 140   M    M   0        17 200
 2  61  34  48  -4  17   0 0.00  0.0    0  9.3 18 160   M    M   5        24 160
 3  71  48  60   9   5   0 0.00  0.0    0 10.5 22 180   M    M   4        30 180
 4  62  44  53   2  12   0 0.23  0.0    0  5.2 16 190   M    M   5 1      24 190
 5  64  39  52   2  13   0 0.00  0.0    0  2.8 14 220   M    M   0 1      17 240
 6  53  32  43  -7  22   0 0.00  0.0    0  9.9 25 310   M    M   3        36 300
 7  60  27  44  -6  21   0 0.00  0.0    0  5.3 14 170   M    M   0 12     19 180
 8  54  32  43  -6  22   0 0.00  0.0    0  7.4 21 330   M    M   2        32 330
 9  65  29  47  -2  18   0 0.00  0.0    0  5.3 14 190   M    M   0        17 200
10  74  49  62  14   3   0 0.00  0.0    0 10.5 25 180   M    M   2        34 180
11  54  31  43  -5  22   0    T  0.0    0 13.3 21 310   M    M  10 1      30 310
12  32  24  28 -19  37   0 0.00  0.0    0 10.8 17 320   M    M   6        24 330
13  30  17  24 -23  41   0 0.00  0.0    0  8.1 16 310   M    M   6        23 310
14  33  14  24 -22  41   0 0.00  0.0    0  2.7  9 320   M    M   1 1      14 330
15  36  18  27 -19  38   0    T    M    0  4.5 14 170   M    M   5        20 180
16  32  22  27 -19  38   0 0.05    M    0  5.0 15 300   M    M   8 1      19 310
17  25  15  20 -25  45   0 0.00  0.0    M 10.9 22 280   M    M   3        30 290
18  31  11  21 -23  44   0 0.00  0.0    M  7.4 17 270   M    M   0        24 250
19  43  21  32 -12  33   0 0.00  0.0    0  8.3 23 290   M    M   3        31 270
20  41  15  28 -16  37   0 0.00  0.0    0  2.6 10 290   M    M   0        16 300
21  48  19  34  -9  31   0 0.00  0.0    0  7.9 15 110   M    M   6        20 110
22  61  47  54  11  11   0 0.00  0.0    0  7.4 17 180   M    M   9        23 180
23  56  44  50   8  15   0 0.75  0.0    0  5.8 26 290   M    M   9 1      37 300
24  44  32  38  -4  27   0 0.14  0.0    0 12.6 26 290   M    M   9 1      36 280
25  42  23  33  -8  32   0 0.00  0.0    0  5.2 13 290   M    M   0        17 280
26  42  22  32  -9  33   0 0.04    M    0  8.5 22 290   M    M   8 1      32 300
27  36  29  33  -7  32   0 0.00  0.0    0  6.9 17 310   M    M   7 18     21 310
28  61  28  45   5  20   0 0.00  0.0    0  8.3 18 190   M    M   0        25 200
29  69  38  54  14  11   0 0.00  0.0    0  6.2 18 180   M    M   0        25 190
30  68  25  47   8  18   0 0.00  0.0    0  8.4 21 290   M    M   5 8      26 290
================================================================================
SM 1498  854       766   0  1.21     0.0 221.7          M      116
================================================================================
AV 49.9 28.5                               7.4 FASTST   M    M   4    MAX(MPH)
                                 MISC ---->  # 26 290               # 37  300
================================================================================
NOTES:
# LAST OF SEVERAL OCCURRENCES

COLUMN 17 PEAK WIND IN M.P.H.

PRELIMINARY LOCAL CLIMATOLOGICAL DATA (WS FORM: F-6) , PAGE 2

                                          STATION:  JEFFERSON CITY
                                          MONTH:    NOVEMBER
                                          YEAR:     2014
                                          LATITUDE:   38 35 N
                                          LONGITUDE:  92 10 W

[TEMPERATURE DATA]      [PRECIPITATION DATA]       SYMBOLS USED IN COLUMN 16

AVERAGE MONTHLY: 39.2   TOTAL FOR MONTH:   1.21    1 = FOG OR MIST
DPTR FM NORMAL:  -6.4   DPTR FM NORMAL:   -2.59    2 = FOG REDUCING VISIBILITY
HIGHEST:    74 ON 10    GRTST 24HR  0.89 ON 23-24      TO 1/4 MILE OR LESS
LOWEST:     11 ON 18                               3 = THUNDER
                        SNOW, ICE PELLETS, HAIL    4 = ICE PELLETS
                        TOTAL MONTH:   0.0 INCH    5 = HAIL
                        GRTST 24HR     0.0         6 = FREEZING RAIN OR DRIZZLE
                        GRTST DEPTH:   0           7 = DUSTSTORM OR SANDSTORM:
                                                       VSBY 1/2 MILE OR LESS
                                                   8 = SMOKE OR HAZE
[NO. OF DAYS WITH]      [WEATHER - DAYS WITH]      9 = BLOWING SNOW
                                                   X = TORNADO
MAX 32 OR BELOW:   5    0.01 INCH OR MORE:   5
MAX 90 OR ABOVE:   0    0.10 INCH OR MORE:   3
MIN 32 OR BELOW:  22    0.50 INCH OR MORE:   1
MIN  0 OR BELOW:   0    1.00 INCH OR MORE:   0

[HDD (BASE 65) ]
TOTAL THIS MO.   766    CLEAR  (SCALE 0-3)  14
DPTR FM NORMAL   183    PTCLDY (SCALE 4-7)  11
TOTAL FM JUL 1  1052    CLOUDY (SCALE 8-10)  5
DPTR FM NORMAL   156

[CDD (BASE 65) ]
TOTAL THIS MO.     0
DPTR FM NORMAL    -2    [PRESSURE DATA]
TOTAL FM JAN 1  1341    HIGHEST SLP 30.53 ON 13
DPTR FM NORMAL   -15    LOWEST  SLP 29.22 ON 23

[REMARKS]
#FINAL-11-14#




U.S. Dept. of Commerce
NOAA National Weather Service
1325 East West Highway
Silver Spring, MD 20910
E-mail: w-nws.webmaster@noaa.gov
Page last modified: May 16, 2007
NATIONAL WEATHER SERVICE: for Safety, for Work, for Fun - FOR LIFE