726
CXUS53 KLSX 251600
CF6JEF
PRELIMINARY LOCAL CLIMATOLOGICAL DATA (WS FORM: F-6)

                                          STATION:   JEFFERSON CITY
                                          MONTH:     JULY
                                          YEAR:      2014
                                          LATITUDE:   38 35 N
                                          LONGITUDE:  92 10 W

  TEMPERATURE IN F:       :PCPN:    SNOW:  WIND      :SUNSHINE: SKY     :PK WND
================================================================================
1   2   3   4   5  6A  6B    7    8   9   10  11  12  13   14  15   16   17  18
                                     12Z  AVG MX 2MIN
DY MAX MIN AVG DEP HDD CDD  WTR  SNW DPTH SPD SPD DIR MIN PSBL S-S WX    SPD DR
================================================================================

 1  84  72  78   0   0  13 0.72  0.0    0  6.5 16 310   M    M   2 13     20 290
 2  75  60  68 -10   0   3 0.00  0.0    0  9.3 17 310   M    M   3        24 310
 3  80  56  68 -10   0   3 0.00  0.0    0  3.5 13 330   M    M   0        23 320
 4  82  57  70  -8   0   5 0.00  0.0    0  3.3 10 180   M    M   2 1      15 150
 5  81  62  72  -6   0   7 0.00  0.0    0  7.2 17 180   M    M   3        24 160
 6  86  70  78   0   0  13 0.00  0.0    0  7.9 17 230   M    M   2        22 230
 7  92  68  80   2   0  15 0.88  0.0    0  6.9 23 340   M    M   2 138    34 330
 8  84  66  75  -3   0  10 0.52  0.0    0  6.3 15 310   M    M   2 13     20 180
 9  84  63  74  -4   0   9 0.00  0.0    0  4.3 14 290   M    M   0        20 300
10  81  60  71  -7   0   6 0.00  0.0    0  4.3 10 130   M    M   0 1      13 120
11  89  65  77  -2   0  12 0.00  0.0    0  6.3 12 160   M    M   1         M  M
12  91  77  84   5   0  19 0.00  0.0    0  6.2 15 200   M    M   1        20 230
13  88  72  80   1   0  15 0.10  0.0    0  2.7 13 340   M    M   3        15 330
14  86  63  75  -4   0  10 0.07  0.0    0  5.7 21 330   M    M   5 13     29 360
15  74  56  65 -14   0   0 0.00  0.0    0  5.5 15 350   M    M   3        19 350
16  78  54  66 -13   0   1 0.00  0.0    0  2.3 12 350   M    M   4 12     13 350
17  80  53  67 -12   0   2 0.00  0.0    0  1.6  7 290   M    M   3 12     12  80
18  80  60  70  -9   0   5 0.00  0.0    0  3.7 14 130   M    M   2        17 150
19  84  57  71  -8   0   6 0.00  0.0    0  1.1  8 110   M    M   0 1      11 140
20  84  61  73  -6   0   8 0.00  0.0    0  4.3 10 180   M    M   3 1      14 160
21  89  63  76  -3   0  11 0.00  0.0    0  5.4 13 180   M    M   0 1      16 170
22  93  69  81   2   0  16 0.00  0.0    0  3.7 14 260   M    M   0 18     17 220
23  87  69  78  -1   0  13 0.00  0.0    0  7.9 17 350   M    M   2 1      23  20
24  83  60  72  -7   0   7 0.00  0.0    0  4.9 13  80   M    M   0        18  60
================================================================================
SM 2015 1513         0 209  2.29     0.0 120.8          M       43
================================================================================
AV 84.0 63.0                               5.0 FASTST   M    M   2    MAX(MPH)
                                 MISC ---->  # 23 340               # 34  330
================================================================================
NOTES:
# LAST OF SEVERAL OCCURRENCES

COLUMN 17 PEAK WIND IN M.P.H.

PRELIMINARY LOCAL CLIMATOLOGICAL DATA (WS FORM: F-6) , PAGE 2

                                          STATION:  JEFFERSON CITY
                                          MONTH:    JULY
                                          YEAR:     2014
                                          LATITUDE:   38 35 N
                                          LONGITUDE:  92 10 W

[TEMPERATURE DATA]      [PRECIPITATION DATA]       SYMBOLS USED IN COLUMN 16

AVERAGE MONTHLY: 73.5   TOTAL FOR MONTH:   2.29    1 = FOG OR MIST
DPTR FM NORMAL:  -5.1   DPTR FM NORMAL:   -1.14    2 = FOG REDUCING VISIBILITY
HIGHEST:    93 ON 22    GRTST 24HR  1.40 ON  7- 8      TO 1/4 MILE OR LESS
LOWEST:     53 ON 17                               3 = THUNDER
                        SNOW, ICE PELLETS, HAIL    4 = ICE PELLETS
                        TOTAL MONTH:   0.0 INCH    5 = HAIL
                        GRTST 24HR     0.0         6 = FREEZING RAIN OR DRIZZLE
                        GRTST DEPTH:   0           7 = DUSTSTORM OR SANDSTORM:
                                                       VSBY 1/2 MILE OR LESS
                                                   8 = SMOKE OR HAZE
[NO. OF DAYS WITH]      [WEATHER - DAYS WITH]      9 = BLOWING SNOW
                                                   X = TORNADO
MAX 32 OR BELOW:   0    0.01 INCH OR MORE:   5
MAX 90 OR ABOVE:   3    0.10 INCH OR MORE:   4
MIN 32 OR BELOW:   0    0.50 INCH OR MORE:   3
MIN  0 OR BELOW:   0    1.00 INCH OR MORE:   0

[HDD (BASE 65) ]
TOTAL THIS MO.     0    CLEAR  (SCALE 0-3)  18
DPTR FM NORMAL     0    PTCLDY (SCALE 4-7)   6
TOTAL FM JUL 1     0    CLOUDY (SCALE 8-10)  0
DPTR FM NORMAL     0

[CDD (BASE 65) ]
TOTAL THIS MO.   209
DPTR FM NORMAL  -118    [PRESSURE DATA]
TOTAL FM JAN 1   703    HIGHEST SLP M ON M
DPTR FM NORMAL   -32    LOWEST  SLP 29.67 ON  7

[REMARKS]




U.S. Dept. of Commerce
NOAA National Weather Service
1325 East West Highway
Silver Spring, MD 20910
E-mail: w-nws.webmaster@noaa.gov
Page last modified: May 16, 2007
NATIONAL WEATHER SERVICE: for Safety, for Work, for Fun - FOR LIFE