411
CXUS55 KGGW 010800
CF6JDN
PRELIMINARY LOCAL CLIMATOLOGICAL DATA (WS FORM: F-6)

                                          STATION:   JORDAN  ASOS MT
                                          MONTH:     AUGUST
                                          YEAR:      2014
                                          LATITUDE:   47 19 N
                                          LONGITUDE: 106 50 W

  TEMPERATURE IN F:       :PCPN:    SNOW:  WIND      :SUNSHINE: SKY     :PK WND
================================================================================
1   2   3   4   5  6A  6B    7    8   9   10  11  12  13   14  15   16   17  18
                                     12Z  AVG MX 2MIN
DY MAX MIN AVG DEP HDD CDD  WTR  SNW DPTH SPD SPD DIR MIN PSBL S-S WX    SPD DR
================================================================================

 1  93  58  76   4   0  11 0.00  0.0    0  7.6 16  30   M    M   0        26 320
 2  90  57  74   2   0   9 0.16  0.0    0 10.8 26 320   M    M   0        38 310
 3  91  64  78   6   0  13 0.14  0.0    0 11.4 23  40   M    M   0        28  50
 4  87  57  72   1   0   7 0.00  0.0    0  5.8 20 150   M    M   0        23 150
 5  74  57  66  -5   0   1 0.07  0.0    0  5.8 16 350   M    M   0        19 340
 6  88  54  71   0   0   6 0.00  0.0    0  3.8 13 110   M    M   0        15 110
 7  97  57  77   6   0  12 0.00  0.0    0  6.0 18 190   M    M   0        24 210
 8  98  62  80   9   0  15 0.00  0.0    0  7.1 22 140   M    M   0        27 140
 9  81  54  68  -3   0   3 0.00  0.0    0 10.1 24 350   M    M   0        30 360
10  88  46  67  -4   0   2 0.00  0.0    0  5.9 17 100   M    M   0        22 100
11  94  65  80   9   0  15 0.00  0.0    0  5.8 15 180   M    M   0        23 130
12  96  53  75   5   0  10 0.00  0.0    0  5.3  9  50   M    M   0         M  M
13  87  60  74   4   0   9 0.00  0.0    0  9.3 22  30   M    M   0        26  30
14  94  55  75   5   0  10 0.06  0.0    0  8.1 25 220   M    M   0        34 230
15  89  60  75   5   0  10 1.26  0.0    0  9.5 43 260   M    M   0        57 260
16  83  60  72   2   0   7 0.00  0.0    0  5.1 14 250   M    M   0        18 250
17  82  56  69   0   0   4 0.00  0.0    0 11.5 26 300   M    M   0        31 310
18  84  57  71   2   0   6 0.00  0.0    0  6.4 15 300   M    M   0        20 300
19  93  60  77   8   0  12 0.00  0.0    0  4.3 20 300   M    M   0        23 300
20  79  60  70   2   0   5 0.00  0.0    0  7.7 17 310   M    M   0        21 300
21  73  59  66  -2   0   1 0.01  0.0    0  6.9 17 360   M    M   0        25 360
22  69  57  63  -5   2   0 0.09  0.0    0 10.4 23  70   M    M   0        29  60
23  59  52  56 -11   9   0 3.44  0.0    0 20.6 32  70   M    M   0        39  70
24  52  47  50 -17  15   0 1.00    M    0 18.0 28 310   M    M   0        36 300
25  62  46  54 -13  11   0 0.01    M    0  6.5 18 310   M    M   0        22 320
26  79  43  61  -5   4   0 0.00  0.0    0  3.5 12 300   M    M   0        16 220
27  87  49  68   2   0   3 0.00  0.0    0  4.5 14 270   M    M   0        22 210
28  88  53  71   5   0   6 0.00  0.0    0  7.7 33 350   M    M   0        45 350
29  74  57  66   1   0   1 0.26  0.0    0  7.6 22  20   M    M   0        28  20
30  71  55  63  -2   2   0 0.03  0.0    0  3.3 16 150   M    M   0        21 160
31  75  53  64   0   1   0 0.00  0.0    0  8.8 18 290   M    M   0        23 300
================================================================================
SM 2557 1723        44 178  6.53     0.0 245.1          M        0
================================================================================
AV 82.5 55.6                               7.9 FASTST   M    M   0    MAX(MPH)
                                 MISC ---->  # 43 260               # 57  260
================================================================================
NOTES:
# LAST OF SEVERAL OCCURRENCES

COLUMN 17 PEAK WIND IN M.P.H.

PRELIMINARY LOCAL CLIMATOLOGICAL DATA (WS FORM: F-6) , PAGE 2

                                          STATION:  JORDAN  ASOS MT
                                          MONTH:    AUGUST
                                          YEAR:     2014
                                          LATITUDE:   47 19 N
                                          LONGITUDE: 106 50 W

[TEMPERATURE DATA]      [PRECIPITATION DATA]       SYMBOLS USED IN COLUMN 16

AVERAGE MONTHLY: 69.0   TOTAL FOR MONTH:   6.53    1 = FOG OR MIST
DPTR FM NORMAL:   0.1   DPTR FM NORMAL:    5.34    2 = FOG REDUCING VISIBILITY
HIGHEST:    98 ON  8    GRTST 24HR  3.46 ON 22-23      TO 1/4 MILE OR LESS
LOWEST:     43 ON 26                               3 = THUNDER
                        SNOW, ICE PELLETS, HAIL    4 = ICE PELLETS
                        TOTAL MONTH:   0.0 INCH    5 = HAIL
                        GRTST 24HR     0.0         6 = FREEZING RAIN OR DRIZZLE
                        GRTST DEPTH:   0           7 = DUSTSTORM OR SANDSTORM:
                                                       VSBY 1/2 MILE OR LESS
                                                   8 = SMOKE OR HAZE
[NO. OF DAYS WITH]      [WEATHER - DAYS WITH]      9 = BLOWING SNOW
                                                   X = TORNADO
MAX 32 OR BELOW:   0    0.01 INCH OR MORE:  12
MAX 90 OR ABOVE:   9    0.10 INCH OR MORE:   6
MIN 32 OR BELOW:   0    0.50 INCH OR MORE:   3
MIN  0 OR BELOW:   0    1.00 INCH OR MORE:   3

[HDD (BASE 65) ]
TOTAL THIS MO.    44    CLEAR  (SCALE 0-3)  31
DPTR FM NORMAL     4    PTCLDY (SCALE 4-7)   0
TOTAL FM JUL 1    49    CLOUDY (SCALE 8-10)  0
DPTR FM NORMAL   -16

[CDD (BASE 65) ]
TOTAL THIS MO.   178
DPTR FM NORMAL    16    [PRESSURE DATA]
TOTAL FM JAN 1   451    HIGHEST SLP M ON M
DPTR FM NORMAL    58    LOWEST  SLP 29.52 ON 20

[REMARKS]
#FINAL-08-14#




U.S. Dept. of Commerce
NOAA National Weather Service
1325 East West Highway
Silver Spring, MD 20910
E-mail: w-nws.webmaster@noaa.gov
Page last modified: May 16, 2007
NATIONAL WEATHER SERVICE: for Safety, for Work, for Fun - FOR LIFE