739
CXUS55 KGGW 010800
CF6JDN
PRELIMINARY LOCAL CLIMATOLOGICAL DATA (WS FORM: F-6)

                                          STATION:   JORDAN  ASOS MT
                                          MONTH:     NOVEMBER
                                          YEAR:      2014
                                          LATITUDE:   47 19 N
                                          LONGITUDE: 106 50 W

  TEMPERATURE IN F:       :PCPN:    SNOW:  WIND      :SUNSHINE: SKY     :PK WND
================================================================================
1   2   3   4   5  6A  6B    7    8   9   10  11  12  13   14  15   16   17  18
                                     12Z  AVG MX 2MIN
DY MAX MIN AVG DEP HDD CDD  WTR  SNW DPTH SPD SPD DIR MIN PSBL S-S WX    SPD DR
================================================================================

 1  58  26  42   5  23   0 0.00  0.0    0  4.5 17 260   M    M   0        20 250
 2  53  32  43   6  22   0 0.00  0.0    0 12.8 29 290   M    M   0        36 300
 3  54  27  41   5  24   0 0.00  0.0    0  9.9 23 290   M    M   0        27 300
 4  59  24  42   6  23   0 0.00  0.0    0  7.4 22 290   M    M   0        27 290
 5  53  26  40   5  25   0 0.00  0.0    0  8.8 26 310   M    M   0        33 290
 6  59  23  41   6  24   0 0.00  0.0    0  5.1 18 200   M    M   0        25 200
 7  60  38  49  15  16   0 0.01    M    0 13.3 30 290   M    M   0        37 270
 8  58  25  42   8  23   0 0.00  0.0    0  6.6 18 280   M    M   0        23 260
 9  42  17  30  -3  35   0 0.49    M    0 13.1 23  40   M    M   0        29  30
10  17  -1   8 -25  57   0 0.02    M    0 11.8 21  10   M    M   0        24  10
11   7  -7   0 -32  65   0 0.02    M    0 12.7 22 310   M    M   0        26 310
12  12 -20  -4 -36  69   0 0.00  0.0    0  5.7 15 310   M    M   0        16 300
13  10 -26  -8 -39  73   0 0.00  0.0    0  2.4 10 150   M    M   0        13 160
14   6 -24  -9 -40  74   0 0.00  0.0    0  5.1 12 310   M    M   0        13 310
15  10 -17  -3 -33  68   0 0.00  0.0    0  8.0 17 290   M    M   0        22 290
16  25  10  18 -12  47   0 0.00  0.0    0 18.4 35 330   M    M   0        43 340
17  18  -8   5 -24  60   0 0.00  0.0    0  8.5 18 320   M    M   0        22 320
18  38  -7  16 -13  49   0 0.00  0.0    0 14.6 35 320   M    M   0        42 310
19  27   1  14 -14  51   0 0.00  0.0    0  9.7 15 330   M    M   0         M  M
20  35   2  19  -9  46   0 0.00  0.0    M  2.4 10 140   M    M   0        13 130
21  46  20  33   6  32   0 0.00  0.0    0  4.5 12 290   M    M   0        13 280
22  49  30  40  13  25   0 0.02    M    0 13.3 36 300   M    M   0        43 290
23  38  16  27   1  38   0 0.00  0.0    0 15.9 30 310   M    M   0        40 300
24  40  22  31   5  34   0 0.00  0.0    0 10.1 29 310   M    M   0        34 310
25  39  24  32   6  33   0 0.07    M    0 11.5 35 310   M    M   0        42 310
26  28  25  27   2  38   0 0.08    M    0  6.0 13 140   M    M   0        16 140
27  51  25  38  13  27   0 0.01    M    0  6.9 17 240   M    M   0        22 240
28  59  15  37  13  28   0 0.00  0.0    0  8.1 22 360   M    M   0        27 360
29  15  -7   4 -20  61   0 0.08    M    0 15.7 26 310   M    M   0        31 310
30   M   M   M   M   M   M    M    M    M   M   M   M   M    M   M         M  M
================================================================================
SM 1066  311      1190   0  0.80     0.0 272.8          M        0
================================================================================
AV 36.8 10.7                               9.4 FASTST   M    M   0    MAX(MPH)
                                 MISC ---->  # 36 300               # 43  340
================================================================================
NOTES:
# LAST OF SEVERAL OCCURRENCES

COLUMN 17 PEAK WIND IN M.P.H.

PRELIMINARY LOCAL CLIMATOLOGICAL DATA (WS FORM: F-6) , PAGE 2

                                          STATION:  JORDAN  ASOS MT
                                          MONTH:    NOVEMBER
                                          YEAR:     2014
                                          LATITUDE:   47 19 N
                                          LONGITUDE: 106 50 W

[TEMPERATURE DATA]      [PRECIPITATION DATA]       SYMBOLS USED IN COLUMN 16

AVERAGE MONTHLY: 23.7   TOTAL FOR MONTH:   0.80    1 = FOG OR MIST
DPTR FM NORMAL:  -6.4   DPTR FM NORMAL:    0.44    2 = FOG REDUCING VISIBILITY
HIGHEST:    60 ON  7    GRTST 24HR  0.50 ON  9-10      TO 1/4 MILE OR LESS
LOWEST:    -26 ON 13                               3 = THUNDER
                        SNOW, ICE PELLETS, HAIL    4 = ICE PELLETS
                        TOTAL MONTH:   0.0 INCH    5 = HAIL
                        GRTST 24HR     0.0         6 = FREEZING RAIN OR DRIZZLE
                        GRTST DEPTH:   0           7 = DUSTSTORM OR SANDSTORM:
                                                       VSBY 1/2 MILE OR LESS
                                                   8 = SMOKE OR HAZE
[NO. OF DAYS WITH]      [WEATHER - DAYS WITH]      9 = BLOWING SNOW
                                                   X = TORNADO
MAX 32 OR BELOW:  11    0.01 INCH OR MORE:   9
MAX 90 OR ABOVE:   0    0.10 INCH OR MORE:   1
MIN 32 OR BELOW:  28    0.50 INCH OR MORE:   0
MIN  0 OR BELOW:   9    1.00 INCH OR MORE:   0

[HDD (BASE 65) ]
TOTAL THIS MO.  1190    CLEAR  (SCALE 0-3)  29
DPTR FM NORMAL   145    PTCLDY (SCALE 4-7)   0
TOTAL FM JUL 1  2001    CLOUDY (SCALE 8-10)  0
DPTR FM NORMAL   -17

[CDD (BASE 65) ]
TOTAL THIS MO.     0
DPTR FM NORMAL     0    [PRESSURE DATA]
TOTAL FM JAN 1   460    HIGHEST SLP M ON M
DPTR FM NORMAL    39    LOWEST  SLP 29.26 ON 22

[REMARKS]
#FINAL-11-14#




U.S. Dept. of Commerce
NOAA National Weather Service
1325 East West Highway
Silver Spring, MD 20910
E-mail: w-nws.webmaster@noaa.gov
Page last modified: May 16, 2007
NATIONAL WEATHER SERVICE: for Safety, for Work, for Fun - FOR LIFE