366
CXUS55 KGGW 010800
CF6JDN
PRELIMINARY LOCAL CLIMATOLOGICAL DATA (WS FORM: F-6)

                                          STATION:   JORDAN  ASOS MT
                                          MONTH:     SEPTEMBER
                                          YEAR:      2014
                                          LATITUDE:   47 19 N
                                          LONGITUDE: 106 50 W

  TEMPERATURE IN F:       :PCPN:    SNOW:  WIND      :SUNSHINE: SKY     :PK WND
================================================================================
1   2   3   4   5  6A  6B    7    8   9   10  11  12  13   14  15   16   17  18
                                     12Z  AVG MX 2MIN
DY MAX MIN AVG DEP HDD CDD  WTR  SNW DPTH SPD SPD DIR MIN PSBL S-S WX    SPD DR
================================================================================

 1  73  49  61  -3   4   0 0.00  0.0    0  5.9 16 300   M    M   0        21 300
 2  75  47  61  -2   4   0 0.00  0.0    0  6.5 15 270   M    M   0        20 260
 3  78  46  62  -1   3   0 0.03    M    0  9.8 39 320   M    M   0        46 320
 4  68  42  55  -7  10   0 0.00  0.0    0 12.2 24 340   M    M   0        32 280
 5  74  37  56  -6   9   0 0.00  0.0    0  2.1 13 300   M    M   0        19 300
 6  79  41  60  -2   5   0 0.00  0.0    0  2.8 13 310   M    M   0        16 320
 7  86  40  63   2   2   0 0.00  0.0    0  4.6 15 300   M    M   0        23 310
 8  77  46  62   1   3   0 0.00  0.0    0  8.7 20  70   M    M   0        24  70
 9  53  40  47 -13  18   0 0.16    M    0 12.7 18 320   M    M   0        22 310
10  41  37  39 -21  26   0 0.37    M    0 12.5 22  50   M    M   0        26  50
11  46  37  42 -17  23   0 0.00  0.0    0  4.3 10  50   M    M   0        12  50
12  60  34  47 -12  18   0 0.00  0.0    0 10.5 23 190   M    M   0        29 220
13  56  35  46 -12  19   0 0.00  0.0    0 10.2 25 310   M    M   0        31 310
14  62  35  49  -9  16   0 0.00  0.0    0  4.1 14 130   M    M   0        19 110
15  71  31  51  -6  14   0 0.00  0.0    0  3.5 13 190   M    M   0        20 220
16  81  36  59   2   6   0 0.00  0.0    0  1.9  7 110   M    M   0         9 140
17  84  46  65   9   0   0 0.00  0.0    0  4.7 14 150   M    M   0        18 120
18  83  50  67  11   0   2 0.00  0.0    0  5.1 25 240   M    M   0        32 240
19  78  50  64   8   1   0 0.00  0.0    0 11.1 24 290   M    M   0        29 290
20  74  41  58   3   7   0 0.00  0.0    0  9.6 22 300   M    M   0        28 300
21  77  36  57   2   8   0 0.00  0.0    0  5.8 14 140   M    M   0        17 130
22  80  43  62   8   3   0 0.00  0.0    0  4.9 13 150   M    M   0        15 150
23  85  46  66  12   0   1 0.00  0.0    0  6.2 18 310   M    M   0        23 310
24  89  46  68  15   0   3 0.00  0.0    0  5.6 17 210   M    M   0        21 210
25  91  45  68  15   0   3 0.00  0.0    0  2.4  9 130   M    M   0        11 130
26  83  46  65  13   0   0 0.00  0.0    0  8.9 23 280   M    M   0        29 280
27  63  49  56   4   9   0 0.06    M    0 14.5 23 360   M    M   0        28  10
28  56  47  52   0  13   0 0.00  0.0    0 11.0 17  60   M    M   0        21  50
29  55  47  51   0  14   0 0.00  0.0    0 11.7 20 130   M    M   0        24 130
30  67  49  58   7   7   0 0.02    M    0  9.2 24 300   M    M   0        31 300
================================================================================
SM 2145 1274       242   9  0.64     0.0 223.0          M        0
================================================================================
AV 71.5 42.5                               7.4 FASTST   M    M   0    MAX(MPH)
                                 MISC ---->  # 39 320               # 46  320
================================================================================
NOTES:
# LAST OF SEVERAL OCCURRENCES

COLUMN 17 PEAK WIND IN M.P.H.

PRELIMINARY LOCAL CLIMATOLOGICAL DATA (WS FORM: F-6) , PAGE 2

                                          STATION:  JORDAN  ASOS MT
                                          MONTH:    SEPTEMBER
                                          YEAR:     2014
                                          LATITUDE:   47 19 N
                                          LONGITUDE: 106 50 W

[TEMPERATURE DATA]      [PRECIPITATION DATA]       SYMBOLS USED IN COLUMN 16

AVERAGE MONTHLY: 57.0   TOTAL FOR MONTH:   0.64    1 = FOG OR MIST
DPTR FM NORMAL:  -0.2   DPTR FM NORMAL:   -0.57    2 = FOG REDUCING VISIBILITY
HIGHEST:    91 ON 25    GRTST 24HR  0.42 ON  9-10      TO 1/4 MILE OR LESS
LOWEST:     31 ON 15                               3 = THUNDER
                        SNOW, ICE PELLETS, HAIL    4 = ICE PELLETS
                        TOTAL MONTH:   0.0 INCH    5 = HAIL
                        GRTST 24HR     0.0         6 = FREEZING RAIN OR DRIZZLE
                        GRTST DEPTH:   0           7 = DUSTSTORM OR SANDSTORM:
                                                       VSBY 1/2 MILE OR LESS
                                                   8 = SMOKE OR HAZE
[NO. OF DAYS WITH]      [WEATHER - DAYS WITH]      9 = BLOWING SNOW
                                                   X = TORNADO
MAX 32 OR BELOW:   0    0.01 INCH OR MORE:   5
MAX 90 OR ABOVE:   1    0.10 INCH OR MORE:   2
MIN 32 OR BELOW:   1    0.50 INCH OR MORE:   0
MIN  0 OR BELOW:   0    1.00 INCH OR MORE:   0

[HDD (BASE 65) ]
TOTAL THIS MO.   242    CLEAR  (SCALE 0-3)  30
DPTR FM NORMAL   -19    PTCLDY (SCALE 4-7)   0
TOTAL FM JUL 1   291    CLOUDY (SCALE 8-10)  0
DPTR FM NORMAL   -35

[CDD (BASE 65) ]
TOTAL THIS MO.     9
DPTR FM NORMAL   -18    [PRESSURE DATA]
TOTAL FM JAN 1   460    HIGHEST SLP M ON M
DPTR FM NORMAL    40    LOWEST  SLP 29.51 ON 30

[REMARKS]
#FINAL-09-14#




U.S. Dept. of Commerce
NOAA National Weather Service
1325 East West Highway
Silver Spring, MD 20910
E-mail: w-nws.webmaster@noaa.gov
Page last modified: May 16, 2007
NATIONAL WEATHER SERVICE: for Safety, for Work, for Fun - FOR LIFE