881
CXUS54 KSJT 210900
CF6JCT
PRELIMINARY LOCAL CLIMATOLOGICAL DATA (WS FORM: F-6)

                                          STATION:   JUNCTION
                                          MONTH:     AUGUST
                                          YEAR:      2014
                                          LATITUDE:   30 18 N
                                          LONGITUDE:  99 28 W

  TEMPERATURE IN F:       :PCPN:    SNOW:  WIND      :SUNSHINE: SKY     :PK WND
================================================================================
1   2   3   4   5  6A  6B    7    8   9   10  11  12  13   14  15   16   17  18
                                     12Z  AVG MX 2MIN
DY MAX MIN AVG DEP HDD CDD  WTR  SNW DPTH SPD SPD DIR MIN PSBL S-S WX    SPD DR
================================================================================

 1  92  72  82  -1   0  17 0.00  0.0    0  6.9 15  30   M    M   3        21  30
 2  91  71  81  -2   0  16 0.00  0.0    0  7.3 16  70   M    M   2        22 110
 3  93  65  79  -4   0  14 0.00  0.0    0  4.6 18  30   M    M   2        23  40
 4  95  64  80  -3   0  15 0.00  0.0    0  4.4 16  80   M    M   0 8      20  70
 5  99  70  85   2   0  20 0.00  0.0    0  4.0 15 120   M    M   0        17 120
 6  99  73  86   3   0  21 0.00  0.0    0  4.9 14 190   M    M   1        17 140
 7 100  76  88   5   0  23 0.00  0.0    0  6.9 18 130   M    M   1        24 120
 8 101  76  89   6   0  24 0.00  0.0    0  8.0 18 120   M    M   1 3      23 120
 9  96  72  84   1   0  19 0.00  0.0    0  6.7 20 170   M    M   1        25 170
10 100  72  86   3   0  21 0.00  0.0    0  5.3 16 140   M    M   1        20 140
11  97  77  87   4   0  22 0.00  0.0    0  4.7 30  10   M    M   1 3      36  20
12  96  70  83   0   0  18    T  0.0    0  4.4 16  70   M    M   2 3      21 270
13  98  64  81  -2   0  16 0.00  0.0    0  6.3 18  90   M    M   0 1      25 120
14  99  64  82  -1   0  17 0.00  0.0    0  6.2 20 100   M    M   0 8      28 120
15  98  65  82  -1   0  17 0.00  0.0    0  4.5 15 160   M    M   0        20 160
16 100  76  88   6   0  23 0.00  0.0    0  7.2 16 160   M    M   1        23 190
17  87  69  78  -4   0  13 1.13  0.0    0  6.0 32 300   M    M   4 13     42 320
18  90  69  80  -2   0  15 2.68  0.0    0  5.5 24 160   M    M   6 13     35 160
19  87  70  79  -3   0  14 0.10  0.0    0  4.8 18 150   M    M   4 13     24 140
20  92  72  82   0   0  17 0.00  0.0    0 10.0 21 160   M    M   1        29 140
================================================================================
SM 1910 1407         0 362  3.91     0.0 118.6          M       31
================================================================================
AV 95.5 70.3                               5.9 FASTST   M    M   2    MAX(MPH)
                                 MISC ---->  # 32 300               # 42  320
================================================================================
NOTES:
# LAST OF SEVERAL OCCURRENCES

COLUMN 17 PEAK WIND IN M.P.H.

PRELIMINARY LOCAL CLIMATOLOGICAL DATA (WS FORM: F-6) , PAGE 2

                                          STATION:  JUNCTION
                                          MONTH:    AUGUST
                                          YEAR:     2014
                                          LATITUDE:   30 18 N
                                          LONGITUDE:  99 28 W

[TEMPERATURE DATA]      [PRECIPITATION DATA]       SYMBOLS USED IN COLUMN 16

AVERAGE MONTHLY: 82.9   TOTAL FOR MONTH:   3.91    1 = FOG OR MIST
DPTR FM NORMAL:   0.2   DPTR FM NORMAL:    2.45    2 = FOG REDUCING VISIBILITY
HIGHEST:   101 ON  8    GRTST 24HR  2.78 ON 18-19      TO 1/4 MILE OR LESS
LOWEST:     64 ON 14,13                            3 = THUNDER
                        SNOW, ICE PELLETS, HAIL    4 = ICE PELLETS
                        TOTAL MONTH:   0.0 INCH    5 = HAIL
                        GRTST 24HR     0.0         6 = FREEZING RAIN OR DRIZZLE
                        GRTST DEPTH:   0           7 = DUSTSTORM OR SANDSTORM:
                                                       VSBY 1/2 MILE OR LESS
                                                   8 = SMOKE OR HAZE
[NO. OF DAYS WITH]      [WEATHER - DAYS WITH]      9 = BLOWING SNOW
                                                   X = TORNADO
MAX 32 OR BELOW:   0    0.01 INCH OR MORE:   3
MAX 90 OR ABOVE:  18    0.10 INCH OR MORE:   3
MIN 32 OR BELOW:   0    0.50 INCH OR MORE:   2
MIN  0 OR BELOW:   0    1.00 INCH OR MORE:   2

[HDD (BASE 65) ]
TOTAL THIS MO.     0    CLEAR  (SCALE 0-3)  16
DPTR FM NORMAL     0    PTCLDY (SCALE 4-7)   4
TOTAL FM JUL 1     0    CLOUDY (SCALE 8-10)  0
DPTR FM NORMAL     0

[CDD (BASE 65) ]
TOTAL THIS MO.   362
DPTR FM NORMAL     6    [PRESSURE DATA]
TOTAL FM JAN 1  1921    HIGHEST SLP M ON M
DPTR FM NORMAL   148    LOWEST  SLP 29.73 ON  7

[REMARKS]




U.S. Dept. of Commerce
NOAA National Weather Service
1325 East West Highway
Silver Spring, MD 20910
E-mail: w-nws.webmaster@noaa.gov
Page last modified: May 16, 2007
NATIONAL WEATHER SERVICE: for Safety, for Work, for Fun - FOR LIFE