499
CXUS54 KSJT 240900
CF6JCT
PRELIMINARY LOCAL CLIMATOLOGICAL DATA (WS FORM: F-6)

                                          STATION:   JUNCTION
                                          MONTH:     APRIL
                                          YEAR:      2014
                                          LATITUDE:   30 18 N
                                          LONGITUDE:  99 28 W

  TEMPERATURE IN F:       :PCPN:    SNOW:  WIND      :SUNSHINE: SKY     :PK WND
================================================================================
1   2   3   4   5  6A  6B    7    8   9   10  11  12  13   14  15   16   17  18
                                     12Z  AVG MX 2MIN
DY MAX MIN AVG DEP HDD CDD  WTR  SNW DPTH SPD SPD DIR MIN PSBL S-S WX    SPD DR
================================================================================

 1  86  62  74  11   0   9 0.00  0.0    0  9.9 21 170   M    M   3        27 150
 2  86  69  78  15   0  13 0.00  0.0    0  9.1 21 170   M    M   5        26 170
 3  93  61  77  14   0  12 0.08  0.0    0  6.0 24 260   M    M   2 138    38 300
 4  71  49  60  -4   5   0    T  0.0    0 11.7 25  10   M    M   2        33 350
 5  66  53  60  -4   5   0 0.00  0.0    0 10.1 23 110   M    M   7        26 110
 6  68  46  57  -7   8   0 0.03  0.0    0  6.5 20  40   M    M   7 138    24  50
 7  76  39  58  -6   7   0 0.02  0.0    0  6.4 32 290   M    M   2 13     46 280
 8  79  43  61  -3   4   0 0.00  0.0    0  8.1 21 320   M    M   0        28 320
 9  88  37  63  -2   2   0 0.00  0.0    0  8.0 20 170   M    M   0        24 200
10  93  60  77  12   0  12 0.00  0.0    0  8.3 22 210   M    M   0        30 210
11  93  57  75  10   0  10 0.00  0.0    0  7.2 17 170   M    M   0 1      24 170
12  87  62  75  10   0  10 0.00  0.0    0 10.4 22 170   M    M   2        27 170
13  80  60  70   4   0   5 0.05  0.0    0  8.1 17 120   M    M   6 1      24 190
14  67  44  56 -10   9   0 0.00  0.0    0 15.1 29  10   M    M   3 1      39  30
15  69  31  50 -16  15   0 0.00  0.0    0  4.6 15 160   M    M   0        21 160
16  74  44  59  -7   6   0 0.00  0.0    0 10.5 22 170   M    M   0        30 160
17  68  57  63  -3   2   0 0.00  0.0    0 10.1 20 180   M    M   9        27 170
18  82  60  71   4   0   6 0.00  0.0    0  5.7 15  90   M    M   5 1      18  80
19  78  56  67   0   0   2 0.00  0.0    0  9.3 18 150   M    M   3        24 140
20  73  64  69   2   0   4    T  0.0    0  7.6 20 180   M    M  10 1      26 170
21  93  63  78  11   0  13 0.20  0.0    0  9.3 21  60   M    M   5 3      25  60
22  86  57  72   4   0   7 0.00  0.0    0  5.9 16  90   M    M   0        19  70
23  91  60  76   8   0  11 0.00  0.0    0  9.7 23 160   M    M   0        34 140
================================================================================
SM 1847 1234        63 114  0.38     0.0 197.6          M       71
================================================================================
AV 80.3 53.7                               8.6 FASTST   M    M   3    MAX(MPH)
                                 MISC ---->  # 32 290               # 46  280
================================================================================
NOTES:
# LAST OF SEVERAL OCCURRENCES

COLUMN 17 PEAK WIND IN M.P.H.

PRELIMINARY LOCAL CLIMATOLOGICAL DATA (WS FORM: F-6) , PAGE 2

                                          STATION:  JUNCTION
                                          MONTH:    APRIL
                                          YEAR:     2014
                                          LATITUDE:   30 18 N
                                          LONGITUDE:  99 28 W

[TEMPERATURE DATA]      [PRECIPITATION DATA]       SYMBOLS USED IN COLUMN 16

AVERAGE MONTHLY: 67.0   TOTAL FOR MONTH:   0.38    1 = FOG OR MIST
DPTR FM NORMAL:   1.6   DPTR FM NORMAL:   -1.20    2 = FOG REDUCING VISIBILITY
HIGHEST:    93 ON 21,11 GRTST 24HR  0.20 ON 21-21      TO 1/4 MILE OR LESS
LOWEST:     31 ON 15                               3 = THUNDER
                        SNOW, ICE PELLETS, HAIL    4 = ICE PELLETS
                        TOTAL MONTH:   0.0 INCH    5 = HAIL
                        GRTST 24HR     0.0         6 = FREEZING RAIN OR DRIZZLE
                        GRTST DEPTH:   0           7 = DUSTSTORM OR SANDSTORM:
                                                       VSBY 1/2 MILE OR LESS
                                                   8 = SMOKE OR HAZE
[NO. OF DAYS WITH]      [WEATHER - DAYS WITH]      9 = BLOWING SNOW
                                                   X = TORNADO
MAX 32 OR BELOW:   0    0.01 INCH OR MORE:   5
MAX 90 OR ABOVE:   5    0.10 INCH OR MORE:   1
MIN 32 OR BELOW:   1    0.50 INCH OR MORE:   0
MIN  0 OR BELOW:   0    1.00 INCH OR MORE:   0

[HDD (BASE 65) ]
TOTAL THIS MO.    63    CLEAR  (SCALE 0-3)  13
DPTR FM NORMAL    -3    PTCLDY (SCALE 4-7)   8
TOTAL FM JUL 1  2404    CLOUDY (SCALE 8-10)  2
DPTR FM NORMAL   203

[CDD (BASE 65) ]
TOTAL THIS MO.   114
DPTR FM NORMAL    42    [PRESSURE DATA]
TOTAL FM JAN 1   157    HIGHEST SLP M ON M
DPTR FM NORMAL    45    LOWEST  SLP 29.46 ON 13

[REMARKS]




U.S. Dept. of Commerce
NOAA National Weather Service
1325 East West Highway
Silver Spring, MD 20910
E-mail: w-nws.webmaster@noaa.gov
Page last modified: May 16, 2007
NATIONAL WEATHER SERVICE: for Safety, for Work, for Fun - FOR LIFE