998
CXUS54 KSJT 081805
CF6JCT
PRELIMINARY LOCAL CLIMATOLOGICAL DATA (WS FORM: F-6)

                                          STATION:   JUNCTION
                                          MONTH:     NOVEMBER
                                          YEAR:      2014
                                          LATITUDE:   30 18 N
                                          LONGITUDE:  99 28 W

  TEMPERATURE IN F:       :PCPN:    SNOW:  WIND      :SUNSHINE: SKY     :PK WND
================================================================================
1   2   3   4   5  6A  6B    7    8   9   10  11  12  13   14  15   16   17  18
                                     12Z  AVG MX 2MIN
DY MAX MIN AVG DEP HDD CDD  WTR  SNW DPTH SPD SPD DIR MIN PSBL S-S WX    SPD DR
================================================================================

 1  73  37  55  -6  10   0 0.00  0.0    0  6.3 18 140   M    M   0        21 130
 2  71  51  61   1   4   0 0.00  0.0    0 11.0 23 160   M    M   6        31 160
 3  72  65  69   9   0   4 0.00  0.0    0 12.7 23 180   M    M  10        31 180
 4  71  55  63   3   2   0 0.69  0.0    0  9.6 23  50   M    M  10 1      29  30
 5  55  52  54  -5  11   0 0.92  0.0    0  8.2 15  30   M    M  10 1      20 360
 6  64  53  59   0   6   0    T  0.0    0  4.3 13  70   M    M   8        16  60
 7  71  51  61   2   4   0    T  0.0    0  3.9 13 220   M    M   3        18 250
 8  72  44  58   0   7   0 0.00  0.0    0  7.1 25  10   M    M   0 1      31  20
 9  75  36  56  -2   9   0 0.00  0.0    0  5.1 16 230   M    M   0 1      21 230
10  78  49  64   6   1   0 0.00  0.0    0 10.8 21 200   M    M   0        26 190
11  64  38  51  -6  14   0 0.00  0.0    0  9.8 23  10   M    M   0        30  30
12  47  32  40 -17  25   0    T  0.0    0 13.2 22  20   M    M   5        29  40
13  39  26  33 -23  32   0 0.00  0.0    0  9.9 18  20   M    M   7        24  10
14  50  26  38 -18  27   0 0.00  0.0    0  4.4 13 170   M    M   5        16 150
15  61  30  46 -10  19   0 0.00  0.0    0  5.5 21 200   M    M   5        30 200
16  59  28  44 -11  21   0    T  0.0    0  9.6 24 330   M    M   9 18     29 330
17  49  22  36 -19  29   0 0.00  0.0    0  6.4 20  10   M    M   1        28  20
18  55  22  39 -16  26   0 0.00  0.0    0  6.0 21 210   M    M   0 8      30 170
19  69  30  50  -4  15   0 0.00  0.0    0  6.4 17 220   M    M   0        23 210
20  73  34  54   0  11   0 0.00  0.0    0  4.8 18 200   M    M   2        26 200
21  75  47  61   7   4   0    T  0.0    0  6.5 22 170   M    M   6 12     26 170
22  74  54  64  11   1   0 0.11  0.0    0  9.9 21 210   M    M   7 13     29 180
23  79  42  61   8   4   0 0.00  0.0    0  7.6 22 290   M    M   0 1      34 280
24  61  32  47  -5  18   0 0.00  0.0    0  4.2 12 320   M    M   0 8      14 320
25  63  26  45  -7  20   0 0.00  0.0    0  4.3 16 250   M    M   0        20 260
26  74  29  52   0  13   0 0.00  0.0    0  4.4 15 310   M    M   0 8      22 270
27  68  30  49  -2  16   0 0.00  0.0    0  4.2 13 140   M    M   0 8      25 130
28  71  37  54   3  11   0 0.00  0.0    0  6.6 22 200   M    M   2        29 210
29  76  48  62  11   3   0 0.00  0.0    0  6.4 18 170   M    M   0        26 210
30  74  50  62  12   3   0 0.00  0.0    0  6.1 18 190   M    M   5        24 190
================================================================================
SM 1983 1176       366   4  1.72     0.0 215.2          M      101
================================================================================
AV 66.1 39.2                               7.2 FASTST   M    M   3    MAX(MPH)
                                 MISC ---->  # 25  10               # 34  280
================================================================================
NOTES:
# LAST OF SEVERAL OCCURRENCES

COLUMN 17 PEAK WIND IN M.P.H.

PRELIMINARY LOCAL CLIMATOLOGICAL DATA (WS FORM: F-6) , PAGE 2

                                          STATION:  JUNCTION
                                          MONTH:    NOVEMBER
                                          YEAR:     2014
                                          LATITUDE:   30 18 N
                                          LONGITUDE:  99 28 W

[TEMPERATURE DATA]      [PRECIPITATION DATA]       SYMBOLS USED IN COLUMN 16

AVERAGE MONTHLY: 52.7   TOTAL FOR MONTH:   1.72    1 = FOG OR MIST
DPTR FM NORMAL:  -2.9   DPTR FM NORMAL:   -0.17    2 = FOG REDUCING VISIBILITY
HIGHEST:    79 ON 23    GRTST 24HR  1.55 ON  4- 5      TO 1/4 MILE OR LESS
LOWEST:     22 ON 18,17                            3 = THUNDER
                        SNOW, ICE PELLETS, HAIL    4 = ICE PELLETS
                        TOTAL MONTH:   0.0 INCH    5 = HAIL
                        GRTST 24HR     0.0         6 = FREEZING RAIN OR DRIZZLE
                        GRTST DEPTH:   0           7 = DUSTSTORM OR SANDSTORM:
                                                       VSBY 1/2 MILE OR LESS
                                                   8 = SMOKE OR HAZE
[NO. OF DAYS WITH]      [WEATHER - DAYS WITH]      9 = BLOWING SNOW
                                                   X = TORNADO
MAX 32 OR BELOW:   0    0.01 INCH OR MORE:   3
MAX 90 OR ABOVE:   0    0.10 INCH OR MORE:   3
MIN 32 OR BELOW:  12    0.50 INCH OR MORE:   2
MIN  0 OR BELOW:   0    1.00 INCH OR MORE:   0

[HDD (BASE 65) ]
TOTAL THIS MO.   366    CLEAR  (SCALE 0-3)  16
DPTR FM NORMAL    70    PTCLDY (SCALE 4-7)   9
TOTAL FM JUL 1   386    CLOUDY (SCALE 8-10)  5
DPTR FM NORMAL     5

[CDD (BASE 65) ]
TOTAL THIS MO.     4
DPTR FM NORMAL   -10    [PRESSURE DATA]
TOTAL FM JAN 1  2720    HIGHEST SLP 30.53 ON 13
DPTR FM NORMAL   318    LOWEST  SLP 29.49 ON 23

[REMARKS]
#FINAL-11-14#




U.S. Dept. of Commerce
NOAA National Weather Service
1325 East West Highway
Silver Spring, MD 20910
E-mail: w-nws.webmaster@noaa.gov
Page last modified: May 16, 2007
NATIONAL WEATHER SERVICE: for Safety, for Work, for Fun - FOR LIFE