337
CXUS54 KMEG 010640
CF6JBR
PRELIMINARY LOCAL CLIMATOLOGICAL DATA (WS FORM: F-6)

                                          STATION:   JONESBORO
                                          MONTH:     NOVEMBER
                                          YEAR:      2014
                                          LATITUDE:   35 49 N
                                          LONGITUDE:  90 39 W

  TEMPERATURE IN F:       :PCPN:    SNOW:  WIND      :SUNSHINE: SKY     :PK WND
================================================================================
1   2   3   4   5  6A  6B    7    8   9   10  11  12  13   14  15   16   17  18
                                     12Z  AVG MX 2MIN
DY MAX MIN AVG DEP HDD CDD  WTR  SNW DPTH SPD SPD DIR MIN PSBL S-S WX    SPD DR
================================================================================

 1  51  31  41 -15  24   0 0.00  0.0    0  5.4 16  70   M    M   0        23  50
 2  56  29  43 -13  22   0 0.00  0.0    0  3.1 13 170   M    M   3        17 160
 3  69  39  54  -1  11   0 0.00  0.0    0  8.7 21 200   M    M   0        24 200
 4  63  49  56   1   9   0 0.66  0.0    0  7.4 17 210   M    M   7        23 210
 5  54  47  51  -3  14   0 0.38  0.0    0  3.1  8 230   M    M   8        12 320
 6  63  44  54   0  11   0 0.00  0.0    0  8.5 18 320   M    M   1        26 240
 7  54  35  45  -8  20   0 0.00  0.0    0  4.4 10 200   M    M   0        14  80
 8  62  40  51  -2  14   0 0.00  0.0    0  7.1 14  20   M    M   1        20 360
 9  59  34  47  -6  18   0 0.00  0.0    0  5.2 16 200   M    M   0        25 250
10  71  43  57   5   8   0 0.00  0.0    0 12.3 30 200   M    M   0        39 200
11  62  33  48  -4  17   0 0.01  0.0    0 10.1 23 280   M    M   7        31 330
12  39  31  35 -16  30   0 0.00  0.0    0  6.3 14  10   M    M   8        20  10
13  38  27  33 -18  32   0 0.00  0.0    0  7.8 17 290   M    M   2         M  M
14  36  23  30 -20  35   0 0.00  0.0    0  4.5 14  50   M    M   0        21  70
15  40  24  32 -18  33   0    T  0.0    0  4.8 10  40   M    M   3        14 140
16  39  33  36 -13  29   0 0.02  0.2    0  5.6 10 330   M    M  10        16 350
17  35  23  29 -20  36   0    T  0.1    T 10.8 21 290   M    M   4        26 280
18  36  19  28 -20  37   0 0.00  0.0    0  6.9 15 290   M    M   0        22 270
19  54  27  41  -7  24   0 0.00  0.0    0 12.4 28 230   M    M   0        35 230
20  49  27  38 -10  27   0 0.00  0.0    0  4.9 12  60   M    M   3        15  60
21  47  42  45  -2  20   0 0.04  0.0    0  8.5 16  60   M    M  10        20  60
22  67  42  55   8  10   0 0.00  0.0    0  7.1 21 170   M    M   6        25 180
23  62  45  54   8  11   0 0.78  0.0    0 10.6 23 210   M    M   8        31 200
24  61  42  52   6  13   0 0.00  0.0    0 14.5 33 250   M    M   2        44 240
25  48  30  39  -6  26   0 0.00  0.0    0  3.0 12 320   M    M   0        17 330
26  47  29  38  -7  27   0    T  0.0    0  5.8 17 290   M    M   3        25 280
27  46  30  38  -7  27   0 0.00  0.0    0  5.8 20 320   M    M   4        28 320
28  53  29  41  -3  24   0 0.00  0.0    0 10.7 23 210   M    M   0        28 200
29  64  47  56  12   9   0 0.00  0.0    0 18.3 29 210   M    M   6        37 200
30  72  61  67  24   0   2 0.00  0.0    0 18.4 31 210   M    M   7        40 210
================================================================================
SM 1597 1055       618   2  1.89     0.3 242.0          M      103
================================================================================
AV 53.2 35.2                               8.1 FASTST   M    M   3    MAX(MPH)
                                 MISC ---->  # 33 250               # 44  240
================================================================================
NOTES:
# LAST OF SEVERAL OCCURRENCES

COLUMN 17 PEAK WIND IN M.P.H.

PRELIMINARY LOCAL CLIMATOLOGICAL DATA (WS FORM: F-6) , PAGE 2

                                          STATION:  JONESBORO
                                          MONTH:    NOVEMBER
                                          YEAR:     2014
                                          LATITUDE:   35 49 N
                                          LONGITUDE:  90 39 W

[TEMPERATURE DATA]      [PRECIPITATION DATA]       SYMBOLS USED IN COLUMN 16

AVERAGE MONTHLY: 44.2   TOTAL FOR MONTH:   1.89    1 = FOG OR MIST
DPTR FM NORMAL:  -5.4   DPTR FM NORMAL:   -3.01    2 = FOG REDUCING VISIBILITY
HIGHEST:    72 ON 30    GRTST 24HR  0.78 ON 23-23      TO 1/4 MILE OR LESS
LOWEST:     19 ON 18                               3 = THUNDER
                        SNOW, ICE PELLETS, HAIL    4 = ICE PELLETS
                        TOTAL MONTH:   0.3 INCH    5 = HAIL
                        GRTST 24HR   0.2 ON   M    6 = FREEZING RAIN OR DRIZZLE
                        GRTST DEPTH:   T           7 = DUSTSTORM OR SANDSTORM:
                                                       VSBY 1/2 MILE OR LESS
                                                   8 = SMOKE OR HAZE
[NO. OF DAYS WITH]      [WEATHER - DAYS WITH]      9 = BLOWING SNOW
                                                   X = TORNADO
MAX 32 OR BELOW:   0    0.01 INCH OR MORE:   6
MAX 90 OR ABOVE:   0    0.10 INCH OR MORE:   3
MIN 32 OR BELOW:  14    0.50 INCH OR MORE:   2
MIN  0 OR BELOW:   0    1.00 INCH OR MORE:   0

[HDD (BASE 65) ]
TOTAL THIS MO.   618    CLEAR  (SCALE 0-3)  17
DPTR FM NORMAL   155    PTCLDY (SCALE 4-7)   9
TOTAL FM JUL 1   759    CLOUDY (SCALE 8-10)  4
DPTR FM NORMAL   109

[CDD (BASE 65) ]
TOTAL THIS MO.     2
DPTR FM NORMAL    -1    [PRESSURE DATA]
TOTAL FM JAN 1  1800    HIGHEST SLP M ON M
DPTR FM NORMAL   -27    LOWEST  SLP 29.31 ON 23

[REMARKS]
#FINAL-11-14#




U.S. Dept. of Commerce
NOAA National Weather Service
1325 East West Highway
Silver Spring, MD 20910
E-mail: w-nws.webmaster@noaa.gov
Page last modified: May 16, 2007
NATIONAL WEATHER SERVICE: for Safety, for Work, for Fun - FOR LIFE