542
CXUS54 KMEG 170639
CF6JBR
PRELIMINARY LOCAL CLIMATOLOGICAL DATA (WS FORM: F-6)

                                          STATION:   JONESBORO
                                          MONTH:     APRIL
                                          YEAR:      2014
                                          LATITUDE:   35 49 N
                                          LONGITUDE:  90 39 W

  TEMPERATURE IN F:       :PCPN:    SNOW:  WIND      :SUNSHINE: SKY     :PK WND
================================================================================
1   2   3   4   5  6A  6B    7    8   9   10  11  12  13   14  15   16   17  18
                                     12Z  AVG MX 2MIN
DY MAX MIN AVG DEP HDD CDD  WTR  SNW DPTH SPD SPD DIR MIN PSBL S-S WX    SPD DR
================================================================================

 1  73  48  61   6   4   0 0.00  0.0    0  5.3 18 200   M    M   3        22 200
 2  73  56  65   9   0   0 0.01  0.0    0  8.8 21 180   M    M   9 3      26 170
 3  81  61  71  15   0   6 0.02  0.0    0 20.1 35 200   M    M   4 3      41 190
 4  61  44  53  -3  12   0 1.50  0.0    0 11.7 25 290   M    M   2 13     33 300
 5  54  40  47 -10  18   0 0.00  0.0    0  7.3 17  70   M    M   1        21  70
 6  58  40  49  -8  16   0 0.04  0.0    0  8.7 15  60   M    M   4 1      18  60
 7  57  41  49  -8  16   0 0.26  0.0    0  8.9 21 310   M    M   7 1      26 320
 8  56  40  48 -10  17   0 0.21  0.0    0  6.4 17 290   M    M   5 3      25 280
 9  65  44  55  -3  10   0 0.00  0.0    0  7.1 16 230   M    M   0        21 210
10  77  49  63   5   2   0 0.00  0.0    0 15.7 31 200   M    M   0        39 190
11  76  59  68  10   0   3 0.00  0.0    0 12.2 23 220   M    M   1        39 220
12  77  57  67   8   0   2 0.00  0.0    0 13.2 30 200   M    M   1        38 200
13  75  59  67   8   0   2 1.29  0.0    0 17.6 31 200   M    M   7 13     39 190
14  59  41  50  -9  15   0 0.50  0.0    0  9.7 21 350   M    M   8 13     31 360
15  52  34  43 -17  22   0 0.00  0.0    0  7.6 18 350   M    M   1        26 330
16  58  33  46 -14  19   0 0.00  0.0    0  5.5 16 130   M    M   0        20 130
================================================================================
SM 1052  746       151  13  3.83     0.0 165.8          M       53
================================================================================
AV 65.8 46.6                              10.4 FASTST   M    M   3    MAX(MPH)
                                 MISC ---->  # 35 200               # 41  190
================================================================================
NOTES:
# LAST OF SEVERAL OCCURRENCES

COLUMN 17 PEAK WIND IN M.P.H.

PRELIMINARY LOCAL CLIMATOLOGICAL DATA (WS FORM: F-6) , PAGE 2

                                          STATION:  JONESBORO
                                          MONTH:    APRIL
                                          YEAR:     2014
                                          LATITUDE:   35 49 N
                                          LONGITUDE:  90 39 W

[TEMPERATURE DATA]      [PRECIPITATION DATA]       SYMBOLS USED IN COLUMN 16

AVERAGE MONTHLY: 56.2   TOTAL FOR MONTH:   3.83    1 = FOG OR MIST
DPTR FM NORMAL:  -1.5   DPTR FM NORMAL:    1.33    2 = FOG REDUCING VISIBILITY
HIGHEST:    81 ON  3    GRTST 24HR  1.79 ON 13-14      TO 1/4 MILE OR LESS
LOWEST:     33 ON 16                               3 = THUNDER
                        SNOW, ICE PELLETS, HAIL    4 = ICE PELLETS
                        TOTAL MONTH:   0.0 INCH    5 = HAIL
                        GRTST 24HR     0.0         6 = FREEZING RAIN OR DRIZZLE
                        GRTST DEPTH:   0           7 = DUSTSTORM OR SANDSTORM:
                                                       VSBY 1/2 MILE OR LESS
                                                   8 = SMOKE OR HAZE
[NO. OF DAYS WITH]      [WEATHER - DAYS WITH]      9 = BLOWING SNOW
                                                   X = TORNADO
MAX 32 OR BELOW:   0    0.01 INCH OR MORE:   8
MAX 90 OR ABOVE:   0    0.10 INCH OR MORE:   5
MIN 32 OR BELOW:   0    0.50 INCH OR MORE:   3
MIN  0 OR BELOW:   0    1.00 INCH OR MORE:   2

[HDD (BASE 65) ]
TOTAL THIS MO.   151    CLEAR  (SCALE 0-3)   8
DPTR FM NORMAL    16    PTCLDY (SCALE 4-7)   6
TOTAL FM JUL 1  4047    CLOUDY (SCALE 8-10)  2
DPTR FM NORMAL   492

[CDD (BASE 65) ]
TOTAL THIS MO.    13
DPTR FM NORMAL    -3    [PRESSURE DATA]
TOTAL FM JAN 1    13    HIGHEST SLP M ON M
DPTR FM NORMAL    -9    LOWEST  SLP 29.52 ON  7

[REMARKS]




U.S. Dept. of Commerce
NOAA National Weather Service
1325 East West Highway
Silver Spring, MD 20910
E-mail: w-nws.webmaster@noaa.gov
Page last modified: May 16, 2007
NATIONAL WEATHER SERVICE: for Safety, for Work, for Fun - FOR LIFE